{"id":2805,"date":"2024-10-15T11:39:00","date_gmt":"2024-10-15T09:39:00","guid":{"rendered":"https:\/\/blogs.uned.es\/youthactivisms\/?page_id=2805"},"modified":"2024-10-21T12:38:34","modified_gmt":"2024-10-21T10:38:34","slug":"session-texts","status":"publish","type":"page","link":"https:\/\/blogs.uned.es\/youthactivisms\/en\/session-texts\/","title":{"rendered":"Papers"},"content":{"rendered":"\t\t<div data-elementor-type=\"wp-page\" data-elementor-id=\"2805\" class=\"elementor elementor-2805\">\n\t\t\t\t\t\t<section class=\"elementor-section elementor-top-section elementor-element elementor-element-16c56eb elementor-section-boxed elementor-section-height-default elementor-section-height-default\" data-id=\"16c56eb\" data-element_type=\"section\" data-e-type=\"section\">\n\t\t\t\t\t\t<div class=\"elementor-container elementor-column-gap-default\">\n\t\t\t\t\t<div class=\"elementor-column elementor-col-100 elementor-top-column elementor-element elementor-element-8b79959\" data-id=\"8b79959\" data-element_type=\"column\" data-e-type=\"column\">\n\t\t\t<div class=\"elementor-widget-wrap elementor-element-populated\">\n\t\t\t\t\t\t<div class=\"elementor-element elementor-element-0153c93 elementor-widget elementor-widget-text-editor\" data-id=\"0153c93\" data-element_type=\"widget\" data-e-type=\"widget\" data-widget_type=\"text-editor.default\">\n\t\t\t\t<div class=\"elementor-widget-container\">\n\t\t\t\t\t\t\t\t\t<p><\/p>\n<p style=\"text-align: center\"><strong>Below, you can find the papers presented in each session. Simply click on the session of your choice to access the corresponding texts.\u00a0<\/strong><\/p>\n<p>&nbsp;<\/p>\n<p>&nbsp;<\/p>\n<p><a href=\"https:\/\/unedo365-my.sharepoint.com\/:f:\/g\/personal\/jbenedicto_poli_uned_es\/ElAKq2tRjeNPpVsfW6XydgIB1YH5eQBgZ6pygYxU_E3NqQ?e=B5iTMo\">PANEL A. ACTIVIST GENERATIONS: TRAJECTORIES AND ACTIVIST CAREERS ON MOVE\u00a0 \u00a0Session A.1 Chair: Roger Soler (U. Pompeu Fabra, Youth Activisms Project)\u00a0<\/a><\/p>\n<ul>\n<li>\u00a0New Youth, New Politics?\u00a0 The changing relationship between individual and collective dimensions and the rise of Everyday Participation\u00a0 &#8211; Luca Raffini. University of Genoa (Italy)\u00a0<\/li>\n<li>De lo Personal a lo Social: Factores que influyen en la Participaci\u00f3n Juvenil.\u00a0&#8211;\u00a0Lara Morcillo. Universitat de Girona (Spain)\u00a0<\/li>\n<li>When precariousness is subverted: young people\u2019s strategies to surmount the obstacles to political involvement\u00a0&#8211;\u00a0Myriam Aarab et al. Universidad Complutense Madrid (Spain)\u00a0<\/li>\n<li>La acci\u00f3n voluntaria de las personas j\u00f3venes en Cruz Roja Juventud\u00a0&#8211; Alessandro Gentile. Universidad de Zaragoza (Spain)\u00a0<\/li>\n<\/ul>\n<p><a href=\"https:\/\/unedo365-my.sharepoint.com\/:f:\/g\/personal\/jbenedicto_poli_uned_es\/EssRcMlZBGhGlCoa00nAMF8BFOko2oFgQhgpZt_Tl-ptbQ?e=FVmx8M\">PANEL B SOCIALIZATION AND MILITANTS ENGAGEMENTS: BETWEEN THE FORMAL AND THE INFORMAL. Sesion B.1. Chair: Gomer Betancor (UNED, Youth Activisms Project)\u00a0<\/a><\/p>\n<ul>\n<li>Aprendiendo en movimiento: la socializaci\u00f3n pol\u00edtica y eficacia colectiva entre los j\u00f3venes activistas en las huelgas clim\u00e1ticas\u00a0&#8211; Mart\u00edn Portos and Lorenzo Zamponi. Scuola Normale Superiore Pisa (Italy)\u00a0<\/li>\n<li>Movimientos sociales que irrumpen: Egosinton\u00edas y socializaciones aceleradas en activistas\u00a0&#8211;\u00a0Karla Enriquez. UC Louvain (Belgium)\u00a0<\/li>\n<li>De la rebeli\u00f3n ping\u00fcina al asalto institucional. Pol\u00edtica, cultura y generaciones en Chile 2006-2022\u00a0&#8211;\u00a0Oscar Aguilera. Universidad de Chile (Chile)\u00a0<\/li>\n<li>Stepping Stones: trayectorias pol\u00edticas de participantes en disturbios en el conflicto de Irlanda del Norte (1969-1998)\u00a0&#8211;\u00a0Alba Arenales. Scuola Normale Superiore Pisa (Italy)\u00a0<\/li>\n<\/ul>\n<p><a href=\"https:\/\/unedo365-my.sharepoint.com\/:f:\/g\/personal\/jbenedicto_poli_uned_es\/Ek8ojfGpACRHriRPOvVg1mYBaUfWhvm4oZ4-6LuPVmHHSw?e=1lvzD7\">\u00a0PANEL C. SOCIOPOLITICAL ENGAGEMENTS, PARTICIPATORY LOGICS AND SOCIAL MOVEMENTS Sesi\u00f3n C.1. Chair: Federico Rossi (UNED)\u00a0<\/a><\/p>\n<ul>\n<li>\u00a0Cambios estrat\u00e9gicos y generacionales en los movimientos sociales por el cambio clim\u00e1tico\u00a0&#8211;\u00a0Benjam\u00edn Tejerina. UPV\/EHU (Spain)\u00a0<\/li>\n<li>Youth Environmental Activism in post-2014 Egypt: Modalities of Expression, Strategies, Framings and Quest for a New Social Contract\u00a0&#8211;\u00a0Nadine Abdalla. The American University in Cairo (Egypt)\u00a0<\/li>\n<li>\u00a0Pol\u00edticas prefigurativas y nacionalismo subestatal. El caso de los j\u00f3venes activistas vascos\u00a0&#8211;\u00a0Iker Iraola et al. UPV\/EHU (Spain)\u00a0<\/li>\n<li>\u00a0Las derivas del #YoSoy132 en M\u00e9xico\u00a0&#8211;\u00a0Maricela Portillo. Universidad Iberoamericana (Spain)\u00a0<\/li>\n<\/ul>\n<p><a href=\"https:\/\/unedo365-my.sharepoint.com\/:f:\/g\/personal\/jbenedicto_poli_uned_es\/EvZmmS_MzPBCqeOTYKkyaXcBMpvCj_iPsSEHnlm2FJwmhg?e=Zi40Lt\">\u00a0PANEL D. NEW PRACTICES AND SUBJECTIVITIES: ACTIVISM, CREATITVITY AND POLITICS. Session D.1. Chair: Emma Gomez Nicolau (U.Jaume I, Youth Activisms Project)\u00a0\u00a0<\/a><\/p>\n<ul>\n<li>Youth and political transformations in Italy: youth activism in \u2018fragmented generations\u2019 \u00a0&#8211;\u00a0Lidia Lo Schiavo, Paola Rebughini. University of Messina \/ University of Milan (Italy)\u00a0<\/li>\n<li>Climate Change and Pro-Environmental Forms of Participation: Offline, Online and their Interaction\u00a0&#8211;\u00a0Francesco La Barbera. Federico II University of Napoli (Italy)\u00a0<\/li>\n<li>Arts of citizenship and hybrid formats of youth activism\u00a0&#8211;\u00a0Ricardo Campos. Universidade Nova de Lisboa (Portugal)\u00a0<\/li>\n<li>Youthful Subjectivities and Prospects of a Post Anthropocentric Social Imaginary\u00a0&#8211;\u00a0Judith Bessant. RMIT University, Melbourne (Australia)\u00a0<\/li>\n<\/ul>\n<p><a href=\"https:\/\/unedo365-my.sharepoint.com\/:f:\/g\/personal\/jbenedicto_poli_uned_es\/Eo-TfYkgxW9Bgzo0xlwcQuoBERGaBCM6QvHQYgBHDNoBJQ?e=bkTH4Y\">\u00a0PANEL A. ACTIVIST GENERATIONS: TRAJECTORIES AND ACTIVIST CAREERS ON MOVE. Session A.2. Chair: Josu\u00e9 Gutierrez (U. La Laguna, Youth Activisms Project)\u00a0<\/a><\/p>\n<ul>\n<li>\u00a0\u00bfLlegamos para quedarnos? Explorando el alcance en el largo plazo de la Movilizaci\u00f3n Estudiantil en Chile para la transformaci\u00f3n de la educaci\u00f3n y la sociedad.\u00a0&#8211;\u00a0Pablo Felipe Santibanez. Institute of Education at University College London (UK)\u00a0<\/li>\n<li>Juventud, cultura pol\u00edtica y democracia participativa a nivel local_ investigaci\u00f3n-acci\u00f3n con j\u00f3venes de la ciudad de Parla (Madrid)\u00a0&#8211;\u00a0Luis Arnanz et al. . Universidad Complutense de Madrid (Spain)\u00a0<\/li>\n<li>New tools to promote the participation of new generations\u00a0&#8211;\u00a0Stefania De Dominicis. University of Camerino (Italy)\u00a0<\/li>\n<li>Activismos Juveniles y Concepciones de Ciudadan\u00eda en la \u00daltima D\u00e9cada en Brasil\u00a0&#8211;\u00a0Frank Nilton Marcon. Universidad Federal De Sergipe (Brasil)\u00a0\u00a0<\/li>\n<\/ul>\n<p><a href=\"https:\/\/unedo365-my.sharepoint.com\/:f:\/g\/personal\/jbenedicto_poli_uned_es\/EoGLKlVhoBFDlM4KBGZImZsBLg3qw_bJvlvSp07anQ_Gkg?e=zDbYA8\">\u00a0PANEL C. SOCIOPOLITICAL ENGAGEMENTS, PARTICIPATORY LOGICS AND SOCIAL MOVEMENTS. Sesi\u00f3n C.2. Chair: Javier Gil (UNED, Youth Activisms Project)\u00a0<\/a><\/p>\n<ul>\n<li>\u00a0A relational account of young Australian strategic climate litigant\u2019s political subjectivities, 2020-24\u00a0&#8211;\u00a0Rob Watts. RMIT University, Melbourne (Australia\u00a0<\/li>\n<li>\u00a0Youth Union of Turkey: A Case Study on Frame Transformation and Member Commitment in Youth Mobilization\u00a0&#8211;\u00a0Alper \u00c7ak\u0131r. Charles University (Czech Republic)\u00a0<\/li>\n<li>Analyzing Responses to Anti-Semitism and Protests in Educational Institutions through Goffman&#8217;s Performance Theory\u00a0&#8211;\u00a0Christine Emeran. National Coalition Against Censorship, NY (USA)\u00a0<\/li>\n<li>Framing climate action: how American youth climate activists are turning to radical disruptive direct action tactics\u00a0&#8211;\u00a0Melanie Meunier. University of Strasbourg (France)\u00a0<\/li>\n<\/ul>\n<p><a href=\"https:\/\/unedo365-my.sharepoint.com\/:f:\/g\/personal\/jbenedicto_poli_uned_es\/EiGRf1doJoxDtd2a0Q-zGd4BnnAmsw6xVhQz1HEpV8Twwg?e=QSR3xh\">\u00a0PANEL B SOCIALIZATION AND MILITANTS ENGAGEMENTS: BETWEEN THE FORMAL AND THE INFORMAL. Session B.2. Chair: Francisco Fern\u00e1ndez-Trujillo (UNED, Youth Activisms Project)\u00a0<\/a><\/p>\n<ul>\n<li>\u00a0Las militancias o activismos sin estructura. Nuevas configuraciones de participaci\u00f3n juvenil\u00a0&#8211;\u00a0Ra\u00fal Zarzuri. Universidad Academia Humanismo Cristiano (Chile)\u00a0<\/li>\n<li>Resistencias desde los m\u00e1rgenes de la Pen\u00ednsula. J\u00f3venes de tradici\u00f3n musulmana frente a la creciente polarizaci\u00f3n en Ceuta\u00a0&#8211;\u00a0Cecilia Eseverri et al. Universidad Complutense Madrid (Spain)\u00a0<\/li>\n<li>Feminismos contempor\u00e1neos y militancia pol\u00edtica estudiantil: un estudio etnogr\u00e1fico sobre sus transformaciones pol\u00edticas y subjetivas en el contexto madrile\u00f1o.\u00a0&#8211;\u00a0Paloma Elvira. Centre of Discourse Studies, Barcelona (Spain)\u00a0<\/li>\n<li>La brecha de g\u00e9nero en la ambici\u00f3n pol\u00edtica. La actitud hacia la candidatura en lo miembros de las organizaciones juveniles de los partidos pol\u00edticos espa\u00f1oles\u00a0&#8211;\u00a0Francisco Javier Alarc\u00f3n. Universidad de Granada (Spain)\u00a0<\/li>\n<li>Emerging trends in youth politics. The liberal-conservative perspective\u00a0&#8211;\u00a0Rub\u00e9n D\u00edez. Universidad Complutense Madrid (Spain)\u00a0<\/li>\n<\/ul>\n<p><a href=\"https:\/\/unedo365-my.sharepoint.com\/:f:\/g\/personal\/jbenedicto_poli_uned_es\/EirhhCvG1hFOm3nRRM1eRmoBvBv60fy0Ymt3zYbeXTvtnA?e=p27brF\">\u00a0PANEL D. NEW PRACTICES AND SUBJECTIVITIES: ACTIVISM, CREATITVITY AND POLITICS. Session D.2. Chair: Juan Carlos Revilla (UCM, Youth Activisms Project)\u00a0<\/a><\/p>\n<ul>\n<li>\u00a0Singing the Discomfort: The Voices of Youth in the 2019 Chile Social Uprising\u00a0&#8211;\u00a0Daniela Fazio. University of Manchester (UK)\u00a0<\/li>\n<li>Gestures and performative activism in social movements\u00a0&#8211;\u00a0\u00d6zge Derman. \u00c9cole des Hautes \u00c9tudes en Sciences Sociales (France)\u00a0<\/li>\n<li>Carrying the Burden of the Future \u2013 Young Climate Activists in Amsterdam and the Emotional Labor of Activism\u00a0&#8211;\u00a0Linda Zoellner. University of Amsterdam (Netherlands)\u00a0<\/li>\n<li>Understanding young people\u2019s visual politics: the role of author and audience in climate protests\u00a0&#8211;\u00a0Michelle Catanzaro et al. Western Sydney University (Australia<span style=\"text-align: inherit;color: var( --e-global-color-text );background-color: inherit;font-size: 1.2em\">)<\/span><\/li>\n<\/ul>\n<p><\/p>\t\t\t\t\t\t\t\t<\/div>\n\t\t\t\t<\/div>\n\t\t\t\t\t<\/div>\n\t\t<\/div>\n\t\t\t\t\t<\/div>\n\t\t<\/section>\n\t\t\t\t<\/div>\n\t\t","protected":false},"excerpt":{"rendered":"<p>Below, you can find the papers presented in each session. Simply click on the session of your choice to access the corresponding texts.\u00a0 &nbsp; &nbsp; PANEL A. ACTIVIST GENERATIONS: TRAJECTORIES AND ACTIVIST CAREERS ON MOVE\u00a0 \u00a0Session A.1 Chair: Roger Soler (U. Pompeu Fabra, Youth Activisms Project)\u00a0 \u00a0New Youth, New Politics?\u00a0 The changing relationship between individual [&hellip;]<\/p>\n","protected":false},"author":7579,"featured_media":0,"parent":0,"menu_order":0,"comment_status":"closed","ping_status":"closed","template":"","meta":{"footnotes":""},"class_list":["post-2805","page","type-page","status-publish","czr-hentry"],"_links":{"self":[{"href":"https:\/\/blogs.uned.es\/youthactivisms\/wp-json\/wp\/v2\/pages\/2805","targetHints":{"allow":["GET"]}}],"collection":[{"href":"https:\/\/blogs.uned.es\/youthactivisms\/wp-json\/wp\/v2\/pages"}],"about":[{"href":"https:\/\/blogs.uned.es\/youthactivisms\/wp-json\/wp\/v2\/types\/page"}],"author":[{"embeddable":true,"href":"https:\/\/blogs.uned.es\/youthactivisms\/wp-json\/wp\/v2\/users\/7579"}],"replies":[{"embeddable":true,"href":"https:\/\/blogs.uned.es\/youthactivisms\/wp-json\/wp\/v2\/comments?post=2805"}],"version-history":[{"count":11,"href":"https:\/\/blogs.uned.es\/youthactivisms\/wp-json\/wp\/v2\/pages\/2805\/revisions"}],"predecessor-version":[{"id":2923,"href":"https:\/\/blogs.uned.es\/youthactivisms\/wp-json\/wp\/v2\/pages\/2805\/revisions\/2923"}],"wp:attachment":[{"href":"https:\/\/blogs.uned.es\/youthactivisms\/wp-json\/wp\/v2\/media?parent=2805"}],"curies":[{"name":"wp","href":"https:\/\/api.w.org\/{rel}","templated":true}]}}