{"id":11563,"date":"2022-09-19T09:56:49","date_gmt":"2022-09-19T09:56:49","guid":{"rendered":"https:\/\/blogs.uned.es\/plantillapruebas\/?page_id=11563"},"modified":"2025-06-10T09:37:06","modified_gmt":"2025-06-10T09:37:06","slug":"contacto","status":"publish","type":"page","link":"https:\/\/blogs.uned.es\/unioneuropea\/contacto\/","title":{"rendered":"Plan de Estudios"},"content":{"rendered":"\n<div class=\"wp-block-cover alignfull\" style=\"min-height:305px;aspect-ratio:unset;\"><img loading=\"lazy\" decoding=\"async\" width=\"1024\" height=\"222\" class=\"wp-block-cover__image-background wp-image-301\" alt=\"\" src=\"http:\/\/blogs.uned.es\/pruebasnuevaplantilla\/wp-content\/uploads\/sites\/391\/2019\/10\/contacto7-1024x222.jpg\" data-object-fit=\"cover\" srcset=\"https:\/\/blogs.uned.es\/unioneuropea\/wp-content\/uploads\/sites\/447\/2019\/10\/contacto7-1024x222.jpg 1024w, https:\/\/blogs.uned.es\/unioneuropea\/wp-content\/uploads\/sites\/447\/2019\/10\/contacto7-300x65.jpg 300w, https:\/\/blogs.uned.es\/unioneuropea\/wp-content\/uploads\/sites\/447\/2019\/10\/contacto7-768x166.jpg 768w, https:\/\/blogs.uned.es\/unioneuropea\/wp-content\/uploads\/sites\/447\/2019\/10\/contacto7-1536x333.jpg 1536w, https:\/\/blogs.uned.es\/unioneuropea\/wp-content\/uploads\/sites\/447\/2019\/10\/contacto7-2048x444.jpg 2048w\" sizes=\"auto, (max-width: 1024px) 100vw, 1024px\" \/><span aria-hidden=\"true\" class=\"wp-block-cover__background has-background-dim-0 has-background-dim\"><\/span><div class=\"wp-block-cover__inner-container is-layout-flow wp-block-cover-is-layout-flow\">\n<div class=\"wp-block-columns is-layout-flex wp-container-core-columns-is-layout-28f84493 wp-block-columns-is-layout-flex\">\n<div class=\"wp-block-column is-layout-flow wp-block-column-is-layout-flow\" style=\"flex-basis:50%\">\n<p class=\"has-text-align-right\" style=\"font-size:60px\"><\/p>\n<\/div>\n\n\n\n<div class=\"wp-block-column is-layout-flow wp-block-column-is-layout-flow\" style=\"flex-basis:50%\">\n<p><\/p>\n\n\n\n<p class=\"has-text-align-center has-background-color has-text-color\" style=\"font-size:75px\"><strong>Plan de Estudios<\/strong><\/p>\n<\/div>\n<\/div>\n<\/div><\/div>\n\n\n\n<div class=\"wp-block-columns is-layout-flex wp-container-core-columns-is-layout-28f84493 wp-block-columns-is-layout-flex\">\n<div class=\"wp-block-column is-layout-flow wp-block-column-is-layout-flow\" style=\"flex-basis:100%\">\n<p class=\"has-text-align-left\">En una primera parte del M\u00e1ster se impartir\u00e1n una serie de materias que permiten contextualizar el presupuesto de la UE, es decir, materias como el sistema institucional, el ordenamiento jur\u00eddico y las bases de la econom\u00eda pol\u00edtica de la UE donde profesionales, empresas y administraciones han de manejarse para comprender las normas, instituciones y orientaciones relacionadas con la gesti\u00f3n de las partidas dedicadas a financiar programas y proyectos. Tambi\u00e9n se abordan las diferentes fuentes de financiaci\u00f3n del presupuesto, y los instrumentos y programas financiados a trav\u00e9s del presupuesto de la UE en diversos \u00e1mbitos relacionados con la innovaci\u00f3n, la digitalizaci\u00f3n, el medioambiente, el cambio clim\u00e1tico, la formaci\u00f3n, la cultura, los asuntos sociales, etc. y la mayor\u00eda de ellos tienen denominador com\u00fan: la innovaci\u00f3n y el valor a\u00f1adido europeo.<\/p>\n\n\n\n<p class=\"has-text-align-left\">En la segunda parte se profundizar\u00e1n en los programas gestionados en entre las autoridades europeas, nacionales y auton\u00f3micas y los que se gestionan directamente desde la UE que com\u00fanmente se conocen como fondos de gesti\u00f3n directa o de iniciativa comunitaria. Se estudian los programas para reducir las disparidades entre las distintas regiones, con especial atenci\u00f3n a las zonas rurales, a las zonas afectadas por una transici\u00f3n industrial y a las regiones que padecen desventajas naturales o demogr\u00e1ficas graves y permanentes, p.e. los Fondos Estructurales y de Inversi\u00f3n Europeos, entre los que destacan, el FEDER, el FSE+, el Fondo de Cohesi\u00f3n &nbsp;y el Fondo de Transici\u00f3n Justa. Se estudiar\u00e1n todas las \u201cfases de la vida\u201d de los proyectos y programas, incidiendo en la presupuestaci\u00f3n, la programaci\u00f3n, el seguimiento, el control y la visibilidad, transparencia y comunicaci\u00f3n que han de regir las actuaciones desarrolladas por estos recursos p\u00fablicos.<\/p>\n\n\n\n<div style=\"height:11px\" aria-hidden=\"true\" class=\"wp-block-spacer ticss-83178733\"><\/div>\n<\/div>\n<\/div>\n\n\n\n<div class=\"wp-block-columns is-layout-flex wp-container-core-columns-is-layout-28f84493 wp-block-columns-is-layout-flex\">\n<div class=\"wp-block-column is-layout-flow wp-block-column-is-layout-flow\">\n<p><strong>Primer Bloque: <u>MARCO CONCEPTUAL: INTEGRACI\u00d3N EUROPEA E INSTITUCIONES<\/u><\/strong><\/p>\n\n\n\n<p><strong>I<\/strong><\/p>\n\n\n\n<p><strong>INTRODUCCI\u00d3N AL ORDENAMIENTO JUR\u00cdDICO DE LA UE<\/strong><\/p>\n\n\n\n<ol style=\"list-style-type:1\" class=\"wp-block-list\">\n<li>El Derecho originario<\/li>\n\n\n\n<li>El Derecho derivado.<\/li>\n\n\n\n<li>Derecho de la competencia: las ayudas de Estado.<\/li>\n\n\n\n<li>Normas de contrataci\u00f3n en la UE y trasposici\u00f3n al O.J. espa\u00f1ol.&nbsp;&nbsp;&nbsp;<\/li>\n<\/ol>\n\n\n\n<p><strong>INTRODUCCI\u00d3N A LA ECONOM\u00cdA POL\u00cdTICA EN LA UE<\/strong><\/p>\n\n\n\n<ol style=\"list-style-type:1\" class=\"wp-block-list\">\n<li>Estructura econ\u00f3mica de la UE.&nbsp;&nbsp;&nbsp;&nbsp;&nbsp;&nbsp;&nbsp;<\/li>\n\n\n\n<li>La Uni\u00f3n Econ\u00f3mica y Monetaria. El Banco Central Europeo.<\/li>\n\n\n\n<li>El Mercado \u00danico.<\/li>\n\n\n\n<li>La fiscalidad armonizada.<\/li>\n\n\n\n<li>La Europa de los consumidores&nbsp;&nbsp;&nbsp;&nbsp;&nbsp;&nbsp;&nbsp;&nbsp;<\/li>\n\n\n\n<li>Pol\u00edtica Comercial Com\u00fan<\/li>\n<\/ol>\n\n\n\n<p><strong>INTRODUCCI\u00d3N AL PRESUPUESTO DE LA UE<\/strong><\/p>\n\n\n\n<ol style=\"list-style-type:1\" class=\"wp-block-list\">\n<li>Evoluci\u00f3n hist\u00f3rica y perspectivas de futuro.&nbsp;&nbsp;&nbsp;&nbsp;&nbsp;&nbsp;&nbsp;&nbsp;&nbsp;&nbsp;<\/li>\n\n\n\n<li>Marco Financiero Plurianual<\/li>\n\n\n\n<li>Procedimiento decisorio<\/li>\n\n\n\n<li>La financiaci\u00f3n del presupuesto&nbsp;&nbsp;&nbsp;&nbsp;&nbsp;&nbsp;&nbsp;<\/li>\n\n\n\n<li>Las pol\u00edticas de gastos (inversiones)<\/li>\n\n\n\n<li>Control de gastos e ingresos<\/li>\n<\/ol>\n\n\n\n<p><strong>Segundo Bloque: <u>GESTION DE FUENTES DE FINANCIACI\u00d3N DE LA UE<\/u><\/strong><\/p>\n\n\n\n<p><strong>GESTI\u00d3N FINANCIERA Y OPERATIVA DE LOS FONDOS DE LA POL\u00cdTICA DE COHESI\u00d3N (FEDER, FONDO DE COHESI\u00d3N, FES+, FEADER, EL FONDO EUROPEO MAR\u00cdTIMO Y DE LA PESCA, FONDO DE TRANSICI\u00d3N JUSTA)&nbsp;&nbsp;&nbsp;&nbsp;<\/strong><\/p>\n\n\n\n<ol style=\"list-style-type:1\" class=\"wp-block-list\">\n<li>Normas generales y Enfoque estrat\u00e9gico. Objetivos y Gobernanza econ\u00f3mica.<\/li>\n\n\n\n<li>Implementaci\u00f3n de los Programas: planificaci\u00f3n, programaci\u00f3n y presupuestaci\u00f3n.<\/li>\n\n\n\n<li>Sistemas de gesti\u00f3n y control.<\/li>\n\n\n\n<li>Normas de admisibilidad: la ayuda financiera de los Fondos.<\/li>\n\n\n\n<li>Cuentas anuales, correcciones y liberaciones financieras.<\/li>\n\n\n\n<li>Control y verificaci\u00f3n de los flujos financieros.&nbsp;&nbsp;&nbsp;&nbsp;&nbsp;&nbsp;<\/li>\n\n\n\n<li>La gesti\u00f3n del riesgo de fraude.&nbsp;&nbsp;&nbsp;&nbsp;&nbsp;&nbsp;&nbsp;<\/li>\n\n\n\n<li>Seguimiento y evaluaci\u00f3n de proyectos y programas: EEMM y Comisi\u00f3n Europea.&nbsp;&nbsp;&nbsp;&nbsp;&nbsp;&nbsp;&nbsp;&nbsp;<\/li>\n\n\n\n<li>Visibilidad, transparencia y Comunicaci\u00f3n.<\/li>\n\n\n\n<li>Instrumentos de ingenier\u00eda financiera.<\/li>\n\n\n\n<li>Particularidades de la Cooperaci\u00f3n Territorial Europea.<\/li>\n<\/ol>\n\n\n\n<p><strong>GESTI\u00d3N FINANCIERA Y OPERATIVA DE LOS FONDOS PARA EL DESARROLLO RURAL: FEADER. EL ENFOQUE LEADER.<\/strong><\/p>\n\n\n\n<ol style=\"list-style-type:1\" class=\"wp-block-list\">\n<li>La planificaci\u00f3n, programaci\u00f3n y presupuestaci\u00f3n<\/li>\n\n\n\n<li>Sistemas de gesti\u00f3n y control. Flujos financieros.<\/li>\n\n\n\n<li>Seguimiento y Evaluaci\u00f3n.<\/li>\n\n\n\n<li>La gesti\u00f3n del riesgo de fraude en el FEADER.<\/li>\n\n\n\n<li>Visibilidad, transparencia y Comunicaci\u00f3n.<\/li>\n\n\n\n<li>LEADER. Los Grupos de Acci\u00f3n Local<\/li>\n<\/ol>\n\n\n\n<p>L<strong>A GESTION DE LOS PROGRAMAS PROPIOS DE LA UE Y FONDOS DE GESTI\u00d3N DIRECTA<\/strong><\/p>\n\n\n\n<ol style=\"list-style-type:1\" class=\"wp-block-list\">\n<li>Introducci\u00f3n a los Fondos de Gesti\u00f3n directa.<\/li>\n\n\n\n<li>Fondos de Gesti\u00f3n directa. El concepto de proyecto europeo.<\/li>\n\n\n\n<li>Programas de Innovaci\u00f3n y Transformaci\u00f3n digital<\/li>\n\n\n\n<li>Participaci\u00f3n de terceros pa\u00edses: Instrumento de Vecindad, Cooperaci\u00f3n al Desarrollo y Cooperaci\u00f3n Internacional &#8211; Europa global<\/li>\n\n\n\n<li>Programas Medioambientales y Cambio Clim\u00e1tico&nbsp;<\/li>\n\n\n\n<li>Programas de car\u00e1cter social (Formaci\u00f3n, Empleo, Educaci\u00f3n)<\/li>\n<\/ol>\n\n\n\n<p><strong>LA GESTI\u00d3N DE NUEVOS INSTRUMENTO<\/strong>S<\/p>\n\n\n\n<ol style=\"list-style-type:1\" class=\"wp-block-list\">\n<li>Next Generation UE y REACT UE: El Plan de Recuperaci\u00f3n, Transformaci\u00f3n y Resiliencia del Gobierno de Espa\u00f1a. Palancas del PRTR. Gesti\u00f3n por las Administraciones.<\/li>\n\n\n\n<li>Marco regulatorio vigente para el PRTR: Bases y principios para la gesti\u00f3n y control de los proyectos MRR.<\/li>\n\n\n\n<li>Sistemas de gesti\u00f3n y seguimiento de proyectos: enfoque al cumplimiento de hitos y objetivos. Informes de Gesti\u00f3n, Informes de Previsi\u00f3n y Certificados de cumplimiento de Hitos y Objetivos.<\/li>\n\n\n\n<li>Fraude, corrupci\u00f3n y conflictos de intereses: Plan de medidas y su adaptaci\u00f3n por las Entidades Ejecutoras.<\/li>\n\n\n\n<li>Ayudas de Estado y prevenci\u00f3n de la doble financiaci\u00f3n: prospecci\u00f3n de datos.<\/li>\n\n\n\n<li>Etiquetado verde, digital y principio DNSH.<\/li>\n\n\n\n<li>Comunicaci\u00f3n e informaci\u00f3n en el \u00e1mbito del MRR.<\/li>\n<\/ol>\n\n\n\n<p><strong>ASPECTOS PR\u00c1CTICOS EN LA APLICACI\u00d3N DE LOS INSTRUMENTOS FINANCIEROS.<\/strong><\/p>\n\n\n\n<ol style=\"list-style-type:1\" class=\"wp-block-list\">\n<li>Comunicaci\u00f3n y lobby en las Instituciones europeas<\/li>\n\n\n\n<li>Metodolog\u00eda de gesti\u00f3n de proyectos PM2<\/li>\n\n\n\n<li>Gesti\u00f3n de equipos complejos en la financiaci\u00f3n y gesti\u00f3n de proyectos : comunicaci\u00f3n y flujos de trabajo<\/li>\n<\/ol>\n\n\n\n<p><strong><u>TRABAJO FIN DE M\u00c1STER<\/u><\/strong><\/p>\n<\/div>\n<\/div>\n\n\n\n<div class=\"wp-block-group is-nowrap is-layout-flex wp-container-core-group-is-layout-6c531013 wp-block-group-is-layout-flex\"><\/div>\n","protected":false},"excerpt":{"rendered":"<p>En una primera parte del M\u00e1ster se impartir\u00e1n una serie de materias que permiten contextualizar el presupuesto de la UE, es decir, materias como el sistema institucional, el ordenamiento jur\u00eddico y las bases de la econom\u00eda pol\u00edtica de la UE donde profesionales, empresas y administraciones han de manejarse para comprender las normas, instituciones y orientaciones [&hellip;]<\/p>\n","protected":false},"author":1,"featured_media":0,"parent":0,"menu_order":0,"comment_status":"closed","ping_status":"closed","template":"","meta":{"footnotes":""},"class_list":["post-11563","page","type-page","status-publish","hentry"],"_links":{"self":[{"href":"https:\/\/blogs.uned.es\/unioneuropea\/wp-json\/wp\/v2\/pages\/11563","targetHints":{"allow":["GET"]}}],"collection":[{"href":"https:\/\/blogs.uned.es\/unioneuropea\/wp-json\/wp\/v2\/pages"}],"about":[{"href":"https:\/\/blogs.uned.es\/unioneuropea\/wp-json\/wp\/v2\/types\/page"}],"author":[{"embeddable":true,"href":"https:\/\/blogs.uned.es\/unioneuropea\/wp-json\/wp\/v2\/users\/1"}],"replies":[{"embeddable":true,"href":"https:\/\/blogs.uned.es\/unioneuropea\/wp-json\/wp\/v2\/comments?post=11563"}],"version-history":[{"count":10,"href":"https:\/\/blogs.uned.es\/unioneuropea\/wp-json\/wp\/v2\/pages\/11563\/revisions"}],"predecessor-version":[{"id":12037,"href":"https:\/\/blogs.uned.es\/unioneuropea\/wp-json\/wp\/v2\/pages\/11563\/revisions\/12037"}],"wp:attachment":[{"href":"https:\/\/blogs.uned.es\/unioneuropea\/wp-json\/wp\/v2\/media?parent=11563"}],"curies":[{"name":"wp","href":"https:\/\/api.w.org\/{rel}","templated":true}]}}