{"id":955,"date":"2022-02-06T19:13:23","date_gmt":"2022-02-06T18:13:23","guid":{"rendered":"https:\/\/blogs.uned.es\/spapruebas\/?page_id=955"},"modified":"2026-01-06T12:09:17","modified_gmt":"2026-01-06T11:09:17","slug":"portal-de-transparencia","status":"publish","type":"page","link":"https:\/\/blogs.uned.es\/spapruebas\/portal-de-transparencia\/","title":{"rendered":"Portal de transparencia"},"content":{"rendered":"<p>[et_pb_section fb_built=&#8221;1&#8243; admin_label=&#8221;About Hero&#8221; _builder_version=&#8221;4.4.2&#8243; background_color=&#8221;#00533e&#8221; use_background_color_gradient=&#8221;on&#8221; background_color_gradient_start=&#8221;rgba(0,0,0,0)&#8221; background_color_gradient_end=&#8221;#00533e&#8221; background_color_gradient_direction=&#8221;90deg&#8221; background_color_gradient_start_position=&#8221;30%&#8221; background_color_gradient_overlays_image=&#8221;on&#8221; background_image=&#8221;https:\/\/blogs.uned.es\/spapruebas\/wp-content\/uploads\/sites\/255\/2022\/01\/spa-bg.jpg&#8221; custom_padding=&#8221;100px|0px|100px|0px&#8221; animation_style=&#8221;slide&#8221; animation_direction=&#8221;top&#8221; animation_intensity_slide=&#8221;2%&#8221; locked=&#8221;off&#8221;][et_pb_row column_structure=&#8221;1_2,1_2&#8243; _builder_version=&#8221;3.25&#8243; background_size=&#8221;initial&#8221; background_position=&#8221;top_left&#8221; background_repeat=&#8221;repeat&#8221; custom_margin=&#8221;|||&#8221; custom_width_px=&#8221;1280px&#8221;][et_pb_column type=&#8221;1_2&#8243; _builder_version=&#8221;3.25&#8243; custom_padding=&#8221;|||&#8221; custom_padding__hover=&#8221;|||&#8221;][\/et_pb_column][et_pb_column type=&#8221;1_2&#8243; _builder_version=&#8221;3.25&#8243; custom_padding=&#8221;|||&#8221; custom_padding__hover=&#8221;|||&#8221;][et_pb_text _builder_version=&#8221;4.4.2&#8243; text_text_color=&#8221;#ffffff&#8221; header_text_color=&#8221;#ffffff&#8221;]<\/p>\n<h1 style=\"text-align: right\">Memorias de actividad<\/h1>\n<p>[\/et_pb_text][\/et_pb_column][\/et_pb_row][\/et_pb_section][et_pb_section fb_built=&#8221;1&#8243; admin_label=&#8221;Historia&#8221; _builder_version=&#8221;4.4.2&#8243; custom_padding=&#8221;50px|0px|50px|0px|false|false&#8221;][et_pb_row _builder_version=&#8221;4.4.2&#8243; width=&#8221;60%&#8221; max_width=&#8221;2560px&#8221;][et_pb_column type=&#8221;4_4&#8243; _builder_version=&#8221;4.4.2&#8243;][et_pb_text _builder_version=&#8221;4.4.2&#8243; text_text_color=&#8221;#000000&#8243; text_orientation=&#8221;left&#8221;]<\/p>\n<p>Memorias:<\/p>\n<ul>\n<li><a href=\"https:\/\/blogs.uned.es\/spapruebas\/wp-content\/uploads\/sites\/255\/2022\/02\/MEMORIA-SPA-2000.pdf\">2000<\/a><\/li>\n<li><a href=\"https:\/\/blogs.uned.es\/spapruebas\/wp-content\/uploads\/sites\/255\/2022\/02\/MEMORIA-2001.pdf\">2001<\/a><\/li>\n<li><a href=\"https:\/\/blogs.uned.es\/spapruebas\/wp-content\/uploads\/sites\/255\/2022\/02\/MEMORIA-SPA-2002.pdf\">2002<\/a><\/li>\n<li><a href=\"https:\/\/blogs.uned.es\/spapruebas\/wp-content\/uploads\/sites\/255\/2022\/02\/MEMORIA-SPA-2003.pdf\">2003<\/a><\/li>\n<li><a href=\"https:\/\/blogs.uned.es\/spapruebas\/wp-content\/uploads\/sites\/255\/2022\/02\/Memoria-Bianual-2004-2005.pdf\">2004 &#8211; 2005<\/a><\/li>\n<li><a href=\"https:\/\/blogs.uned.es\/spapruebas\/wp-content\/uploads\/sites\/255\/2022\/02\/Memoria-Bianual-2006-2007.pdf\">2006 &#8211; 2007<\/a><\/li>\n<li><a href=\"https:\/\/blogs.uned.es\/spapruebas\/wp-content\/uploads\/sites\/255\/2022\/02\/Memoria-Bianual-2008-2009.pdf\">2008 &#8211; 2009<\/a><\/li>\n<li><a href=\"https:\/\/blogs.uned.es\/spapruebas\/wp-content\/uploads\/sites\/255\/2022\/02\/Memoria-Bianual-2010-2011.pdf\">2010 &#8211; 2011<\/a><\/li>\n<li><a href=\"https:\/\/blogs.uned.es\/spapruebas\/wp-content\/uploads\/sites\/255\/2022\/02\/Memoria-Bianual-2012-2013.pdf\">2012 &#8211; 2013<\/a><\/li>\n<li><a href=\"https:\/\/blogs.uned.es\/spapruebas\/wp-content\/uploads\/sites\/255\/2022\/02\/Memoria-Bianual-2014-2015.pdf\">2014 &#8211; 2015<\/a><\/li>\n<li><a href=\"https:\/\/blogs.uned.es\/spapruebas\/wp-content\/uploads\/sites\/255\/2022\/02\/Memoria-Bianual-2016-2017.pdf\">2016 &#8211; 2017<\/a><\/li>\n<li><a href=\"https:\/\/blogs.uned.es\/spapruebas\/wp-content\/uploads\/sites\/255\/2022\/02\/MEMORIA-BIENAL-2018-2019.pdf\">2018 &#8211; 2019<\/a><\/li>\n<li><span data-sheets-root=\"1\">Disfruta de la mejor experiencia de juego desde cualquier lugar con <a href=\"https:\/\/malinacasino-app.es\/\">malina casino<\/a>, la plataforma que combina un dise\u00f1o vanguardista con una oferta de m\u00e1s de 6,000 slots. Nuestra versi\u00f3n m\u00f3vil est\u00e1 optimizada para ofrecerte fluidez y acceso instant\u00e1neo a los botes m\u00e1s grandes. \u00a1Reg\u00edstrate ahora, descarga nuestra interfaz y comienza a ganar con la comodidad que solo Malina te ofrece!<\/span><\/li>\n<\/ul>\n<p>[\/et_pb_text][\/et_pb_column][\/et_pb_row][\/et_pb_section]<\/p>\n","protected":false},"excerpt":{"rendered":"<p>[et_pb_section fb_built=&#8221;1&#8243; admin_label=&#8221;About Hero&#8221; _builder_version=&#8221;4.4.2&#8243; background_color=&#8221;#00533e&#8221; use_background_color_gradient=&#8221;on&#8221; background_color_gradient_start=&#8221;rgba(0,0,0,0)&#8221; background_color_gradient_end=&#8221;#00533e&#8221; background_color_gradient_direction=&#8221;90deg&#8221; background_color_gradient_start_position=&#8221;30%&#8221; background_color_gradient_overlays_image=&#8221;on&#8221; background_image=&#8221;https:\/\/blogs.uned.es\/spapruebas\/wp-content\/uploads\/sites\/255\/2022\/01\/spa-bg.jpg&#8221; custom_padding=&#8221;100px|0px|100px|0px&#8221; animation_style=&#8221;slide&#8221; animation_direction=&#8221;top&#8221; animation_intensity_slide=&#8221;2%&#8221; locked=&#8221;off&#8221;][et_pb_row column_structure=&#8221;1_2,1_2&#8243; _builder_version=&#8221;3.25&#8243; background_size=&#8221;initial&#8221; background_position=&#8221;top_left&#8221; background_repeat=&#8221;repeat&#8221; custom_margin=&#8221;|||&#8221; custom_width_px=&#8221;1280px&#8221;][et_pb_column type=&#8221;1_2&#8243; _builder_version=&#8221;3.25&#8243; custom_padding=&#8221;|||&#8221; custom_padding__hover=&#8221;|||&#8221;][\/et_pb_column][et_pb_column type=&#8221;1_2&#8243; _builder_version=&#8221;3.25&#8243; custom_padding=&#8221;|||&#8221; custom_padding__hover=&#8221;|||&#8221;][et_pb_text _builder_version=&#8221;4.4.2&#8243; text_text_color=&#8221;#ffffff&#8221; header_text_color=&#8221;#ffffff&#8221;] Memorias de actividad [\/et_pb_text][\/et_pb_column][\/et_pb_row][\/et_pb_section][et_pb_section fb_built=&#8221;1&#8243; admin_label=&#8221;Historia&#8221; _builder_version=&#8221;4.4.2&#8243; custom_padding=&#8221;50px|0px|50px|0px|false|false&#8221;][et_pb_row _builder_version=&#8221;4.4.2&#8243; width=&#8221;60%&#8221; max_width=&#8221;2560px&#8221;][et_pb_column type=&#8221;4_4&#8243; _builder_version=&#8221;4.4.2&#8243;][et_pb_text _builder_version=&#8221;4.4.2&#8243; text_text_color=&#8221;#000000&#8243; text_orientation=&#8221;left&#8221;] Memorias: 2000 2001 [&hellip;]<\/p>\n","protected":false},"author":7381,"featured_media":0,"parent":0,"menu_order":0,"comment_status":"closed","ping_status":"closed","template":"","meta":{"_et_pb_use_builder":"on","_et_pb_old_content":"","_et_gb_content_width":"","footnotes":""},"class_list":["post-955","page","type-page","status-publish","hentry"],"_links":{"self":[{"href":"https:\/\/blogs.uned.es\/spapruebas\/wp-json\/wp\/v2\/pages\/955","targetHints":{"allow":["GET"]}}],"collection":[{"href":"https:\/\/blogs.uned.es\/spapruebas\/wp-json\/wp\/v2\/pages"}],"about":[{"href":"https:\/\/blogs.uned.es\/spapruebas\/wp-json\/wp\/v2\/types\/page"}],"author":[{"embeddable":true,"href":"https:\/\/blogs.uned.es\/spapruebas\/wp-json\/wp\/v2\/users\/7381"}],"replies":[{"embeddable":true,"href":"https:\/\/blogs.uned.es\/spapruebas\/wp-json\/wp\/v2\/comments?post=955"}],"version-history":[{"count":10,"href":"https:\/\/blogs.uned.es\/spapruebas\/wp-json\/wp\/v2\/pages\/955\/revisions"}],"predecessor-version":[{"id":4243,"href":"https:\/\/blogs.uned.es\/spapruebas\/wp-json\/wp\/v2\/pages\/955\/revisions\/4243"}],"wp:attachment":[{"href":"https:\/\/blogs.uned.es\/spapruebas\/wp-json\/wp\/v2\/media?parent=955"}],"curies":[{"name":"wp","href":"https:\/\/api.w.org\/{rel}","templated":true}]}}