{"id":14589,"date":"2025-11-25T11:11:05","date_gmt":"2025-11-25T11:11:05","guid":{"rendered":"https:\/\/blogs.uned.es\/sistemadeinformacion\/?page_id=14589"},"modified":"2025-11-25T11:12:16","modified_gmt":"2025-11-25T11:12:16","slug":"anteriores","status":"publish","type":"page","link":"https:\/\/blogs.uned.es\/sistemadeinformacion\/anteriores\/","title":{"rendered":"Ediciones anteriores"},"content":{"rendered":"\t\t<div data-elementor-type=\"wp-page\" data-elementor-id=\"14589\" class=\"elementor elementor-14589\" data-elementor-post-type=\"page\">\n\t\t\t\t\t\t<section class=\"elementor-section elementor-top-section elementor-element elementor-element-712c595 elementor-section-boxed elementor-section-height-default elementor-section-height-default\" data-id=\"712c595\" data-element_type=\"section\" data-e-type=\"section\">\n\t\t\t\t\t\t<div class=\"elementor-container elementor-column-gap-default\">\n\t\t\t\t\t<div class=\"elementor-column elementor-col-100 elementor-top-column elementor-element elementor-element-d7a500d\" data-id=\"d7a500d\" data-element_type=\"column\" data-e-type=\"column\">\n\t\t\t<div class=\"elementor-widget-wrap elementor-element-populated\">\n\t\t\t\t\t\t<div class=\"elementor-element elementor-element-1f0cbd5 elementor-widget elementor-widget-text-editor\" data-id=\"1f0cbd5\" data-element_type=\"widget\" data-e-type=\"widget\" data-widget_type=\"text-editor.default\">\n\t\t\t\t<div class=\"elementor-widget-container\">\n\t\t\t\t\t\t\t\t\t<p>En esta p\u00e1gina se incluye la informaci\u00f3n sobre ediciones anteriores. Se puede consultar por curso acad\u00e9mico:<\/p><ul><li><strong><a href=\"https:\/\/blogs.uned.es\/sistemadeinformacion\/edicion-2024-2025\/\">Edici\u00f3n 2024\/2025<\/a><\/strong> (2\u00aa edici\u00f3n)<\/li><li><a href=\"https:\/\/blogs.uned.es\/sistemadeinformacion\/edicion-2023-2024\/\"><strong>Edici\u00f3n 2023\/2024<\/strong><\/a> (1\u00aa edici\u00f3n)<\/li><\/ul>\t\t\t\t\t\t\t\t<\/div>\n\t\t\t\t<\/div>\n\t\t\t\t\t<\/div>\n\t\t<\/div>\n\t\t\t\t\t<\/div>\n\t\t<\/section>\n\t\t\t\t<\/div>\n\t\t","protected":false},"excerpt":{"rendered":"<p>En esta p\u00e1gina se incluye la informaci\u00f3n sobre ediciones anteriores. Se puede consultar por curso acad\u00e9mico: Edici\u00f3n 2024\/2025 (2\u00aa edici\u00f3n) Edici\u00f3n 2023\/2024 (1\u00aa edici\u00f3n)<\/p>\n","protected":false},"author":7621,"featured_media":0,"parent":0,"menu_order":0,"comment_status":"closed","ping_status":"closed","template":"blanco-jsr","meta":{"footnotes":""},"class_list":["post-14589","page","type-page","status-publish","hentry"],"_links":{"self":[{"href":"https:\/\/blogs.uned.es\/sistemadeinformacion\/wp-json\/wp\/v2\/pages\/14589","targetHints":{"allow":["GET"]}}],"collection":[{"href":"https:\/\/blogs.uned.es\/sistemadeinformacion\/wp-json\/wp\/v2\/pages"}],"about":[{"href":"https:\/\/blogs.uned.es\/sistemadeinformacion\/wp-json\/wp\/v2\/types\/page"}],"author":[{"embeddable":true,"href":"https:\/\/blogs.uned.es\/sistemadeinformacion\/wp-json\/wp\/v2\/users\/7621"}],"replies":[{"embeddable":true,"href":"https:\/\/blogs.uned.es\/sistemadeinformacion\/wp-json\/wp\/v2\/comments?post=14589"}],"version-history":[{"count":4,"href":"https:\/\/blogs.uned.es\/sistemadeinformacion\/wp-json\/wp\/v2\/pages\/14589\/revisions"}],"predecessor-version":[{"id":14597,"href":"https:\/\/blogs.uned.es\/sistemadeinformacion\/wp-json\/wp\/v2\/pages\/14589\/revisions\/14597"}],"wp:attachment":[{"href":"https:\/\/blogs.uned.es\/sistemadeinformacion\/wp-json\/wp\/v2\/media?parent=14589"}],"curies":[{"name":"wp","href":"https:\/\/api.w.org\/{rel}","templated":true}]}}