{"id":11785,"date":"2023-08-09T11:20:37","date_gmt":"2023-08-09T11:20:37","guid":{"rendered":"https:\/\/blogs.uned.es\/sistemadeinformacion\/?page_id=11785"},"modified":"2025-11-25T12:51:09","modified_gmt":"2025-11-25T12:51:09","slug":"edicion-2024-2025","status":"publish","type":"page","link":"https:\/\/blogs.uned.es\/sistemadeinformacion\/edicion-2024-2025\/","title":{"rendered":"Edici\u00f3n 2024\/2025"},"content":{"rendered":"\t\t<div data-elementor-type=\"wp-page\" data-elementor-id=\"11785\" class=\"elementor elementor-11785\" data-elementor-post-type=\"page\">\n\t\t\t\t\t\t<section class=\"elementor-section elementor-top-section elementor-element elementor-element-712c595 elementor-section-boxed elementor-section-height-default elementor-section-height-default\" data-id=\"712c595\" data-element_type=\"section\" data-e-type=\"section\">\n\t\t\t\t\t\t<div class=\"elementor-container elementor-column-gap-default\">\n\t\t\t\t\t<div class=\"elementor-column elementor-col-100 elementor-top-column elementor-element elementor-element-d7a500d\" data-id=\"d7a500d\" data-element_type=\"column\" data-e-type=\"column\">\n\t\t\t<div class=\"elementor-widget-wrap elementor-element-populated\">\n\t\t\t\t\t\t<div class=\"elementor-element elementor-element-1f0cbd5 elementor-widget elementor-widget-text-editor\" data-id=\"1f0cbd5\" data-element_type=\"widget\" data-e-type=\"widget\" data-widget_type=\"text-editor.default\">\n\t\t\t\t<div class=\"elementor-widget-container\">\n\t\t\t\t\t\t\t\t\t<p><span style=\"color: #000000\"><strong>DATOS B\u00c1SICOS<\/strong><\/span><\/p><ul><li><strong>T\u00edtulo:<\/strong>\u00a0Diploma de Experto Universitario.<\/li><li><strong>Denominaci\u00f3n:<\/strong>\u00a0Responsable del Sistema de Informaci\u00f3n sobre Infracciones de Derecho (Ley 2\/2023 y canales de denuncia).<\/li><li><strong>Periodo de impartici\u00f3n:<\/strong>\u00a0de diciembre a mayo.<\/li><li><strong>N\u00famero de cr\u00e9ditos:<\/strong>\u00a020 ECTS.<\/li><li><strong>Metodolog\u00eda de ense\u00f1anza:<\/strong>\u00a0a distancia.<\/li><li><strong>Precio de matr\u00edcula:<\/strong>\u00a0740 \u20ac<\/li><li><strong>Calificaciones:<\/strong>\u00a0apto, no apto o no presentado.<\/li><\/ul><p><strong>Equipo directivo:<\/strong><\/p><ul><li><a href=\"https:\/\/blogs.uned.es\/sistemadeinformacion\/javier-sierra-rodriguez\/\">Javier Sierra Rodr\u00edguez<\/a>.\u00a0<\/li><li><a href=\"https:\/\/blogs.uned.es\/sistemadeinformacion\/joaquin-meseguer-yebra\/\">Joaqu\u00edn Meseguer Yebra<\/a>.\u00a0<\/li><li><a href=\"https:\/\/www.uned.es\/universidad\/docentes\/derecho\/mariano-jorge-melendo-pardos.html\">Mariano Melendo Pardos<\/a><\/li><\/ul><p><strong>Profesorado UNED:<\/strong><\/p><ul><li><a href=\"https:\/\/blogs.uned.es\/sistemadeinformacion\/jordi-gimeno-bevia\/\">Jordi Gimeno Bevi\u00e1<\/a>.<\/li><li><a href=\"https:\/\/www.uned.es\/universidad\/docentes\/derecho\/leyre-burguera-ameave.html\">Leyre Burguera Ameave<\/a>.<\/li><li><a href=\"https:\/\/www.uned.es\/universidad\/docentes\/derecho\/daniel-capodiferro-cubero.html\">Daniel Capodiferro Cubero<\/a>.<\/li><li><a href=\"https:\/\/blogs.uned.es\/sistemadeinformacion\/alfredo-linan-lafuente\/\">Alfredo Li\u00f1\u00e1n Lafuente<\/a>.<\/li><li><a href=\"https:\/\/www.uned.es\/universidad\/docentes\/derecho\/amalia-balaguer-perez.html\">Amalia Balaguer P\u00e9rez<\/a>.<\/li><\/ul><p><strong>Profesorado externo:<\/strong><br \/>T\u00e9cnicos de agencias y oficinas antifraude de las Comunidades Aut\u00f3nomas, responsables de\u00a0<em>compliance<\/em>\u00a0de organizaciones y expertos en la materia.<\/p><p style=\"margin-top: 0cm;background: white\"><span style=\"color: #ff0000;font-family: -apple-system, BlinkMacSystemFont, 'Segoe UI', Roboto, 'Helvetica Neue', Arial, 'Noto Sans', sans-serif, 'Apple Color Emoji', 'Segoe UI Emoji', 'Segoe UI Symbol', 'Noto Color Emoji';font-weight: bold\">PROGRAMA DE SESIONES CELEBRADAS EN EL CURSO 2024\/2025.<\/span><span style=\"font-family: Arial, sans-serif;color: #000000\"><br \/><\/span><\/p><h3><span style=\"color: #000000\"><strong>BLOQUE INTRODUCTORIO<\/strong><\/span><\/h3><p><span style=\"color: #000000\"><strong>Sesi\u00f3n 1. Presentaci\u00f3n. Esquema de sistemas. El sistema interno.<\/strong><\/span><\/p><ul><li><span style=\"color: #000000\">Lunes 16 de diciembre de 2024. <span style=\"color: #ff0000\">18:00 h.<\/span><\/span><\/li><li><span style=\"color: #000000\"><span style=\"color: #000000\">18:00 h. Bienvenida. Presentaci\u00f3n del programa, metodolog\u00eda y sistema de evaluaci\u00f3n<br \/>Docente: <b>Joaqu\u00edn Meseguer Yebra<\/b>. <em>Director adjunto del programa de estudios<\/em><\/span><\/span><\/li><li><span style=\"color: #000000\">19:00 h. Esquema de sistemas. El canal interno.<\/span><br \/><span style=\"color: #000000\">Docente: <b>Javier Sierra Rodr\u00edguez<\/b>.\u00a0<br \/><i>Profesor de Derecho Constitucional. UNED.<\/i><\/span><\/li><\/ul><p><span style=\"color: #000000\"><strong>Sesi\u00f3n 2. El canal externo y la autoridad de protecci\u00f3n de informantes.<\/strong> <strong>Revelaci\u00f3n p\u00fablica y libertad de informaci\u00f3n. <\/strong><\/span><\/p><ul><li><span style=\"color: #000000\"><span style=\"color: #000000\">Jueves 19 de diciembre de 2024.<\/span><\/span><\/li><li><span style=\"color: #000000\"><span style=\"color: #000000\">18:00 h. Canal externo y autoridad de protecci\u00f3n de informantes.<br \/>Docente: <b>Javier Sierra Rodr\u00edguez<\/b>.\u00a0<br \/><i>Profesor de Derecho Constitucional. UNED.<\/i><\/span><\/span><\/li><li><span style=\"color: #000000\">19:00 h. Revelaci\u00f3n p\u00fablica y libertad de informaci\u00f3n.<\/span><br \/><span style=\"color: #000000\">Docente:\u00a0<span style=\"font-weight: bold\">Daniel Capodiferro Cubero<\/span>.\u00a0<br \/><i>Profesor de Derecho Constitucional. UNED.<\/i><\/span><\/li><\/ul><p><span style=\"color: #000000\"><em>(descanso Navidad)<\/em><\/span><\/p><p><span style=\"color: #000000\"><strong>Sesi\u00f3n 3. \u00c1mbito material y personal.<\/strong><\/span><\/p><ul><li><span style=\"color: #000000\">Jueves, 9 de enero de 2025.\u00a0<\/span><span style=\"color: #ff0000\">19:00 h.<\/span><\/li><li><span style=\"color: #000000\">Docente:\u00a0<span style=\"font-weight: bold\">Andrea Garrido Juncal.<\/span>\u00a0<em>Profesora de Derecho Administrativo de la Universidad de Santiago de Compostela<\/em><\/span><i>.<\/i><\/li><\/ul><h3><span style=\"color: #000000\"><strong>BLOQUE: LA GESTI\u00d3N DE COMUNICACIONES EN LOS SISTEMAS INTERNOS<\/strong><\/span><\/h3><p><span style=\"color: #000000\"><strong>Sesi\u00f3n 4. Pol\u00edticas y procedimientos.<\/strong><\/span><\/p><ul><li><span style=\"color: #000000\">Jueves 16 de enero de 2025.\u00a0<\/span><span style=\"color: #ff0000\">19:00 h.<\/span><\/li><li><span style=\"color: #000000\">Docente: <b>Ignacio S\u00e1ez Hidalgo.<\/b> <em>Letrado.<\/em> <i>Asesor Jur\u00eddico de la Junta de Castilla y Le\u00f3n.<\/i><\/span><\/li><\/ul><p><span style=\"color: #000000\"><strong>Sesi\u00f3n 5. Ciclo de vida de las comunicaciones en los sistemas internos.<\/strong><\/span><\/p><ul><li><span style=\"color: #000000\">Jueves, 23 de enero de 2025.\u00a0<\/span><span style=\"color: #ff0000\">19:00 h.<br \/><\/span><\/li><li><span style=\"color: #000000\">Docente: <b>Elisenda Escoda Ruanes.<\/b> <i>Oficina Antifraude de Catalunya.<\/i><\/span><\/li><\/ul><p><span style=\"color: #000000\"><strong>Sesi\u00f3n 6. La admisi\u00f3n\/inadmisi\u00f3n de comunicaciones en los sistemas internos.<\/strong><\/span><\/p><ul><li><span style=\"color: #000000\">Jueves, 30 de enero de 2025.\u00a0<\/span><span style=\"color: #ff0000\">19:00 h.<\/span><\/li><li><span style=\"color: #000000\">Docente: <b>Mar\u00eda Teresa Gallardo L\u00f3pez.<\/b> Jefa de la Asesor\u00eda Jur\u00eddica de la Oficina Antifraude de Andaluc\u00eda.<\/span><\/li><\/ul><p><span style=\"color: #000000\"><strong>Sesi\u00f3n 7. La instrucci\u00f3n en los sistemas internos: posibilidades, medios y cautelas.<\/strong><\/span><\/p><ul><li><span style=\"color: #000000\">Jueves, 13 de febrero de 2025.\u00a0<\/span><span style=\"color: #ff0000\">17:00 h.<\/span><\/li><li><span style=\"color: #000000\">Docente: <strong>Jos\u00e9 Le\u00f3n Alapont<\/strong>. <em>Profesor Titular de Derecho Penal de la Universitat de Valencia.<\/em><\/span><\/li><\/ul><p><span style=\"color: #000000\"><strong>Sesi\u00f3n 8. La terminaci\u00f3n del procedimiento de gesti\u00f3n. Consecuencias y posibilidades. Remisi\u00f3n a otros \u00f3rganos y autoridades. <\/strong><\/span><\/p><ul><li><span style=\"color: #000000\">Jueves, 20 de febrero de 2025.\u00a0<\/span><span style=\"color: #ff0000\">19:00 h.<\/span><\/li><li><span style=\"color: #000000\">Docente: <strong>Margarita Paraj\u00f3 Calvo<\/strong>. <em>Titular de la Asesor\u00eda Jur\u00eddica del Ayuntamiento de Vigo. Experta en materia de canales de denuncia y protecci\u00f3n de informantes.<\/em><\/span><\/li><\/ul><h3><span style=\"color: #000000\"><strong>BLOQUE: <\/strong><strong>PROBLEM\u00c1TICAS EN EL \u00c1MBITO PENAL, ADMINISTRATIVO Y LABORAL<\/strong><\/span><\/h3><p><span style=\"color: #000000\"><strong>Sesi\u00f3n 9. Activaci\u00f3n de los mecanismos de protecci\u00f3n de informantes. Posibilidades de protecci\u00f3n. <\/strong><\/span><\/p><ul><li><span style=\"color: #000000\"><span style=\"color: #000000\"><span style=\"color: #000000\">Jueves, 27 de febrero de 2025.<\/span><\/span><\/span><p><span style=\"color: #000000\"><strong>18 a 19 h. Parte I.<\/strong> Condiciones de protecci\u00f3n y prohibici\u00f3n de represalias. Aplicaci\u00f3n a las personas afectadas. Vigencia y forma de obtener el apoyo.\u00a0<\/span><\/p><p><span style=\"color: #000000\">Docente: <strong>Alejandro Madariaga Venegas<\/strong>. <em>Oficina Antifraude de Catalu\u00f1a<\/em><\/span><\/p><p><span style=\"color: #000000\"><strong>19 a 20 h. Parte II.<\/strong> Medidas \u201cactivas\u201d de apoyo\u00a0y autoridades competentes, cl\u00e1usulas de responsabilidad, y exenci\u00f3n y atenuaci\u00f3n de la sanci\u00f3n.<\/span><\/p><p><span style=\"color: #000000\">Docente: <strong>Mar\u00eda Elena Lacalle Serer<\/strong>. <em>Agencia Valenciana Antifraude<\/em><\/span><\/p><\/li><\/ul><p><span style=\"color: #000000\"><strong>Sesi\u00f3n 10. Protecci\u00f3n de datos y transparencia. <\/strong><\/span><\/p><ul><li><span style=\"color: #000000\">Jueves, 13 de marzo de 2025.<\/span><\/li><li><span style=\"color: #000000\">18-19 h. Protecci\u00f3n de Datos<br \/>Docente: <b>Miguel Furi\u00f3<\/b>. <i>Agencia Valenciana Antifraude<\/i><\/span><\/li><li><span style=\"color: #000000\">19-20 h. La transparencia en los sistemas y autoridades externas<br \/>Docente: <strong>Joaqu\u00edn Meseguer Yebra<\/strong>. <em>Director adjunto del Diploma de experto<\/em>.<\/span><\/li><\/ul><p><span style=\"color: #000000\"><strong><span style=\"color: #000000\">Sesi\u00f3n 11. Cues<\/span>tiones procesales-penales<\/strong>.<\/span><\/p><ul><li><span style=\"color: #000000\">Jueves, 20 de marzo de 2025.\u00a0<\/span><\/li><li><span style=\"color: #000000\">18 h. Cuestiones procesales penales.<\/span><br \/><span style=\"color: #000000\"> Docente: <strong>Alfredo Li\u00f1\u00e1n Lafuente<\/strong>. <em>Profesor Titular de Derecho Penal de la UNED<\/em><\/span><\/li><li><span style=\"color: #000000\">19 h. Aspectos procesales de la protecci\u00f3n al informante<\/span><br \/><span style=\"color: #000000\">Docente:<strong> Jordi Gimeno Bevi\u00e1<\/strong>. <em>Profesor Titular de Derecho Procesal de la UNED<\/em><\/span><\/li><\/ul><p><span style=\"color: #000000\"><strong>Sesi\u00f3n 12. Cuestiones problem\u00e1ticas desde el Derecho Administrativo: Buena administraci\u00f3n y derecho al procedimiento administrativo debido en la Ley 2\/2023.<\/strong><\/span><\/p><ul><li><span style=\"color: #000000\">Jueves, 27 de marzo de 2025.\u00a019:00 h.<\/span><\/li><li><span style=\"color: #000000\">Docente: <b>Juli Ponce Sol\u00e9.<\/b><i> <br \/>Catedr\u00e1tico de Derecho Administrativo de la Universidad de Barcelona.<\/i><\/span><\/li><\/ul><p><span style=\"color: #000000\"><strong>Sesi\u00f3n 13. R\u00e9gimen sancionador de la Ley 2\/2023. <\/strong><\/span><\/p><ul><li><span style=\"color: #000000\">Jueves 3 de abril de 2025.\u00a019:00 h.<\/span><\/li><li><span style=\"color: #000000\">Docente: <strong>Oscar Capdeferro Villagrasa.<\/strong> <em>Profesor de Derecho Administrativo de la Universidad de Barcelona.<\/em><\/span><\/li><\/ul><p><span style=\"color: #000000\"><strong>Sesi\u00f3n 14 y 15. R\u00e9gimen disciplinario y relaci\u00f3n de trabajo en la Ley 2\/2023.<\/strong><\/span><\/p><p><span style=\"color: #000000\"><span style=\"color: #000000\">Jueves 10 de abril de 2025. <\/span><\/span><\/p><ul><li><span style=\"color: #000000\"><strong>18 h. &#8211; 19 h. \u00a0PARTE I.<\/strong> R\u00e9gimen disciplinario y relaci\u00f3n laboral en la Ley 2\/2023.\u00a0<\/span><span style=\"color: #000000\">Docente: <strong>Salvador del Rey Guanter<\/strong>. <em>Catedr\u00e1tico de Derecho del Trabajo y de la Seguridad Social. ESADE Law School. <\/em>\u00a0 <\/span><\/li><li><span style=\"color: #000000\"><strong>19 h. &#8211; 20 h.\u00a0 PARTE II.<\/strong> R\u00e9gimen disciplinario de empleados p\u00fablicos. <\/span><span style=\"color: #000000\">Docente: <strong>Humberto Gos\u00e1lvez Peque\u00f1o<\/strong>. <em>Catedr\u00e1tico de Derecho Administrativo de la Universidad de C\u00f3rdoba.<\/em><\/span><\/li><\/ul><p><span style=\"color: #000000\"><strong style=\"font-family: var( --e-global-typography-text-font-family ), Sans-serif;font-size: 1rem\">Seminario online de fin de curso: <a href=\"https:\/\/blogs.uned.es\/sistemadeinformacion\/seminario-de-integridad-y-proteccion-de-informantes\/\">ACCESO AL PROGRAMA<\/a><\/strong><\/span><\/p><ul><li><span style=\"font-family: var( --e-global-typography-text-font-family ), Sans-serif;font-size: 1rem;color: #000000\"><span style=\"font-family: var( --e-global-typography-text-font-family ), Sans-serif;font-size: 1rem;color: #000000\"><strong>Fechas:<\/strong> 13 y 14 de mayo de 2025<\/span><\/span><\/li><li><strong style=\"font-family: var( --e-global-typography-text-font-family ), Sans-serif;font-size: 1rem\">Modalidad:<\/strong><span style=\"font-family: var( --e-global-typography-text-font-family ), Sans-serif;font-weight: var( --e-global-typography-text-font-weight );font-size: 1rem\"> presencial y online<\/span><\/li><li><span style=\"color: #000000\"><span style=\"color: #000000\"><strong>Participantes:<\/strong> actividad abierta al p\u00fablico en general previa inscripci\u00f3n<\/span><\/span><p>M\u00c1S INFORMACI\u00d3N: <a href=\"https:\/\/blogs.uned.es\/sistemadeinformacion\/seminario-de-integridad-y-proteccion-de-informantes\/\"><b>PINCHE AQU\u00cd<\/b><\/a><\/p><\/li><\/ul>\t\t\t\t\t\t\t\t<\/div>\n\t\t\t\t<\/div>\n\t\t\t\t\t<\/div>\n\t\t<\/div>\n\t\t\t\t\t<\/div>\n\t\t<\/section>\n\t\t\t\t<\/div>\n\t\t","protected":false},"excerpt":{"rendered":"<p>DATOS B\u00c1SICOS T\u00edtulo:\u00a0Diploma de Experto Universitario. Denominaci\u00f3n:\u00a0Responsable del Sistema de Informaci\u00f3n sobre Infracciones de Derecho (Ley 2\/2023 y canales de denuncia). Periodo de impartici\u00f3n:\u00a0de diciembre a mayo. N\u00famero de cr\u00e9ditos:\u00a020 ECTS. Metodolog\u00eda de ense\u00f1anza:\u00a0a distancia. Precio de matr\u00edcula:\u00a0740 \u20ac Calificaciones:\u00a0apto, no apto o no presentado. Equipo directivo: Javier Sierra Rodr\u00edguez.\u00a0 Joaqu\u00edn Meseguer Yebra.\u00a0 Mariano Melendo [&hellip;]<\/p>\n","protected":false},"author":7621,"featured_media":0,"parent":0,"menu_order":0,"comment_status":"closed","ping_status":"closed","template":"blanco-jsr","meta":{"footnotes":""},"class_list":["post-11785","page","type-page","status-publish","hentry"],"_links":{"self":[{"href":"https:\/\/blogs.uned.es\/sistemadeinformacion\/wp-json\/wp\/v2\/pages\/11785","targetHints":{"allow":["GET"]}}],"collection":[{"href":"https:\/\/blogs.uned.es\/sistemadeinformacion\/wp-json\/wp\/v2\/pages"}],"about":[{"href":"https:\/\/blogs.uned.es\/sistemadeinformacion\/wp-json\/wp\/v2\/types\/page"}],"author":[{"embeddable":true,"href":"https:\/\/blogs.uned.es\/sistemadeinformacion\/wp-json\/wp\/v2\/users\/7621"}],"replies":[{"embeddable":true,"href":"https:\/\/blogs.uned.es\/sistemadeinformacion\/wp-json\/wp\/v2\/comments?post=11785"}],"version-history":[{"count":367,"href":"https:\/\/blogs.uned.es\/sistemadeinformacion\/wp-json\/wp\/v2\/pages\/11785\/revisions"}],"predecessor-version":[{"id":14635,"href":"https:\/\/blogs.uned.es\/sistemadeinformacion\/wp-json\/wp\/v2\/pages\/11785\/revisions\/14635"}],"wp:attachment":[{"href":"https:\/\/blogs.uned.es\/sistemadeinformacion\/wp-json\/wp\/v2\/media?parent=11785"}],"curies":[{"name":"wp","href":"https:\/\/api.w.org\/{rel}","templated":true}]}}