{"id":11563,"date":"2022-09-19T09:56:49","date_gmt":"2022-09-19T09:56:49","guid":{"rendered":"https:\/\/blogs.uned.es\/plantillapruebas\/?page_id=11563"},"modified":"2024-10-04T09:18:26","modified_gmt":"2024-10-04T09:18:26","slug":"contacto","status":"publish","type":"page","link":"https:\/\/blogs.uned.es\/sistemadeinformacion\/contacto\/","title":{"rendered":"Contacto"},"content":{"rendered":"\t\t<div data-elementor-type=\"wp-page\" data-elementor-id=\"11563\" class=\"elementor elementor-11563\" data-elementor-post-type=\"page\">\n\t\t\t\t\t\t<section class=\"elementor-section elementor-top-section elementor-element elementor-element-44e4a8a elementor-section-boxed elementor-section-height-default elementor-section-height-default\" data-id=\"44e4a8a\" data-element_type=\"section\" data-e-type=\"section\">\n\t\t\t\t\t\t<div class=\"elementor-container elementor-column-gap-default\">\n\t\t\t\t\t<div class=\"elementor-column elementor-col-100 elementor-top-column elementor-element elementor-element-b784481\" data-id=\"b784481\" data-element_type=\"column\" data-e-type=\"column\">\n\t\t\t<div class=\"elementor-widget-wrap elementor-element-populated\">\n\t\t\t\t\t\t<div class=\"elementor-element elementor-element-45749cc elementor-widget elementor-widget-text-editor\" data-id=\"45749cc\" data-element_type=\"widget\" data-e-type=\"widget\" data-widget_type=\"text-editor.default\">\n\t\t\t\t<div class=\"elementor-widget-container\">\n\t\t\t\t\t\t\t\t\t<p><span style=\"color: #000000\"><strong>MATRICULACI\u00d3N:<\/strong><\/span><\/p>\n<p><span style=\"color: #000000\">Informaci\u00f3n y acceso a la solicitud en:<\/span> <a href=\"https:\/\/formacionpermanente.uned.es\/tp_actividad\/actividad\/responsable-del-sistema-de-informacion-sobre-infracciones-de-derecho\">FORMACI\u00d3N PERMANENTE<\/a><\/p>\n<p><span style=\"color: #000000\"><strong>CONSULTAS SOBRE MATRICULACI\u00d3N Y CUESTIONES ADMINISTRATIVAS<\/strong><\/span><\/p>\n<ul>\n<li><span style=\"color: #000000\"><strong>Tel\u00e9fonos:<\/strong> 91 386 72 75\/ 1592<\/span><\/li>\n<li><span style=\"color: #000000\"><strong>E-mail:<\/strong> bsaez@fundacion.uned.es<\/span><\/li>\n<\/ul>\n<p><span style=\"color: #000000\"><strong>CONSULTAS SOBRE CONTENIDOS Y ORGANIZACI\u00d3N DEL T\u00cdTULO:<\/strong><\/span><\/p>\n<ul>\n<li><span style=\"color: #000000\"><strong>Persona de contacto:<\/strong> Javier Sierra Rodr\u00edguez<\/span><\/li>\n<li><span style=\"color: #000000\"><strong>E-mail:<\/strong> javier.sierra@der.uned.es<\/span><\/li>\n<li><span style=\"color: #000000\"><strong>Direcci\u00f3n postal (para env\u00edos):<\/strong> Facultad de Derecho &#8211; UNED. c\/ Obispo Trejo, 2 (Dpto. D\u00ba Constitucional) &#8211; 28040 Madrid<\/span><\/li>\n<\/ul>\t\t\t\t\t\t\t\t<\/div>\n\t\t\t\t<\/div>\n\t\t\t\t\t<\/div>\n\t\t<\/div>\n\t\t\t\t\t<\/div>\n\t\t<\/section>\n\t\t\t\t<\/div>\n\t\t","protected":false},"excerpt":{"rendered":"<p>MATRICULACI\u00d3N: Informaci\u00f3n y acceso a la solicitud en: FORMACI\u00d3N PERMANENTE CONSULTAS SOBRE MATRICULACI\u00d3N Y CUESTIONES ADMINISTRATIVAS Tel\u00e9fonos: 91 386 72 75\/ 1592 E-mail: bsaez@fundacion.uned.es CONSULTAS SOBRE CONTENIDOS Y ORGANIZACI\u00d3N DEL T\u00cdTULO: Persona de contacto: Javier Sierra Rodr\u00edguez E-mail: javier.sierra@der.uned.es Direcci\u00f3n postal (para env\u00edos): Facultad de Derecho &#8211; UNED. c\/ Obispo Trejo, 2 (Dpto. D\u00ba Constitucional) [&hellip;]<\/p>\n","protected":false},"author":1,"featured_media":0,"parent":0,"menu_order":0,"comment_status":"closed","ping_status":"closed","template":"blanco-jsr","meta":{"footnotes":""},"class_list":["post-11563","page","type-page","status-publish","hentry"],"_links":{"self":[{"href":"https:\/\/blogs.uned.es\/sistemadeinformacion\/wp-json\/wp\/v2\/pages\/11563","targetHints":{"allow":["GET"]}}],"collection":[{"href":"https:\/\/blogs.uned.es\/sistemadeinformacion\/wp-json\/wp\/v2\/pages"}],"about":[{"href":"https:\/\/blogs.uned.es\/sistemadeinformacion\/wp-json\/wp\/v2\/types\/page"}],"author":[{"embeddable":true,"href":"https:\/\/blogs.uned.es\/sistemadeinformacion\/wp-json\/wp\/v2\/users\/1"}],"replies":[{"embeddable":true,"href":"https:\/\/blogs.uned.es\/sistemadeinformacion\/wp-json\/wp\/v2\/comments?post=11563"}],"version-history":[{"count":16,"href":"https:\/\/blogs.uned.es\/sistemadeinformacion\/wp-json\/wp\/v2\/pages\/11563\/revisions"}],"predecessor-version":[{"id":14049,"href":"https:\/\/blogs.uned.es\/sistemadeinformacion\/wp-json\/wp\/v2\/pages\/11563\/revisions\/14049"}],"wp:attachment":[{"href":"https:\/\/blogs.uned.es\/sistemadeinformacion\/wp-json\/wp\/v2\/media?parent=11563"}],"curies":[{"name":"wp","href":"https:\/\/api.w.org\/{rel}","templated":true}]}}