{"id":15,"date":"2019-10-09T10:29:38","date_gmt":"2019-10-09T08:29:38","guid":{"rendered":"http:\/\/blogs.uned.es\/simposioceamsoic\/?page_id=15"},"modified":"2023-05-18T15:17:26","modified_gmt":"2023-05-18T13:17:26","slug":"inicio","status":"publish","type":"page","link":"https:\/\/blogs.uned.es\/simposioceamsoic\/","title":{"rendered":"Inicio"},"content":{"rendered":"\t\t<div data-elementor-type=\"wp-page\" data-elementor-id=\"15\" class=\"elementor elementor-15\">\n\t\t\t\t\t\t<section class=\"elementor-section elementor-top-section elementor-element elementor-element-648e023 elementor-section-stretched elementor-section-height-min-height elementor-section-content-middle elementor-section-boxed elementor-section-height-default elementor-section-items-middle\" data-id=\"648e023\" data-element_type=\"section\" data-e-type=\"section\" data-settings=\"{&quot;stretch_section&quot;:&quot;section-stretched&quot;,&quot;background_background&quot;:&quot;classic&quot;}\">\n\t\t\t\t\t\t<div class=\"elementor-container elementor-column-gap-default\">\n\t\t\t\t\t<div class=\"elementor-column elementor-col-50 elementor-top-column elementor-element elementor-element-2c56c9a\" data-id=\"2c56c9a\" data-element_type=\"column\" data-e-type=\"column\">\n\t\t\t<div class=\"elementor-widget-wrap elementor-element-populated\">\n\t\t\t\t\t\t<div class=\"elementor-element elementor-element-9dbee3b logoPortada animated-slow elementor-invisible elementor-widget elementor-widget-image\" data-id=\"9dbee3b\" data-element_type=\"widget\" data-e-type=\"widget\" data-settings=\"{&quot;_animation&quot;:&quot;fadeIn&quot;,&quot;_animation_delay&quot;:&quot;200&quot;}\" data-widget_type=\"image.default\">\n\t\t\t\t<div class=\"elementor-widget-container\">\n\t\t\t\t\t\t\t\t\t\t\t\t\t\t\t<img decoding=\"async\" width=\"250\" height=\"116\" src=\"https:\/\/blogs.uned.es\/simposioceamsoic\/wp-content\/uploads\/sites\/387\/2022\/10\/logo-e1666349570271.png\" class=\"attachment-large size-large wp-image-571\" alt=\"\" \/>\t\t\t\t\t\t\t\t\t\t\t\t\t\t\t<\/div>\n\t\t\t\t<\/div>\n\t\t\t\t\t<\/div>\n\t\t<\/div>\n\t\t\t\t<div class=\"elementor-column elementor-col-50 elementor-top-column elementor-element elementor-element-05169e9\" data-id=\"05169e9\" data-element_type=\"column\" data-e-type=\"column\">\n\t\t\t<div class=\"elementor-widget-wrap elementor-element-populated\">\n\t\t\t\t\t\t<div class=\"elementor-element elementor-element-e7ce4e7 tituloSitioPortada elementor-widget elementor-widget-heading\" data-id=\"e7ce4e7\" data-element_type=\"widget\" data-e-type=\"widget\" data-widget_type=\"heading.default\">\n\t\t\t\t<div class=\"elementor-widget-container\">\n\t\t\t\t\t<h1 class=\"elementor-heading-title elementor-size-xxl\">II Simposio Conjunto de los Grupos Tem\u00e1ticos de CEA<\/h1>\t\t\t\t<\/div>\n\t\t\t\t<\/div>\n\t\t\t\t<div class=\"elementor-element elementor-element-1d76a33 maquinaEscribirPortada elementor-widget elementor-widget-writing-effect-headline\" data-id=\"1d76a33\" data-element_type=\"widget\" data-e-type=\"widget\" data-widget_type=\"writing-effect-headline.default\">\n\t\t\t\t<div class=\"elementor-widget-container\">\n\t\t\t\t\t\t\t<h2 class=\"a13ree-written-headline\" data-speed=\"21\" data-loop=\"1\">\r\n\t\t\t\r\n\t\t\t            <span class=\"written-lines elementor-screen-only\">Ingenier\u00eda de Control\nModelado, Simulaci\u00f3n y Optimizaci\u00f3n<\/span>\r\n\t\t\t\r\n\t\t\t\t\t<\/h2>\r\n\t\t\t\t\t\t<\/div>\n\t\t\t\t<\/div>\n\t\t\t\t\t<\/div>\n\t\t<\/div>\n\t\t\t\t\t<\/div>\n\t\t<\/section>\n\t\t\t\t<section class=\"elementor-section elementor-top-section elementor-element elementor-element-ef2780b elementor-section-boxed elementor-section-height-default elementor-section-height-default\" data-id=\"ef2780b\" data-element_type=\"section\" data-e-type=\"section\">\n\t\t\t\t\t\t<div class=\"elementor-container elementor-column-gap-extended\">\n\t\t\t\t\t<div class=\"elementor-column elementor-col-33 elementor-top-column elementor-element elementor-element-facd656\" data-id=\"facd656\" data-element_type=\"column\" data-e-type=\"column\">\n\t\t\t<div class=\"elementor-widget-wrap elementor-element-populated\">\n\t\t\t\t\t\t<div class=\"elementor-element elementor-element-4a811d5 elementor-widget elementor-widget-image\" data-id=\"4a811d5\" data-element_type=\"widget\" data-e-type=\"widget\" data-widget_type=\"image.default\">\n\t\t\t\t<div class=\"elementor-widget-container\">\n\t\t\t\t\t\t\t\t\t\t\t\t\t\t\t\t<a href=\"#\">\n\t\t\t\t\t\t\t<img fetchpriority=\"high\" decoding=\"async\" width=\"800\" height=\"533\" src=\"https:\/\/blogs.uned.es\/simposioceamsoic\/wp-content\/uploads\/sites\/387\/2022\/10\/schedule2-1024x682.png\" class=\"attachment-large size-large wp-image-821\" alt=\"\" srcset=\"https:\/\/blogs.uned.es\/simposioceamsoic\/wp-content\/uploads\/sites\/387\/2022\/10\/schedule2-1024x682.png 1024w, https:\/\/blogs.uned.es\/simposioceamsoic\/wp-content\/uploads\/sites\/387\/2022\/10\/schedule2-300x200.png 300w, https:\/\/blogs.uned.es\/simposioceamsoic\/wp-content\/uploads\/sites\/387\/2022\/10\/schedule2-768x512.png 768w, https:\/\/blogs.uned.es\/simposioceamsoic\/wp-content\/uploads\/sites\/387\/2022\/10\/schedule2-1536x1024.png 1536w, https:\/\/blogs.uned.es\/simposioceamsoic\/wp-content\/uploads\/sites\/387\/2022\/10\/schedule2.png 2000w\" sizes=\"(max-width: 800px) 100vw, 800px\" \/>\t\t\t\t\t\t\t\t<\/a>\n\t\t\t\t\t\t\t\t\t\t\t\t\t\t\t<\/div>\n\t\t\t\t<\/div>\n\t\t\t\t<div class=\"elementor-element elementor-element-c068a42 elementor-widget elementor-widget-heading\" data-id=\"c068a42\" data-element_type=\"widget\" data-e-type=\"widget\" data-widget_type=\"heading.default\">\n\t\t\t\t<div class=\"elementor-widget-container\">\n\t\t\t\t\t<h5 class=\"elementor-heading-title elementor-size-default\"><a href=\"https:\/\/blogs.uned.es\/simposioceamsoic\/informacion\/\">Programa<\/a><\/h5>\t\t\t\t<\/div>\n\t\t\t\t<\/div>\n\t\t\t\t<div class=\"elementor-element elementor-element-f8a0c53 elementor-widget elementor-widget-text-editor\" data-id=\"f8a0c53\" data-element_type=\"widget\" data-e-type=\"widget\" data-widget_type=\"text-editor.default\">\n\t\t\t\t<div class=\"elementor-widget-container\">\n\t\t\t\t\t\t\t\t\t<p style=\"text-align: center\"><a href=\"https:\/\/blogs.uned.es\/simposioceamsoic\/informacion\/\">Accede al programa provisional<\/a><\/p>\t\t\t\t\t\t\t\t<\/div>\n\t\t\t\t<\/div>\n\t\t\t\t\t<\/div>\n\t\t<\/div>\n\t\t\t\t<div class=\"elementor-column elementor-col-33 elementor-top-column elementor-element elementor-element-28a8314\" data-id=\"28a8314\" data-element_type=\"column\" data-e-type=\"column\">\n\t\t\t<div class=\"elementor-widget-wrap elementor-element-populated\">\n\t\t\t\t\t\t<div class=\"elementor-element elementor-element-27e2cea elementor-widget elementor-widget-image\" data-id=\"27e2cea\" data-element_type=\"widget\" data-e-type=\"widget\" data-widget_type=\"image.default\">\n\t\t\t\t<div class=\"elementor-widget-container\">\n\t\t\t\t\t\t\t\t\t\t\t\t\t\t\t\t<a href=\"https:\/\/blogs.uned.es\/simposioceamsoic\/2023\/04\/25\/galeria-de-fotos\/\">\n\t\t\t\t\t\t\t<img decoding=\"async\" width=\"800\" height=\"531\" src=\"https:\/\/blogs.uned.es\/simposioceamsoic\/wp-content\/uploads\/sites\/387\/2023\/05\/galeria2-1-1024x680.jpg\" class=\"attachment-large size-large wp-image-1553\" alt=\"\" srcset=\"https:\/\/blogs.uned.es\/simposioceamsoic\/wp-content\/uploads\/sites\/387\/2023\/05\/galeria2-1-1024x680.jpg 1024w, https:\/\/blogs.uned.es\/simposioceamsoic\/wp-content\/uploads\/sites\/387\/2023\/05\/galeria2-1-300x199.jpg 300w, https:\/\/blogs.uned.es\/simposioceamsoic\/wp-content\/uploads\/sites\/387\/2023\/05\/galeria2-1-768x510.jpg 768w, https:\/\/blogs.uned.es\/simposioceamsoic\/wp-content\/uploads\/sites\/387\/2023\/05\/galeria2-1-1536x1020.jpg 1536w, https:\/\/blogs.uned.es\/simposioceamsoic\/wp-content\/uploads\/sites\/387\/2023\/05\/galeria2-1.jpg 1594w\" sizes=\"(max-width: 800px) 100vw, 800px\" \/>\t\t\t\t\t\t\t\t<\/a>\n\t\t\t\t\t\t\t\t\t\t\t\t\t\t\t<\/div>\n\t\t\t\t<\/div>\n\t\t\t\t<div class=\"elementor-element elementor-element-a791e39 elementor-widget elementor-widget-heading\" data-id=\"a791e39\" data-element_type=\"widget\" data-e-type=\"widget\" data-widget_type=\"heading.default\">\n\t\t\t\t<div class=\"elementor-widget-container\">\n\t\t\t\t\t<h5 class=\"elementor-heading-title elementor-size-default\"><a href=\"https:\/\/blogs.uned.es\/simposioceamsoic\/2023\/04\/25\/galeria-de-fotos\/\">Galer\u00eda de fotos<\/a><\/h5>\t\t\t\t<\/div>\n\t\t\t\t<\/div>\n\t\t\t\t<div class=\"elementor-element elementor-element-0c622b6 elementor-widget elementor-widget-text-editor\" data-id=\"0c622b6\" data-element_type=\"widget\" data-e-type=\"widget\" data-widget_type=\"text-editor.default\">\n\t\t\t\t<div class=\"elementor-widget-container\">\n\t\t\t\t\t\t\t\t\t<p style=\"text-align: center\">Selecci\u00f3n de fotos del Simposio<\/p>\t\t\t\t\t\t\t\t<\/div>\n\t\t\t\t<\/div>\n\t\t\t\t\t<\/div>\n\t\t<\/div>\n\t\t\t\t<div class=\"elementor-column elementor-col-33 elementor-top-column elementor-element elementor-element-99ea8c9\" data-id=\"99ea8c9\" data-element_type=\"column\" data-e-type=\"column\">\n\t\t\t<div class=\"elementor-widget-wrap elementor-element-populated\">\n\t\t\t\t\t\t<div class=\"elementor-element elementor-element-fb0b998 elementor-widget elementor-widget-image\" data-id=\"fb0b998\" data-element_type=\"widget\" data-e-type=\"widget\" data-widget_type=\"image.default\">\n\t\t\t\t<div class=\"elementor-widget-container\">\n\t\t\t\t\t\t\t\t\t\t\t\t\t\t\t\t<a href=\"https:\/\/blogs.uned.es\/simposioceamsoic\/2023\/05\/18\/actas\/\">\n\t\t\t\t\t\t\t<img loading=\"lazy\" decoding=\"async\" width=\"800\" height=\"531\" src=\"https:\/\/blogs.uned.es\/simposioceamsoic\/wp-content\/uploads\/sites\/387\/2023\/05\/biblio-1024x680.jpg\" class=\"attachment-large size-large wp-image-1569\" alt=\"\" srcset=\"https:\/\/blogs.uned.es\/simposioceamsoic\/wp-content\/uploads\/sites\/387\/2023\/05\/biblio-1024x680.jpg 1024w, https:\/\/blogs.uned.es\/simposioceamsoic\/wp-content\/uploads\/sites\/387\/2023\/05\/biblio-300x199.jpg 300w, https:\/\/blogs.uned.es\/simposioceamsoic\/wp-content\/uploads\/sites\/387\/2023\/05\/biblio-768x510.jpg 768w, https:\/\/blogs.uned.es\/simposioceamsoic\/wp-content\/uploads\/sites\/387\/2023\/05\/biblio-1536x1020.jpg 1536w, https:\/\/blogs.uned.es\/simposioceamsoic\/wp-content\/uploads\/sites\/387\/2023\/05\/biblio.jpg 1594w\" sizes=\"(max-width: 800px) 100vw, 800px\" \/>\t\t\t\t\t\t\t\t<\/a>\n\t\t\t\t\t\t\t\t\t\t\t\t\t\t\t<\/div>\n\t\t\t\t<\/div>\n\t\t\t\t<div class=\"elementor-element elementor-element-75dce39 elementor-widget elementor-widget-heading\" data-id=\"75dce39\" data-element_type=\"widget\" data-e-type=\"widget\" data-widget_type=\"heading.default\">\n\t\t\t\t<div class=\"elementor-widget-container\">\n\t\t\t\t\t<h5 class=\"elementor-heading-title elementor-size-default\"><a href=\"https:\/\/blogs.uned.es\/simposioceamsoic\/2023\/05\/18\/actas\/\">Actas<\/a><\/h5>\t\t\t\t<\/div>\n\t\t\t\t<\/div>\n\t\t\t\t<div class=\"elementor-element elementor-element-9774b72 elementor-widget elementor-widget-text-editor\" data-id=\"9774b72\" data-element_type=\"widget\" data-e-type=\"widget\" data-widget_type=\"text-editor.default\">\n\t\t\t\t<div class=\"elementor-widget-container\">\n\t\t\t\t\t\t\t\t\t<p style=\"text-align: center\">Descarga las actas del Simposio<\/p>\t\t\t\t\t\t\t\t<\/div>\n\t\t\t\t<\/div>\n\t\t\t\t\t<\/div>\n\t\t<\/div>\n\t\t\t\t\t<\/div>\n\t\t<\/section>\n\t\t\t\t<section class=\"elementor-section elementor-top-section elementor-element elementor-element-e09927f elementor-section-boxed elementor-section-height-default elementor-section-height-default\" data-id=\"e09927f\" data-element_type=\"section\" data-e-type=\"section\">\n\t\t\t\t\t\t<div class=\"elementor-container elementor-column-gap-default\">\n\t\t\t\t\t<div class=\"elementor-column elementor-col-100 elementor-top-column elementor-element elementor-element-4d530c7\" data-id=\"4d530c7\" data-element_type=\"column\" data-e-type=\"column\">\n\t\t\t<div class=\"elementor-widget-wrap elementor-element-populated\">\n\t\t\t\t\t\t<div class=\"elementor-element elementor-element-a28b3a1 elementor-widget elementor-widget-text-editor\" data-id=\"a28b3a1\" data-element_type=\"widget\" data-e-type=\"widget\" data-widget_type=\"text-editor.default\">\n\t\t\t\t<div class=\"elementor-widget-container\">\n\t\t\t\t\t\t\t\t\t<h3 style=\"text-align: center\">Colaboradores<\/h3>\t\t\t\t\t\t\t\t<\/div>\n\t\t\t\t<\/div>\n\t\t\t\t\t<\/div>\n\t\t<\/div>\n\t\t\t\t\t<\/div>\n\t\t<\/section>\n\t\t\t\t<section class=\"elementor-section elementor-top-section elementor-element elementor-element-8ac4a6c elementor-section-boxed elementor-section-height-default elementor-section-height-default\" data-id=\"8ac4a6c\" data-element_type=\"section\" data-e-type=\"section\">\n\t\t\t\t\t\t<div class=\"elementor-container elementor-column-gap-default\">\n\t\t\t\t\t<div class=\"elementor-column elementor-col-100 elementor-top-column elementor-element elementor-element-118ec87\" data-id=\"118ec87\" data-element_type=\"column\" data-e-type=\"column\">\n\t\t\t<div class=\"elementor-widget-wrap elementor-element-populated\">\n\t\t\t\t\t\t<div class=\"elementor-element elementor-element-af55965 elementor-widget elementor-widget-image\" data-id=\"af55965\" data-element_type=\"widget\" data-e-type=\"widget\" data-widget_type=\"image.default\">\n\t\t\t\t<div class=\"elementor-widget-container\">\n\t\t\t\t\t\t\t\t\t\t\t\t\t\t\t<img loading=\"lazy\" decoding=\"async\" width=\"250\" height=\"134\" src=\"https:\/\/blogs.uned.es\/simposioceamsoic\/wp-content\/uploads\/sites\/387\/2023\/01\/Glogo_uned_fundacion-1.png\" class=\"attachment-large size-large wp-image-1081\" alt=\"\" \/>\t\t\t\t\t\t\t\t\t\t\t\t\t\t\t<\/div>\n\t\t\t\t<\/div>\n\t\t\t\t\t<\/div>\n\t\t<\/div>\n\t\t\t\t\t<\/div>\n\t\t<\/section>\n\t\t\t\t<\/div>\n\t\t","protected":false},"excerpt":{"rendered":"<p>II Simposio Conjunto de los Grupos Tem\u00e1ticos de CEA Ingenier\u00eda de Control Modelado, Simulaci\u00f3n y Optimizaci\u00f3n Programa Accede al programa provisional Galer\u00eda de fotos Selecci\u00f3n de fotos del Simposio Actas Descarga las actas del Simposio Colaboradores<\/p>\n","protected":false},"author":1,"featured_media":0,"parent":0,"menu_order":0,"comment_status":"closed","ping_status":"closed","template":"","meta":{"footnotes":""},"class_list":["post-15","page","type-page","status-publish"],"_links":{"self":[{"href":"https:\/\/blogs.uned.es\/simposioceamsoic\/wp-json\/wp\/v2\/pages\/15","targetHints":{"allow":["GET"]}}],"collection":[{"href":"https:\/\/blogs.uned.es\/simposioceamsoic\/wp-json\/wp\/v2\/pages"}],"about":[{"href":"https:\/\/blogs.uned.es\/simposioceamsoic\/wp-json\/wp\/v2\/types\/page"}],"author":[{"embeddable":true,"href":"https:\/\/blogs.uned.es\/simposioceamsoic\/wp-json\/wp\/v2\/users\/1"}],"replies":[{"embeddable":true,"href":"https:\/\/blogs.uned.es\/simposioceamsoic\/wp-json\/wp\/v2\/comments?post=15"}],"version-history":[{"count":92,"href":"https:\/\/blogs.uned.es\/simposioceamsoic\/wp-json\/wp\/v2\/pages\/15\/revisions"}],"predecessor-version":[{"id":1585,"href":"https:\/\/blogs.uned.es\/simposioceamsoic\/wp-json\/wp\/v2\/pages\/15\/revisions\/1585"}],"wp:attachment":[{"href":"https:\/\/blogs.uned.es\/simposioceamsoic\/wp-json\/wp\/v2\/media?parent=15"}],"curies":[{"name":"wp","href":"https:\/\/api.w.org\/{rel}","templated":true}]}}