{"id":77,"date":"2017-07-02T09:39:20","date_gmt":"2017-07-02T09:39:20","guid":{"rendered":"http:\/\/blogs.uned.es\/saltcg\/?page_id=77"},"modified":"2025-01-16T12:54:20","modified_gmt":"2025-01-16T12:54:20","slug":"integrantes","status":"publish","type":"page","link":"https:\/\/blogs.uned.es\/saltcg\/es\/integrantes\/","title":{"rendered":"Integrantes"},"content":{"rendered":"<p><strong>Integrantes de Grupo<\/strong><\/p>\n<p>Coordinador del Grupo:<\/p>\n<p><a href=\"https:\/\/www.google.es\/url?sa=t&amp;rct=j&amp;q=&amp;esrc=s&amp;source=web&amp;cd=1&amp;cad=rja&amp;uact=8&amp;ved=0ahUKEwjzzIfUkuvUAhUNblAKHXMdBAQQFggnMAA&amp;url=http%3A%2F%2Fportal.uned.es%2Fportal%2Fpage%3F_pageid%3D93%2C725284%26_dad%3Dportal%26_schema%3DPORTAL&amp;usg=AFQjCNGnwV0ZQj3sFAeutgL-2edvpHvmmA\" target=\"_blank\" rel=\"noopener noreferrer\">Miguel Santamar\u00eda Lancho<\/a><\/p>\n<table style=\"height: 36px\" width=\"463\">\n<tbody>\n<tr>\n<td><\/td>\n<td><\/td>\n<td width=\"438\"><\/td>\n<\/tr>\n<\/tbody>\n<\/table>\n<p>Relaci\u00f3n de Integrantes del Grupo.<\/p>\n<table width=\"503\">\n<tbody>\n<tr>\n<td width=\"224\">NOMBRE Y APELLIDOS<\/td>\n<td width=\"279\">DEPARTAMENTO<\/td>\n<\/tr>\n<tr>\n<td colspan=\"2\">ESCUELA T\u00c9CNICA SUPERIOR DE INGENIER\u00cdA INFORM\u00c1TICA<\/td>\n<\/tr>\n<tr>\n<td width=\"224\"><a href=\"https:\/\/www.google.es\/url?sa=t&amp;rct=j&amp;q=&amp;esrc=s&amp;source=web&amp;cd=1&amp;cad=rja&amp;uact=8&amp;ved=0ahUKEwjJxt_4kevUAhWPYlAKHY-PCl0QFggjMAA&amp;url=http%3A%2F%2Fportal.uned.es%2Fportal%2Fpage%3F_pageid%3D93%2C711724%26_dad%3Dportal%26_schema%3DPORTAL&amp;usg=AFQjCNH_C7PPukFsgrTpYhT7XFQLEzTvqg\" target=\"_blank\" rel=\"noopener noreferrer\">Jose Luis Delgado Leal<\/a><\/td>\n<td width=\"279\">Lenguajes y Sistemas Inform\u00e1ticos<\/td>\n<\/tr>\n<tr>\n<td width=\"224\"><a href=\"http:\/\/portal.uned.es\/portal\/page?_pageid=93,56499834&amp;_dad=portal&amp;_schema=PORTAL\" target=\"_blank\" rel=\"noopener noreferrer\">\u00a0Ana Mar\u00eda Garc\u00eda Serrano<\/a><\/td>\n<td width=\"279\">Lenguajes y Sistemas Inform\u00e1ticos<\/td>\n<\/tr>\n<tr>\n<td width=\"224\"><a href=\"https:\/\/www.google.es\/url?sa=t&amp;rct=j&amp;q=&amp;esrc=s&amp;source=web&amp;cd=1&amp;cad=rja&amp;uact=8&amp;ved=0ahUKEwjsvq_YkevUAhUIL1AKHUvfDPoQFggjMAA&amp;url=https%3A%2F%2Fadenu.ia.uned.es%2Fweb%2Fes%2Fmembers%2Fjgb&amp;usg=AFQjCNEB6IdxcHwHT8DUACXk6Qu3eDXCNA\" target=\"_blank\" rel=\"noopener noreferrer\">Jes\u00fas Gonz\u00e1lez Boticario<\/a><\/td>\n<td width=\"279\">Inteligencia Artificial<\/td>\n<\/tr>\n<tr>\n<td width=\"224\"><a href=\"https:\/\/www.google.es\/url?sa=t&amp;rct=j&amp;q=&amp;esrc=s&amp;source=web&amp;cd=1&amp;cad=rja&amp;uact=8&amp;ved=0ahUKEwibv-jHkevUAhVHbVAKHYraBscQFggnMAA&amp;url=http%3A%2F%2Fportal.uned.es%2Fportal%2Fpage%3F_pageid%3D93%2C691579%26_dad%3Dportal%26_schema%3DPORTAL&amp;usg=AFQjCNENCGV-6KnUZ94iRZj54N8kj6LZpA\" target=\"_blank\" rel=\"noopener noreferrer\">Covadonga Rodrigo San Juan<\/a><\/td>\n<td width=\"279\">Lenguajes y Sistemas Inform\u00e1ticos<\/td>\n<\/tr>\n<tr>\n<td width=\"224\"><a href=\"https:\/\/www.google.es\/url?sa=t&amp;rct=j&amp;q=&amp;esrc=s&amp;source=web&amp;cd=2&amp;cad=rja&amp;uact=8&amp;ved=0ahUKEwj4vKqKkuvUAhUSU1AKHb39CaIQFggrMAE&amp;url=http%3A%2F%2Fwww.ia.uned.es%2F%7Eocsantos%2Findex.html&amp;usg=AFQjCNG7ElneAia3k6D5sBVPffJiLdkDjQ\" target=\"_blank\" rel=\"noopener noreferrer\">Olga C. Santos Martin<\/a><\/td>\n<td width=\"279\">Inteligencia Artificial<\/td>\n<\/tr>\n<tr>\n<td colspan=\"2\">FACULTAD DE CIENCIAS ECON\u00d3MICAS Y EMPRESARIALES<\/td>\n<\/tr>\n<tr>\n<td width=\"224\"><a href=\"https:\/\/www.google.es\/url?sa=t&amp;rct=j&amp;q=&amp;esrc=s&amp;source=web&amp;cd=1&amp;cad=rja&amp;uact=8&amp;sqi=2&amp;ved=0ahUKEwi3sNXtkuvUAhUNI1AKHRLGBfYQFggjMAA&amp;url=http%3A%2F%2Fportal.uned.es%2Fportal%2Fpage%3F_pageid%3D93%2C724569%26_dad%3Dportal%26_schema%3DPORTAL&amp;usg=AFQjCNE6tvhugcj1MQdEnbiXEuZ-g_s2Zg\" target=\"_blank\" rel=\"noopener noreferrer\">Rafael Barqu\u00edn Gil<\/a><\/td>\n<td width=\"279\">Econom\u00eda Aplicada e Historia Econ\u00f3mica\/ Econ\u00f3micas<\/td>\n<\/tr>\n<tr>\n<td width=\"224\"><a href=\"https:\/\/www.google.es\/url?sa=t&amp;rct=j&amp;q=&amp;esrc=s&amp;source=web&amp;cd=1&amp;cad=rja&amp;uact=8&amp;ved=0ahUKEwiKhdG3k-vUAhVOmbQKHURHCdUQFggjMAA&amp;url=http%3A%2F%2Fportal.uned.es%2Fportal%2Fpage%3F_pageid%3D93%2C724582%26_dad%3Dportal%26_schema%3DPORTAL&amp;usg=AFQjCNHubcrbS_JLeJIMOmAgupdy7a_O7A\" target=\"_blank\" rel=\"noopener noreferrer\">Jos\u00e9 Ubaldo Bernardos Sanz<\/a><\/td>\n<td width=\"279\">Econom\u00eda Aplicada e Historia Econ\u00f3mica\/ Econ\u00f3micas<\/td>\n<\/tr>\n<tr>\n<td width=\"224\"><a href=\"https:\/\/www.google.es\/url?sa=t&amp;rct=j&amp;q=&amp;esrc=s&amp;source=web&amp;cd=1&amp;cad=rja&amp;uact=8&amp;sqi=2&amp;ved=0ahUKEwjlpPnBk-vUAhVDY1AKHTqoATgQFggjMAA&amp;url=http%3A%2F%2Fportal.uned.es%2Fpls%2Fportal%2Furl%2Fpage%2FUNED_MAIN%2FLAUNIVERSIDAD%2FUBICACIONES%2F05%2FDOCENTE%2FMARTA_MARIA_DE_LA_CUESTA_GONZALEZ&amp;usg=AFQjCNFxKlhUdSw6mZt647O60n3hxbEGhA\" target=\"_blank\" rel=\"noopener noreferrer\">Marta de la Cuesta Gonz\u00e1lez<\/a><\/td>\n<td width=\"279\">Econom\u00eda Aplicada<\/td>\n<\/tr>\n<tr>\n<td width=\"224\"><a href=\"https:\/\/www.google.es\/url?sa=t&amp;rct=j&amp;q=&amp;esrc=s&amp;source=web&amp;cd=1&amp;cad=rja&amp;uact=8&amp;ved=0ahUKEwiv2tjmk-vUAhVNK1AKHV--AhIQFggjMAA&amp;url=http%3A%2F%2Fportal.uned.es%2Fpls%2Fportal%2Furl%2Fpage%2FUNED_MAIN%2FLAUNIVERSIDAD%2FUBICACIONES%2F05%2FDOCENTE%2FVICTORIA_FERNANDEZ_DE_TEJADA_MUNOZ&amp;usg=AFQjCNHrsPvlXqUk3q3ubHLCtB1fUHZtlw\" target=\"_blank\" rel=\"noopener noreferrer\">Victoria Fern\u00e1ndez de Tejada<\/a><\/td>\n<td width=\"279\">Organizaci\u00f3n de empesas<\/td>\n<\/tr>\n<tr>\n<td width=\"224\"><a href=\"https:\/\/www.google.es\/url?sa=t&amp;rct=j&amp;q=&amp;esrc=s&amp;source=web&amp;cd=1&amp;cad=rja&amp;uact=8&amp;sqi=2&amp;ved=0ahUKEwjIlJCCk-vUAhVEbFAKHdWBB2UQFggjMAA&amp;url=http%3A%2F%2Fportal.uned.es%2Fpls%2Fportal%2Furl%2Fpage%2FUNED_MAIN%2FLAUNIVERSIDAD%2FUBICACIONES%2F05%2FDOCENTE%2FDAMIAN_DE_LA_FUENTE_SANCHEZ&amp;usg=AFQjCNHrVJ1U_nwP1l_XCksO4QoQyj59oA\" target=\"_blank\" rel=\"noopener noreferrer\">Dami\u00e1n de la Fuente S\u00e1nchez<\/a><\/td>\n<td width=\"279\">Economia de la Empresa y Contabilidad\/ Econ\u00f3micas<\/td>\n<\/tr>\n<tr>\n<td width=\"224\"><a href=\"https:\/\/www.google.es\/url?sa=t&amp;rct=j&amp;q=&amp;esrc=s&amp;source=web&amp;cd=1&amp;cad=rja&amp;uact=8&amp;sqi=2&amp;ved=0ahUKEwiCuaKTk-vUAhWCmbQKHaJ0AVoQFggjMAA&amp;url=http%3A%2F%2Fportal.uned.es%2Fportal%2Fpage%3F_pageid%3D93%2C724442%26_dad%3Dportal%26_schema%3DPORTAL&amp;usg=AFQjCNH18J3y_qPqms3hF4WK2FgS5A3vfg\" target=\"_blank\" rel=\"noopener noreferrer\">M\u00aa Carmen Garc\u00eda Llamas<\/a><\/td>\n<td width=\"279\">Econom\u00eda Aplicada Cuantitativa\/Econ\u00f3micas<\/td>\n<\/tr>\n<tr>\n<td width=\"224\"><a href=\"https:\/\/www.google.es\/url?sa=t&amp;rct=j&amp;q=&amp;esrc=s&amp;source=web&amp;cd=1&amp;ved=0ahUKEwjnhJLhkuvUAhWObFAKHfvWDNQQFggjMAA&amp;url=http%3A%2F%2Fportal.uned.es%2Fpls%2Fportal%2Furl%2Fpage%2FUNED_MAIN%2FLAUNIVERSIDAD%2FUBICACIONES%2F05%2FDOCENTE%2FMAURO_HERNANDEZ_BENITEZ&amp;usg=AFQjCNHBYL7aLrJQPCmB40lH2HDpY8paIw&amp;cad=rja\" target=\"_blank\" rel=\"noopener noreferrer\">Mauro Hern\u00e1ndez Ben\u00edtez<\/a><\/td>\n<td width=\"279\">Econom\u00eda Aplicada e Historia Econ\u00f3mica\/ Econ\u00f3micas<\/td>\n<\/tr>\n<tr>\n<td width=\"224\"><a href=\"https:\/\/www.google.es\/url?sa=t&amp;rct=j&amp;q=&amp;esrc=s&amp;source=web&amp;cd=1&amp;cad=rja&amp;uact=8&amp;ved=0ahUKEwio-J_5k-vUAhUNPFAKHf2zA9wQFggmMAA&amp;url=http%3A%2F%2Fportal.uned.es%2Fpls%2Fportal%2Furl%2Fpage%2FUNED_MAIN%2FLAUNIVERSIDAD%2FUBICACIONES%2F05%2FDOCENTE%2FFRANCISCO_JAVIER_PALENCIA_GONZALEZ&amp;usg=AFQjCNHqVA1ENoEpWxy3cLrP-xLMHy6-PA\" target=\"_blank\" rel=\"noopener noreferrer\">Francisco Javier Palencia<\/a><\/td>\n<td width=\"279\">Econom\u00eda Aplicada Cuantitativa\/Econ\u00f3micas<\/td>\n<\/tr>\n<tr>\n<td width=\"224\"><a href=\"https:\/\/www.google.es\/url?sa=t&amp;rct=j&amp;q=&amp;esrc=s&amp;source=web&amp;cd=1&amp;cad=rja&amp;uact=8&amp;ved=0ahUKEwj-2Iikk-vUAhWFZFAKHcUhAJsQFggjMAA&amp;url=http%3A%2F%2Fportal.uned.es%2Fportal%2Fpage%3F_pageid%3D93%2C725147%26_dad%3Dportal%26_schema%3DPORTAL&amp;usg=AFQjCNFwkMAGAj9M-zv_pU78GyJj_eXoiQ\" target=\"_blank\" rel=\"noopener noreferrer\">Inmaculada Pra Martos<\/a><\/td>\n<td width=\"279\">Ecoom\u00eda de la Empresa y Contabilidad\/Econ\u00f3micas<\/td>\n<\/tr>\n<tr>\n<td width=\"224\"><a href=\"https:\/\/www.google.es\/url?sa=t&amp;rct=j&amp;q=&amp;esrc=s&amp;source=web&amp;cd=1&amp;cad=rja&amp;uact=8&amp;sqi=2&amp;ved=0ahUKEwj9zOnMk-vUAhXQZ1AKHV7MBjYQFggjMAA&amp;url=http%3A%2F%2Fportal.uned.es%2Fpls%2Fportal%2Furl%2Fpage%2FUNED_MAIN%2FLAUNIVERSIDAD%2FUBICACIONES%2F05%2FDOCENTE%2FCRISTINA_RUZA_PAZ-CURBERA&amp;usg=AFQjCNHpjEBsIUToSktXD1gkH7u7bCOrLw\" target=\"_blank\" rel=\"noopener noreferrer\">Cristina Ruza y Paz- Curbera<\/a><\/td>\n<td width=\"279\">Econom\u00eda Aplicada<\/td>\n<\/tr>\n<tr>\n<td width=\"224\"><a href=\"https:\/\/www.google.es\/url?sa=t&amp;rct=j&amp;q=&amp;esrc=s&amp;source=web&amp;cd=2&amp;cad=rja&amp;uact=8&amp;ved=0ahUKEwi2hajbk-vUAhXLb1AKHR7ECqAQFggoMAE&amp;url=http%3A%2F%2Fportal.uned.es%2Fpls%2Fportal%2Furl%2Fpage%2FUNED_MAIN%2FLAUNIVERSIDAD%2FUBICACIONES%2F05%2FDOCENTE%2FIRENE_SAAVEDRA_ROBLEDO&amp;usg=AFQjCNGGwNtdUQSreGhX6SsfpuQuWEC7MQ\" target=\"_blank\" rel=\"noopener noreferrer\">Irene Saavedra Robledo<\/a><\/td>\n<td width=\"279\">Organizaci\u00f3n de empresas<\/td>\n<\/tr>\n<tr>\n<td width=\"224\"><a href=\"https:\/\/www.google.es\/url?sa=t&amp;rct=j&amp;q=&amp;esrc=s&amp;source=web&amp;cd=1&amp;cad=rja&amp;uact=8&amp;ved=0ahUKEwjzzIfUkuvUAhUNblAKHXMdBAQQFggnMAA&amp;url=http%3A%2F%2Fportal.uned.es%2Fportal%2Fpage%3F_pageid%3D93%2C725284%26_dad%3Dportal%26_schema%3DPORTAL&amp;usg=AFQjCNGnwV0ZQj3sFAeutgL-2edvpHvmmA\" target=\"_blank\" rel=\"noopener noreferrer\">Miguel Santamar\u00eda Lancho<\/a><\/td>\n<td width=\"279\">Econom\u00eda Aplicada e Historia Econ\u00f3mica\/ Econ\u00f3micas<\/td>\n<\/tr>\n<tr>\n<td width=\"224\">FACUTAD DE DERECHO<\/td>\n<td width=\"279\"><\/td>\n<\/tr>\n<tr>\n<td width=\"224\"><a href=\"https:\/\/www.google.es\/url?sa=t&amp;rct=j&amp;q=&amp;esrc=s&amp;source=web&amp;cd=1&amp;cad=rja&amp;uact=8&amp;sqi=2&amp;ved=0ahUKEwj2z_uDlOvUAhWLJlAKHRV9DuQQFggjMAA&amp;url=http%3A%2F%2Fportal.uned.es%2Fportal%2Fpage%3F_pageid%3D93%2C705360%26_dad%3Dportal%26_schema%3DPORTAL&amp;usg=AFQjCNHYn6GPUzclMOkQklZtyLNXl49LDw\" target=\"_blank\" rel=\"noopener noreferrer\">\u00c1lvaro Jarillo Aldeanueva<\/a><\/td>\n<td width=\"279\">Derecho Internacional P\u00fablico<\/td>\n<\/tr>\n<tr>\n<td width=\"224\">FACUTAD DE PSICOLOG\u00cdA<\/td>\n<td width=\"279\"><\/td>\n<\/tr>\n<tr>\n<td width=\"224\"><a href=\"https:\/\/www.google.es\/url?sa=t&amp;rct=j&amp;q=&amp;esrc=s&amp;source=web&amp;cd=1&amp;cad=rja&amp;uact=8&amp;ved=0ahUKEwji9faRlOvUAhWKLlAKHYDZBU4QFggjMAA&amp;url=http%3A%2F%2Fportal.uned.es%2Fpls%2Fportal%2Furl%2Fpage%2FUNED_MAIN%2FLAUNIVERSIDAD%2FUBICACIONES%2F02%2FDOCENTE%2FRAUL_CABESTRERO_ALONSO&amp;usg=AFQjCNGV2ECBPyQJUZePYS9TyUF9zqq7TA\" target=\"_blank\" rel=\"noopener noreferrer\">Ra\u00fal Cabestrero Alonso<\/a><\/td>\n<td width=\"279\">Psicolog\u00eda B\u00e1sica II<\/td>\n<\/tr>\n<tr>\n<td width=\"224\"><a href=\"https:\/\/www.google.es\/url?sa=t&amp;rct=j&amp;q=&amp;esrc=s&amp;source=web&amp;cd=1&amp;cad=rja&amp;uact=8&amp;ved=0ahUKEwjYhaTElOvUAhXFmLQKHfqDBogQFggjMAA&amp;url=http%3A%2F%2Fportal.uned.es%2Fpls%2Fportal%2Furl%2Fpage%2FUNED_MAIN%2FLAUNIVERSIDAD%2FUBICACIONES%2F02%2FDOCENTE%2FMARCELA_PAZ_GONZALEZ_BRIGNARDELLO&amp;usg=AFQjCNE7X-K3Cmh3BSXHBYKH4AUntPXBCQ\" target=\"_blank\" rel=\"noopener noreferrer\">Marcela de Paz Gonzalez Brignardelo<\/a><\/td>\n<td width=\"279\">Psicolog\u00eda de la Personalidad, Evaluaci\u00f3n y Tratamiento Psicol\u00f3gicos\/Facultad de Psicolog\u00eda<\/td>\n<\/tr>\n<tr>\n<td width=\"224\"><a href=\"https:\/\/www.google.es\/url?sa=t&amp;rct=j&amp;q=&amp;esrc=s&amp;source=web&amp;cd=1&amp;cad=rja&amp;uact=8&amp;ved=0ahUKEwiu69z4lOvUAhXIfFAKHWhJCRQQFggjMAA&amp;url=http%3A%2F%2Fportal.uned.es%2Fpls%2Fportal%2Furl%2Fpage%2FUNED_MAIN%2FLAUNIVERSIDAD%2FUBICACIONES%2F02%2FDOCENTE%2FGUILLERMO_DE_JORGE_BOTANA&amp;usg=AFQjCNHNHhwaq87SW3y2g44lMfLs3ixjng\" target=\"_blank\" rel=\"noopener noreferrer\">Guillermo de Jorge Botana<\/a><\/td>\n<td width=\"279\">Piscolog\u00eda Evolutiva y de la Eucaci\u00f3n\/ Facultad de Psicolog\u00eda<\/td>\n<\/tr>\n<tr>\n<td width=\"224\"><a href=\"https:\/\/www.google.es\/url?sa=t&amp;rct=j&amp;q=&amp;esrc=s&amp;source=web&amp;cd=1&amp;cad=rja&amp;uact=8&amp;sqi=2&amp;ved=0ahUKEwjmyYqJlevUAhUBmrQKHaj8CyoQFggjMAA&amp;url=http%3A%2F%2Fportal.uned.es%2Fportal%2Fpage%3F_pageid%3D93%2C22175236%26_dad%3Dportal%26_schema%3DPORTAL&amp;usg=AFQjCNH6zsTc_Ai51Jp3SNNYNsHf8XNLUw\" target=\"_blank\" rel=\"noopener noreferrer\">Ana Mar\u00eda Lisbona Ba\u00f1uelos<\/a><\/td>\n<td width=\"279\">Psicolog\u00eda Social y de las Organizaciones<\/td>\n<\/tr>\n<tr>\n<td width=\"224\"><a href=\"http:\/\/portal.uned.es\/portal\/page?_pageid=93,697202&amp;_dad=portal&amp;_schema=PORTAL\" target=\"_blank\" rel=\"noopener noreferrer\">Jos\u00e9 Mar\u00eda Luz\u00f3n Encabo<\/a><\/td>\n<td width=\"279\">Piscolog\u00eda Evolutiva y de la Eucaci\u00f3n\/ Facultad de Psicolog\u00eda<\/td>\n<\/tr>\n<tr>\n<td width=\"224\"><a href=\"https:\/\/www.google.es\/url?sa=t&amp;rct=j&amp;q=&amp;esrc=s&amp;source=web&amp;cd=1&amp;cad=rja&amp;uact=8&amp;ved=0ahUKEwiM3JqZlevUAhXOh7QKHROYDgYQFggjMAA&amp;url=http%3A%2F%2Fportal.uned.es%2Fpls%2Fportal%2Furl%2Fpage%2FUNED_MAIN%2FLAUNIVERSIDAD%2FUBICACIONES%2F02%2FDOCENTE%2FFRANCISCO_JOSE_PALACI_DESCALS&amp;usg=AFQjCNGWN5rY0p0oUpPYVR3B-PF8LZOxEw\" target=\"_blank\" rel=\"noopener noreferrer\">Francisco Jos\u00e9 Palac\u00ed Descals<\/a><\/td>\n<td width=\"279\">Psicolog\u00eda Social y de las Organizaciones<\/td>\n<\/tr>\n<tr>\n<td width=\"224\"><a href=\"https:\/\/www.google.es\/url?sa=t&amp;rct=j&amp;q=&amp;esrc=s&amp;source=web&amp;cd=2&amp;cad=rja&amp;uact=8&amp;ved=0ahUKEwjW5OiklOvUAhUSJFAKHVtGCugQFggpMAE&amp;url=http%3A%2F%2Fportal.uned.es%2Fportal%2Fpage%3F_pageid%3D93%2C698141%26_dad%3Dportal%26_schema%3DPORTAL&amp;usg=AFQjCNFCkr1a_HoGk-qyz-Mwvs80fgwl6g\" target=\"_blank\" rel=\"noopener noreferrer\">Pilar Quir\u00f3s Exp\u00f3sito<\/a><\/td>\n<td width=\"279\">Psicolog\u00eda B\u00e1sica II<\/td>\n<\/tr>\n<tr>\n<td width=\"224\"><a href=\"https:\/\/www.google.es\/url?sa=t&amp;rct=j&amp;q=&amp;esrc=s&amp;source=web&amp;cd=1&amp;cad=rja&amp;uact=8&amp;sqi=2&amp;ved=0ahUKEwiY6PSzlOvUAhULYVAKHQUXCugQFggjMAA&amp;url=http%3A%2F%2Fportal.uned.es%2Fportal%2Fpage%3F_pageid%3D93%2C705214%26_dad%3Dportal%26_schema%3DPORTAL&amp;usg=AFQjCNH3wp6J5HHfqqE7KDN4amQW0lr8Gw\" target=\"_blank\" rel=\"noopener noreferrer\">\u00c1ngeles S\u00e1nchez-Elvira Paniagua<\/a><\/td>\n<td width=\"279\">Psicolog\u00eda de la Personalidad, Evaluaci\u00f3n y Tratamiento Psicol\u00f3gicos\/Facultad de Psicolog\u00eda<\/td>\n<\/tr>\n<\/tbody>\n<\/table>\n<table width=\"1186\">\n<tbody>\n<tr>\n<td width=\"239\"><\/td>\n<td width=\"509\"><\/td>\n<td width=\"438\"><\/td>\n<\/tr>\n<tr>\n<td><\/td>\n<td><\/td>\n<td width=\"438\"><\/td>\n<\/tr>\n<tr>\n<td><\/td>\n<td><\/td>\n<td><\/td>\n<\/tr>\n<tr>\n<td><\/td>\n<td><\/td>\n<td width=\"438\"><\/td>\n<\/tr>\n<tr>\n<td><\/td>\n<td><\/td>\n<td width=\"438\"><\/td>\n<\/tr>\n<tr>\n<td><\/td>\n<td><\/td>\n<td width=\"438\"><\/td>\n<\/tr>\n<tr>\n<td><\/td>\n<td><\/td>\n<td width=\"438\"><\/td>\n<\/tr>\n<tr>\n<td><\/td>\n<td><\/td>\n<td width=\"438\"><\/td>\n<\/tr>\n<tr>\n<td><\/td>\n<td><\/td>\n<td width=\"438\"><\/td>\n<\/tr>\n<tr>\n<td><\/td>\n<td><\/td>\n<td width=\"438\"><\/td>\n<\/tr>\n<tr>\n<td><\/td>\n<td><\/td>\n<td width=\"438\"><\/td>\n<\/tr>\n<tr>\n<td><\/td>\n<td><\/td>\n<td width=\"438\"><\/td>\n<\/tr>\n<tr>\n<td><\/td>\n<td><\/td>\n<td width=\"438\"><\/td>\n<\/tr>\n<tr>\n<td><\/td>\n<td><\/td>\n<td width=\"438\"><\/td>\n<\/tr>\n<tr>\n<td><\/td>\n<td><\/td>\n<td width=\"438\"><\/td>\n<\/tr>\n<tr>\n<td><\/td>\n<td><\/td>\n<td width=\"438\"><\/td>\n<\/tr>\n<tr>\n<td><\/td>\n<td><\/td>\n<td width=\"438\"><\/td>\n<\/tr>\n<tr>\n<td><\/td>\n<td><\/td>\n<td width=\"438\"><\/td>\n<\/tr>\n<tr>\n<td><\/td>\n<td><\/td>\n<td width=\"438\"><\/td>\n<\/tr>\n<tr>\n<td><\/td>\n<td><\/td>\n<td width=\"438\"><\/td>\n<\/tr>\n<tr>\n<td><\/td>\n<td><\/td>\n<td width=\"438\"><\/td>\n<\/tr>\n<tr>\n<td><\/td>\n<td><\/td>\n<td width=\"438\"><\/td>\n<\/tr>\n<tr>\n<td><\/td>\n<td><\/td>\n<td width=\"438\"><\/td>\n<\/tr>\n<tr>\n<td><\/td>\n<td><\/td>\n<td width=\"438\"><\/td>\n<\/tr>\n<tr>\n<td><\/td>\n<td><\/td>\n<td width=\"438\"><\/td>\n<\/tr>\n<tr>\n<td><\/td>\n<td><\/td>\n<td width=\"438\"><\/td>\n<\/tr>\n<tr>\n<td><\/td>\n<td><\/td>\n<td width=\"438\"><\/td>\n<\/tr>\n<\/tbody>\n<\/table>\n<p>\n","protected":false},"excerpt":{"rendered":"<p>Integrantes de Grupo Coordinador del Grupo: Miguel Santamar\u00eda Lancho Relaci\u00f3n de Integrantes del Grupo. NOMBRE Y APELLIDOS DEPARTAMENTO ESCUELA T\u00c9CNICA SUPERIOR DE INGENIER\u00cdA INFORM\u00c1TICA Jose Luis Delgado Leal Lenguajes y Sistemas Inform\u00e1ticos \u00a0Ana Mar\u00eda Garc\u00eda Serrano Lenguajes y Sistemas Inform\u00e1ticos Jes\u00fas Gonz\u00e1lez Boticario Inteligencia Artificial Covadonga Rodrigo San Juan Lenguajes y Sistemas Inform\u00e1ticos Olga C. &hellip; <a href=\"https:\/\/blogs.uned.es\/saltcg\/es\/integrantes\/\" class=\"more-link\">Seguir leyendo <span class=\"screen-reader-text\">Integrantes<\/span> <span class=\"meta-nav\">&rarr;<\/span><\/a><\/p>\n","protected":false},"author":65,"featured_media":0,"parent":0,"menu_order":2,"comment_status":"closed","ping_status":"closed","template":"","meta":{"footnotes":""},"class_list":["post-77","page","type-page","status-publish","hentry"],"_links":{"self":[{"href":"https:\/\/blogs.uned.es\/saltcg\/wp-json\/wp\/v2\/pages\/77","targetHints":{"allow":["GET"]}}],"collection":[{"href":"https:\/\/blogs.uned.es\/saltcg\/wp-json\/wp\/v2\/pages"}],"about":[{"href":"https:\/\/blogs.uned.es\/saltcg\/wp-json\/wp\/v2\/types\/page"}],"author":[{"embeddable":true,"href":"https:\/\/blogs.uned.es\/saltcg\/wp-json\/wp\/v2\/users\/65"}],"replies":[{"embeddable":true,"href":"https:\/\/blogs.uned.es\/saltcg\/wp-json\/wp\/v2\/comments?post=77"}],"version-history":[{"count":10,"href":"https:\/\/blogs.uned.es\/saltcg\/wp-json\/wp\/v2\/pages\/77\/revisions"}],"predecessor-version":[{"id":719,"href":"https:\/\/blogs.uned.es\/saltcg\/wp-json\/wp\/v2\/pages\/77\/revisions\/719"}],"wp:attachment":[{"href":"https:\/\/blogs.uned.es\/saltcg\/wp-json\/wp\/v2\/media?parent=77"}],"curies":[{"name":"wp","href":"https:\/\/api.w.org\/{rel}","templated":true}]}}