{"id":5253,"date":"2023-05-30T05:58:52","date_gmt":"2023-05-30T05:58:52","guid":{"rendered":"https:\/\/blogs.uned.es\/salidasprofesionales\/?page_id=5253"},"modified":"2023-05-30T05:58:52","modified_gmt":"2023-05-30T05:58:52","slug":"trayectorias-laborales-y-formativas-personales","status":"publish","type":"page","link":"https:\/\/blogs.uned.es\/salidasprofesionales\/grados\/ciencias-de-la-salud\/grado-en-psicologia\/trayectorias-laborales-y-formativas-personales\/","title":{"rendered":"Trayectorias laborales y formativas personales"},"content":{"rendered":"<div class=\"wp-block-image\">\n<figure class=\"aligncenter size-full\"><img decoding=\"async\" width=\"245\" height=\"160\" src=\"https:\/\/blogs.uned.es\/salidasprofesionales\/wp-content\/uploads\/sites\/165\/2020\/05\/testimonios.png\" alt=\"\" class=\"wp-image-2035\" \/><\/figure>\n<\/div>\n\n\n<p>Semana de la empleabilidad, abril 2023. <a href=\"https:\/\/canal.uned.es\/video\/643fd46d3056d5369a598dd2\">Salidas profesionales del grado de psicolog\u00eda<\/a><\/p>\n\n\n\n<p><a href=\"https:\/\/canal.uned.es\/series\/5a6f8e80b1111fb7018b4569\">Psicolog\u00eda en primera persona<\/a>: serie de v\u00eddeos sobre los diferentes campos de especializaci\u00f3n en los que las psic\u00f3logas y psic\u00f3logos pueden desarrollar su carrera profesional<\/p>\n\n\n\n<p><a href=\"https:\/\/canal.uned.es\/video\/62b412266f3c001e05039c42\">Jornada de Puertas Abiertas de la Facultad de Psicolog\u00eda (2022)<\/a><\/p>\n\n\n\n<p><a href=\"https:\/\/canal.uned.es\/video\/623af479b609237d1e1243e2\">COIE y Madrid Talento. Oportunidades laborales en el Ayuntamiento de Madrid<\/a><\/p>\n\n\n\n<p><a href=\"https:\/\/canal.uned.es\/video\/61fa8857b609234a9c519022\">Claves para hacer el doctorado<\/a><\/p>\n","protected":false},"excerpt":{"rendered":"<p>Semana de la empleabilidad, abril 2023. Salidas profesionales del grado de psicolog\u00eda Psicolog\u00eda en primera persona: serie de v\u00eddeos sobre los diferentes campos de especializaci\u00f3n en los que las psic\u00f3logas y psic\u00f3logos pueden desarrollar su carrera profesional Jornada de Puertas Abiertas de la Facultad de Psicolog\u00eda (2022) COIE y Madrid Talento. Oportunidades laborales en el [&hellip;]<\/p>\n","protected":false},"author":5997,"featured_media":0,"parent":175,"menu_order":0,"comment_status":"closed","ping_status":"closed","template":"","meta":{"footnotes":""},"class_list":["post-5253","page","type-page","status-publish","czr-hentry"],"_links":{"self":[{"href":"https:\/\/blogs.uned.es\/salidasprofesionales\/wp-json\/wp\/v2\/pages\/5253","targetHints":{"allow":["GET"]}}],"collection":[{"href":"https:\/\/blogs.uned.es\/salidasprofesionales\/wp-json\/wp\/v2\/pages"}],"about":[{"href":"https:\/\/blogs.uned.es\/salidasprofesionales\/wp-json\/wp\/v2\/types\/page"}],"author":[{"embeddable":true,"href":"https:\/\/blogs.uned.es\/salidasprofesionales\/wp-json\/wp\/v2\/users\/5997"}],"replies":[{"embeddable":true,"href":"https:\/\/blogs.uned.es\/salidasprofesionales\/wp-json\/wp\/v2\/comments?post=5253"}],"version-history":[{"count":2,"href":"https:\/\/blogs.uned.es\/salidasprofesionales\/wp-json\/wp\/v2\/pages\/5253\/revisions"}],"predecessor-version":[{"id":5415,"href":"https:\/\/blogs.uned.es\/salidasprofesionales\/wp-json\/wp\/v2\/pages\/5253\/revisions\/5415"}],"up":[{"embeddable":true,"href":"https:\/\/blogs.uned.es\/salidasprofesionales\/wp-json\/wp\/v2\/pages\/175"}],"wp:attachment":[{"href":"https:\/\/blogs.uned.es\/salidasprofesionales\/wp-json\/wp\/v2\/media?parent=5253"}],"curies":[{"name":"wp","href":"https:\/\/api.w.org\/{rel}","templated":true}]}}

<div class="wp-block-image">
<figure class="aligncenter size-full"><img decoding="async" width="245" height="160" src="https://blogs.uned.es/salidasprofesionales/wp-content/uploads/sites/165/2020/05/testimonios.png" alt="" class="wp-image-2035" /></figure>
</div>


<p>Semana de la empleabilidad, abril 2023. <a href="https://canal.uned.es/video/643fd46d3056d5369a598dd2">Salidas profesionales del grado de psicología</a></p>



<p><a href="https://canal.uned.es/series/5a6f8e80b1111fb7018b4569">Psicología en primera persona</a>: serie de vídeos sobre los diferentes campos de especialización en los que las psicólogas y psicólogos pueden desarrollar su carrera profesional</p>



<p><a href="https://canal.uned.es/video/62b412266f3c001e05039c42">Jornada de Puertas Abiertas de la Facultad de Psicología (2022)</a></p>



<p><a href="https://canal.uned.es/video/623af479b609237d1e1243e2">COIE y Madrid Talento. Oportunidades laborales en el Ayuntamiento de Madrid</a></p>



<p><a href="https://canal.uned.es/video/61fa8857b609234a9c519022">Claves para hacer el doctorado</a></p>

<p>Semana de la empleabilidad, abril 2023. Salidas profesionales del grado de psicología Psicología en primera persona: serie de vídeos sobre los diferentes campos de especialización en los que las psicólogas y psicólogos pueden desarrollar su carrera profesional Jornada de Puertas Abiertas de la Facultad de Psicología (2022) COIE y Madrid Talento. Oportunidades laborales en el [&hellip;]</p>
