{"id":5245,"date":"2022-07-12T07:37:39","date_gmt":"2022-07-12T07:37:39","guid":{"rendered":"https:\/\/blogs.uned.es\/salidasprofesionales\/?page_id=5245"},"modified":"2024-04-02T08:39:53","modified_gmt":"2024-04-02T08:39:53","slug":"estadisticas-e-informes-del-mercado-de-trabajo","status":"publish","type":"page","link":"https:\/\/blogs.uned.es\/salidasprofesionales\/grados\/ciencias-de-la-salud\/grado-en-psicologia\/estadisticas-e-informes-del-mercado-de-trabajo\/","title":{"rendered":"Estad\u00edsticas e informes del Mercado de Trabajo"},"content":{"rendered":"\n<h4 class=\"wp-block-heading\">&#8211; Para titulados<\/h4>\n\n\n<div class=\"wp-block-image\">\n<figure class=\"aligncenter size-full\"><img decoding=\"async\" width=\"259\" height=\"180\" src=\"https:\/\/blogs.uned.es\/salidasprofesionales\/wp-content\/uploads\/sites\/165\/2022\/07\/ESTADISTICAS.jpg\" alt=\"\" class=\"wp-image-5247\" \/><\/figure>\n<\/div>\n\n\n<p>Las estad\u00edsticas laborales por titulaci\u00f3n pueden consultarse por mes o anualmente mediante <a href=\"https:\/\/www.sepe.es\/HomeSepe\/que-es-el-sepe\/observatorio\/informes-mercado-trabajo\/informacion-titulaciones\/informacion-titulaciones-universitarias.html\">este enlace<\/a> de la web del SEPE, consultando el \u00c1rea de ense\u00f1anza universitaria \u201cCiencias sociales y jur\u00eddicas\u201d.<\/p>\n\n\n\n<h4 class=\"wp-block-heading\">&#8211; Para sus salidas profesionales, puestos u ocupaciones<\/h4>\n\n\n\n<p>La informaci\u00f3n de mercado de trabajo por ocupaci\u00f3n puede consultarse en <a href=\"https:\/\/www.sepe.es\/HomeSepe\/que-es-el-sepe\/estadisticas.html\">este enlace<\/a> de la web del SEPE en la que se presenta informaci\u00f3n de mercado de trabajo de \u00e1mbito nacional y por grupo primario de ocupaci\u00f3n, seg\u00fan la Clasificaci\u00f3n Nacional de Ocupaciones (CNO). Algunos ejemplos de ocupaciones frecuentes entre los graduados en psicolog\u00eda ser\u00edan los siguientes:<\/p>\n\n\n\n<ul class=\"wp-block-list\">\n<li>Psic\u00f3logos<\/li>\n\n\n\n<li>Profesionales de la salud no clasificados bajo otros ep\u00edgrafes<\/li>\n\n\n\n<li>T\u00e9cnicos de la sanidad no clasificados bajo otros ep\u00edgrafes<\/li>\n\n\n\n<li>Profesionales del trabajo y la educaci\u00f3n social<\/li>\n\n\n\n<li>Profesionales de apoyo al trabajo y a la educaci\u00f3n social<\/li>\n\n\n\n<li>T\u00e9cnicos de encuestas<\/li>\n<\/ul>\n","protected":false},"excerpt":{"rendered":"<p>&#8211; Para titulados Las estad\u00edsticas laborales por titulaci\u00f3n pueden consultarse por mes o anualmente mediante este enlace de la web del SEPE, consultando el \u00c1rea de ense\u00f1anza universitaria \u201cCiencias sociales y jur\u00eddicas\u201d. &#8211; Para sus salidas profesionales, puestos u ocupaciones La informaci\u00f3n de mercado de trabajo por ocupaci\u00f3n puede consultarse en este enlace de la [&hellip;]<\/p>\n","protected":false},"author":5997,"featured_media":0,"parent":175,"menu_order":0,"comment_status":"closed","ping_status":"closed","template":"","meta":{"footnotes":""},"class_list":["post-5245","page","type-page","status-publish","czr-hentry"],"_links":{"self":[{"href":"https:\/\/blogs.uned.es\/salidasprofesionales\/wp-json\/wp\/v2\/pages\/5245","targetHints":{"allow":["GET"]}}],"collection":[{"href":"https:\/\/blogs.uned.es\/salidasprofesionales\/wp-json\/wp\/v2\/pages"}],"about":[{"href":"https:\/\/blogs.uned.es\/salidasprofesionales\/wp-json\/wp\/v2\/types\/page"}],"author":[{"embeddable":true,"href":"https:\/\/blogs.uned.es\/salidasprofesionales\/wp-json\/wp\/v2\/users\/5997"}],"replies":[{"embeddable":true,"href":"https:\/\/blogs.uned.es\/salidasprofesionales\/wp-json\/wp\/v2\/comments?post=5245"}],"version-history":[{"count":4,"href":"https:\/\/blogs.uned.es\/salidasprofesionales\/wp-json\/wp\/v2\/pages\/5245\/revisions"}],"predecessor-version":[{"id":5889,"href":"https:\/\/blogs.uned.es\/salidasprofesionales\/wp-json\/wp\/v2\/pages\/5245\/revisions\/5889"}],"up":[{"embeddable":true,"href":"https:\/\/blogs.uned.es\/salidasprofesionales\/wp-json\/wp\/v2\/pages\/175"}],"wp:attachment":[{"href":"https:\/\/blogs.uned.es\/salidasprofesionales\/wp-json\/wp\/v2\/media?parent=5245"}],"curies":[{"name":"wp","href":"https:\/\/api.w.org\/{rel}","templated":true}]}}

Estadísticas e informes del Mercado de Trabajo

<h4 class="wp-block-heading">&#8211; Para titulados</h4>


<div class="wp-block-image">
<figure class="aligncenter size-full"><img decoding="async" width="259" height="180" src="https://blogs.uned.es/salidasprofesionales/wp-content/uploads/sites/165/2022/07/ESTADISTICAS.jpg" alt="" class="wp-image-5247" /></figure>
</div>


<p>Las estadísticas laborales por titulación pueden consultarse por mes o anualmente mediante <a href="https://www.sepe.es/HomeSepe/que-es-el-sepe/observatorio/informes-mercado-trabajo/informacion-titulaciones/informacion-titulaciones-universitarias.html">este enlace</a> de la web del SEPE, consultando el Área de enseñanza universitaria “Ciencias sociales y jurídicas”.</p>



<h4 class="wp-block-heading">&#8211; Para sus salidas profesionales, puestos u ocupaciones</h4>



<p>La información de mercado de trabajo por ocupación puede consultarse en <a href="https://www.sepe.es/HomeSepe/que-es-el-sepe/estadisticas.html">este enlace</a> de la web del SEPE en la que se presenta información de mercado de trabajo de ámbito nacional y por grupo primario de ocupación, según la Clasificación Nacional de Ocupaciones (CNO). Algunos ejemplos de ocupaciones frecuentes entre los graduados en psicología serían los siguientes:</p>



<ul class="wp-block-list">
<li>Psicólogos</li>



<li>Profesionales de la salud no clasificados bajo otros epígrafes</li>



<li>Técnicos de la sanidad no clasificados bajo otros epígrafes</li>



<li>Profesionales del trabajo y la educación social</li>



<li>Profesionales de apoyo al trabajo y a la educación social</li>



<li>Técnicos de encuestas</li>
</ul>

<p>&#8211; Para titulados Las estadísticas laborales por titulación pueden consultarse por mes o anualmente mediante este enlace de la web del SEPE, consultando el Área de enseñanza universitaria “Ciencias sociales y jurídicas”. &#8211; Para sus salidas profesionales, puestos u ocupaciones La información de mercado de trabajo por ocupación puede consultarse en este enlace de la [&hellip;]</p>
