{"id":5237,"date":"2022-07-12T07:25:56","date_gmt":"2022-07-12T07:25:56","guid":{"rendered":"https:\/\/blogs.uned.es\/salidasprofesionales\/?page_id=5237"},"modified":"2022-07-12T07:25:57","modified_gmt":"2022-07-12T07:25:57","slug":"organizaciones-y-enlaces-relevantes","status":"publish","type":"page","link":"https:\/\/blogs.uned.es\/salidasprofesionales\/grados\/ciencias-de-la-salud\/grado-en-psicologia\/organizaciones-y-enlaces-relevantes\/","title":{"rendered":"Organizaciones y enlaces relevantes"},"content":{"rendered":"\n<div class=\"wp-block-image\"><figure class=\"aligncenter size-full\"><img decoding=\"async\" width=\"220\" height=\"180\" src=\"https:\/\/blogs.uned.es\/salidasprofesionales\/wp-content\/uploads\/sites\/165\/2022\/07\/ENLACES-RELEVANTES.jpg\" alt=\"\" class=\"wp-image-5239\" \/><figcaption>https:\/\/www.um.es\/web\/sepa\/contenido\/recursos\/enlaces-de-interes<\/figcaption><\/figure><\/div>\n\n\n\n<p><strong>Colegio Profesional: Consejo general de la Psicolog\u00eda en Espa\u00f1a<\/strong>. <a href=\"\/Users\/Uned\/Desktop\/Trash\/www.cop.es\">www.cop.es<\/a>.<\/p>\n\n\n\n<p>C\/Conde de Pe\u00f1alver 45 3\u00ba. 28006.<\/p>\n\n\n\n<p><strong>Responsable del t\u00edtulo UNED<\/strong>: Isabel G\u00f3mez Veiga (Coordinadora del T\u00edtulo de Grado en Psicolog\u00eda). <a href=\"mailto:igveiga@psi.uned.es\">igveiga@psi.uned.es<\/a> TLF: 91 398 8141<\/p>\n","protected":false},"excerpt":{"rendered":"<p>Colegio Profesional: Consejo general de la Psicolog\u00eda en Espa\u00f1a. www.cop.es. C\/Conde de Pe\u00f1alver 45 3\u00ba. 28006. Responsable del t\u00edtulo UNED: Isabel G\u00f3mez Veiga (Coordinadora del T\u00edtulo de Grado en Psicolog\u00eda). igveiga@psi.uned.es TLF: 91 398 8141<\/p>\n","protected":false},"author":5997,"featured_media":0,"parent":175,"menu_order":0,"comment_status":"closed","ping_status":"closed","template":"","meta":{"footnotes":""},"class_list":["post-5237","page","type-page","status-publish","czr-hentry"],"_links":{"self":[{"href":"https:\/\/blogs.uned.es\/salidasprofesionales\/wp-json\/wp\/v2\/pages\/5237","targetHints":{"allow":["GET"]}}],"collection":[{"href":"https:\/\/blogs.uned.es\/salidasprofesionales\/wp-json\/wp\/v2\/pages"}],"about":[{"href":"https:\/\/blogs.uned.es\/salidasprofesionales\/wp-json\/wp\/v2\/types\/page"}],"author":[{"embeddable":true,"href":"https:\/\/blogs.uned.es\/salidasprofesionales\/wp-json\/wp\/v2\/users\/5997"}],"replies":[{"embeddable":true,"href":"https:\/\/blogs.uned.es\/salidasprofesionales\/wp-json\/wp\/v2\/comments?post=5237"}],"version-history":[{"count":1,"href":"https:\/\/blogs.uned.es\/salidasprofesionales\/wp-json\/wp\/v2\/pages\/5237\/revisions"}],"predecessor-version":[{"id":5241,"href":"https:\/\/blogs.uned.es\/salidasprofesionales\/wp-json\/wp\/v2\/pages\/5237\/revisions\/5241"}],"up":[{"embeddable":true,"href":"https:\/\/blogs.uned.es\/salidasprofesionales\/wp-json\/wp\/v2\/pages\/175"}],"wp:attachment":[{"href":"https:\/\/blogs.uned.es\/salidasprofesionales\/wp-json\/wp\/v2\/media?parent=5237"}],"curies":[{"name":"wp","href":"https:\/\/api.w.org\/{rel}","templated":true}]}}

<div class="wp-block-image"><figure class="aligncenter size-full"><img decoding="async" width="220" height="180" src="https://blogs.uned.es/salidasprofesionales/wp-content/uploads/sites/165/2022/07/ENLACES-RELEVANTES.jpg" alt="" class="wp-image-5239" /><figcaption>https://www.um.es/web/sepa/contenido/recursos/enlaces-de-interes</figcaption></figure></div>



<p><strong>Colegio Profesional: Consejo general de la Psicología en España</strong>. <a href="/Users/Uned/Desktop/Trash/www.cop.es">www.cop.es</a>.</p>



<p>C/Conde de Peñalver 45 3º. 28006.</p>



<p><strong>Responsable del título UNED</strong>: Isabel Gómez Veiga (Coordinadora del Título de Grado en Psicología). <a href="mailto:igveiga@psi.uned.es">igveiga@psi.uned.es</a> TLF: 91 398 8141</p>

<p>Colegio Profesional: Consejo general de la Psicología en España. www.cop.es. C/Conde de Peñalver 45 3º. 28006. Responsable del título UNED: Isabel Gómez Veiga (Coordinadora del Título de Grado en Psicología). igveiga@psi.uned.es TLF: 91 398 8141</p>
