{"id":4677,"date":"2021-06-29T17:44:15","date_gmt":"2021-06-29T17:44:15","guid":{"rendered":"https:\/\/blogs.uned.es\/salidasprofesionales\/?page_id=4677"},"modified":"2021-06-29T17:44:16","modified_gmt":"2021-06-29T17:44:16","slug":"competencias-profesionales","status":"publish","type":"page","link":"https:\/\/blogs.uned.es\/salidasprofesionales\/grado-en-estudios-ingleses-lengua-literatura-y-cultura\/competencias-profesionales\/","title":{"rendered":"Competencias profesionales"},"content":{"rendered":"\n<div class=\"wp-block-image\"><figure class=\"aligncenter size-large\"><img fetchpriority=\"high\" decoding=\"async\" width=\"318\" height=\"159\" src=\"https:\/\/blogs.uned.es\/salidasprofesionales\/wp-content\/uploads\/sites\/165\/2021\/06\/competencias-1.jpg\" alt=\"\" class=\"wp-image-4679\" \/><\/figure><\/div>\n\n\n\n<p class=\"wp-block-paragraph\"><strong>Competencias gen\u00e9ricas de la UNED<\/strong><br><br>La UNED ha elaborado un mapa de competencias gen\u00e9ricas agrupadas en torno a cuatro amplias categor\u00edas o \u00e1reas competenciales que tienen como objetivo describir el perfil de un titulado de la UNED. La organizaci\u00f3n de competencias que se propone se asemeja a las planteadas por el proyecto DeSeCo de la OECD, el proyecto TRANSED elaborado por un consorcio de universidades brit\u00e1nicas lideradas por la Universidad de Surrey, el modelo de Bennett y cols.1999, la universidad de Cambridge o la categorizaci\u00f3n de la AQU, entre otras propuestas.<br><br>El tipo de competencias gen\u00e9ricas seleccionadas indica el proceso formativo que deber\u00e1 abordarse en los diversos t\u00edtulos de la universidad para que los estudiantes puedan desarrollar dichas competencias.<br><br>La UNED propone que todo graduado sea competente, con car\u00e1cter gen\u00e9rico, para llevar a cabo de forma solvente una amplia gama de actuaciones considerada relevante en la Sociedad del Conocimiento y el aprendizaje a lo largo de la vida.<br><br><strong>\u00c1rea competencial 1: Gesti\u00f3n aut\u00f3noma y autorregulada del trabajo<\/strong><br><br><strong>a)&nbsp;&nbsp;&nbsp;<\/strong>Competencias de gesti\u00f3n y planificaci\u00f3n<br>1.&nbsp;&nbsp;&nbsp;&nbsp;&nbsp; Iniciativa y motivaci\u00f3n<br>2.&nbsp;&nbsp;&nbsp;&nbsp;&nbsp; Planificaci\u00f3n y organizaci\u00f3n (establecimiento de objetivos y prioridades, secuenciaci\u00f3n y organizaci\u00f3n del tiempo, etc.)<br>3.&nbsp;&nbsp;&nbsp;&nbsp;&nbsp; Manejo adecuado del tiempo<br><br><strong>b)&nbsp;&nbsp;&nbsp;<\/strong>Competencias cognitivas superiores<br>1.&nbsp;&nbsp;&nbsp;&nbsp;&nbsp; Capacidad de an\u00e1lisis y s\u00edntesis<br>2.&nbsp;&nbsp;&nbsp;&nbsp;&nbsp; Aplicaci\u00f3n de los conocimientos a la pr\u00e1ctica<br>3.&nbsp;&nbsp;&nbsp;&nbsp;&nbsp; Resoluci\u00f3n de problemas en entornos poco conocidos o nuevos<br>4.&nbsp;&nbsp;&nbsp;&nbsp;&nbsp; Pensamiento creativo<br>5.&nbsp;&nbsp;&nbsp;&nbsp;&nbsp; Razonamiento cr\u00edtico. Juicio cr\u00edtico del trabajo personal y del de otros<br>6.&nbsp;&nbsp;&nbsp;&nbsp;&nbsp; Toma de decisiones<br><br><strong>c)&nbsp;&nbsp;&nbsp;<\/strong>Competencias de gesti\u00f3n de la calidad y de la innovaci\u00f3n<br>1.&nbsp;&nbsp;&nbsp;&nbsp;&nbsp; Seguimiento o monitorizaci\u00f3n y evaluaci\u00f3n del trabajo propio o de otros<br>2.&nbsp;&nbsp;&nbsp;&nbsp;&nbsp; Aplicaci\u00f3n de medidas de mejora<br>3.&nbsp;&nbsp;&nbsp;&nbsp;&nbsp; Innovaci\u00f3n<\/p>\n\n\n\n<p class=\"wp-block-paragraph\"><strong>\u00c1rea competencial 2: Gesti\u00f3n de los procesos de comunicaci\u00f3n e informaci\u00f3n<\/strong><br><br><strong>a)&nbsp;&nbsp;&nbsp;<\/strong>Competencias de expresi\u00f3n y comunicaci\u00f3n eficaces a trav\u00e9s de distintos medios y con distintos tipos de interlocutores<br>1.&nbsp;&nbsp;&nbsp;&nbsp;&nbsp; Comunicaci\u00f3n y expresi\u00f3n escrita en espa\u00f1ol<br>2.&nbsp;&nbsp;&nbsp;&nbsp;&nbsp; Comunicaci\u00f3n y expresi\u00f3n&nbsp; oral en espa\u00f1ol<br>3.&nbsp;&nbsp;&nbsp;&nbsp;&nbsp; Comunicaci\u00f3n y expresi\u00f3n en otras lenguas<br>4.&nbsp;&nbsp;&nbsp;&nbsp;&nbsp; Comunicaci\u00f3n y expresi\u00f3n matem\u00e1tica, cient\u00edfica y tecnol\u00f3gica (cuando sea requerido y estableciendo los niveles oportunos)<br><br><strong>b)&nbsp;&nbsp;&nbsp;<\/strong>Competencias de uso de las herramientas y recursos de la Sociedad del Conocimiento<br>1.&nbsp;&nbsp;&nbsp;&nbsp;&nbsp; Manejo de las TIC<br>2.&nbsp;&nbsp;&nbsp;&nbsp;&nbsp; Competencia para la b\u00fasqueda de informaci\u00f3n relevante<br>3.&nbsp;&nbsp;&nbsp;&nbsp;&nbsp; Competencia para la organizaci\u00f3n de la informaci\u00f3n<br>4.&nbsp;&nbsp;&nbsp;&nbsp;&nbsp; Competencia para la recolecci\u00f3n de datos, el manejo de bases de datos y su presentaci\u00f3n<\/p>\n\n\n\n<p class=\"wp-block-paragraph\"><strong>\u00c1rea competencial 3: Trabajo en equipo<\/strong><br><br>1.&nbsp;&nbsp;&nbsp;&nbsp;&nbsp; Habilidad para coordinarse con el trabajo de otros<br>2.&nbsp;&nbsp;&nbsp;&nbsp;&nbsp; Habilidad para negociar de forma eficaz<br>3.&nbsp;&nbsp;&nbsp;&nbsp;&nbsp; Habilidad para la mediaci\u00f3n y resoluci\u00f3n de conflictos<br>4.&nbsp;&nbsp;&nbsp;&nbsp;&nbsp; Habilidad para coordinar grupos de trabajo<br>5.&nbsp;&nbsp;&nbsp;&nbsp;&nbsp; Liderazgo<\/p>\n\n\n\n<p class=\"wp-block-paragraph\"><strong>\u00c1rea competencial 4: Compromiso \u00e9tico relacionado con la deontolog\u00eda profesional<\/strong><br>1.&nbsp;&nbsp;&nbsp;&nbsp;&nbsp; Compromiso \u00e9tico<br>2.&nbsp;&nbsp;&nbsp;&nbsp;&nbsp; \u00c9tica profesional<br>3.&nbsp;&nbsp;&nbsp;&nbsp;&nbsp; Respeto a los derechos fundamentales y de igualdad entre hombres y mujeres.<br>4.&nbsp;&nbsp;&nbsp;&nbsp;&nbsp; Respeto y promoci\u00f3n de los Derechos Humanos y los principios de accesibilidad universal y dise\u00f1o para todos.<br>5.&nbsp;&nbsp;&nbsp;&nbsp;&nbsp; Respeto y promoci\u00f3n de valores propios de una cultura de paz y de valores democr\u00e1ticos.<br>&nbsp;<\/p>\n\n\n\n<p class=\"wp-block-paragraph\">Adem\u00e1s de estas competencias se pueden ver otras m\u00e1s en la memoria de verificaci\u00f3n del t\u00edtulo <a href=\"https:\/\/descargas.uned.es\/publico\/pdf\/guias\/grados\/memoria_verificacion\/MEMORIA_VERIFICACION_6402.pdf\">MEMORIA_VERIFICACION_6402.pdf (uned.es)<\/a><\/p>\n\n\n\n<p class=\"wp-block-paragraph\">En t\u00e9rminos generales, estas competencias, tanto b\u00e1sicas como espec\u00edficas, determinar\u00e1n las siguientes garant\u00edas:<br><br>1) Garant\u00eda de que los estudiantes han demostrado poseer y asimilar conocimientos en el \u00e1rea de los Estudios Ingleses que parten de la base de la educaci\u00f3n secundaria general y que corresponden a un nivel que, si bien se apoya en libros de texto avanzados, incluye tambi\u00e9n algunos aspectos que implican conocimientos procedentes de la vanguardia de su campo de estudio.<br><br>2) Garant\u00eda de que los estudiantes son capaces de aplicar sus conocimientos a su trabajo o vocaci\u00f3n de una forma profesional y de que poseen las competencias que requieren demostraci\u00f3n a trav\u00e9s de la elaboraci\u00f3n y defensa de argumentos, as\u00ed como la capacidad de resoluci\u00f3n de problemas y, en su caso, de generaci\u00f3n de nuevas ideas&nbsp; dentro del \u00e1rea de los estudios ingleses, en los \u00e1mbitos de la Lengua, la Literatura y la Cultura.<br><br>3) Garant\u00eda de que los estudiantes poseen la capacidad de reunir e interpretar datos ling\u00fc\u00edsticos y literarios relevantes para emitir juicios que incluyan, en su caso, una reflexi\u00f3n sobre temas relevantes de \u00edndole social, cient\u00edfica o \u00e9tica.<br><br>4) Garant\u00eda de que los estudiantes pueden transmitir informaci\u00f3n, ideas, problemas y soluciones a un p\u00fablico tanto especializado como no especializado en cuestiones filol\u00f3gicas.<br><br>5) Garant\u00eda de que los estudiantes han desarrollado aquellas habilidades de aprendizaje de car\u00e1cter filol\u00f3gico necesarias para acometer estudios posteriores con un alto grado de autonom\u00eda.<\/p>\n\n\n\n<p class=\"wp-block-paragraph\">En definitiva, al completar los estudios de Grado, el estudiante debe ser capaz de:<br>1.&nbsp;&nbsp;&nbsp; Demostrar su familiaridad con las bases fundamentales y la historia de su propia disciplina de especializaci\u00f3n.<br>2.&nbsp;&nbsp;&nbsp; Situar la informaci\u00f3n nueva y la interpretaci\u00f3n de la misma en su contexto.<br>3.&nbsp;&nbsp;&nbsp; Demostrar que comprende la estructura general de la disciplina y la conexi\u00f3n con sus subdisciplinas.<br>4. &nbsp;&nbsp; Demostrar que comprende y que es capaz de implementar los m\u00e9todos de an\u00e1lisis cr\u00edtico y desarrollo de teor\u00edas, as\u00ed como de generar, en su caso, ideas nuevas.<br>5.&nbsp;&nbsp;&nbsp; Desarrollar con precisi\u00f3n los m\u00e9todos y t\u00e9cnicas relacionados con su disciplina.<br>6.&nbsp;&nbsp;&nbsp; Demostrar que comprende la investigaci\u00f3n cualitativa relacionada con su disciplina.<br>7.&nbsp;&nbsp;&nbsp; Demostrar que comprende las pruebas experimentales y de observaci\u00f3n de las teor\u00edas cient\u00edficas.<br>8.&nbsp;&nbsp;&nbsp; Comunicar de forma coherente el conocimiento b\u00e1sico adquirido.<br>9.&nbsp;&nbsp;&nbsp; Apreciar y respetar las diferencias culturales, literarias y ling\u00fc\u00edsticas entre las distintas variedades sociales y geogr\u00e1ficas del ingl\u00e9s.<br>10.&nbsp; Demostrar una mentalidad abierta al mundo desde el bagaje que proporciona una de las lenguas de mayor peso internacional, tanto desde un punto de vista ling\u00fc\u00edstico y literario como ideol\u00f3gico y cultural.<\/p>\n","protected":false},"excerpt":{"rendered":"<p>Competencias gen\u00e9ricas de la UNED La UNED ha elaborado un mapa de competencias gen\u00e9ricas agrupadas en torno a cuatro amplias categor\u00edas o \u00e1reas competenciales que tienen como objetivo describir el perfil de un titulado de la UNED. La organizaci\u00f3n de competencias que se propone se asemeja a las planteadas por el proyecto DeSeCo de la [&hellip;]<\/p>\n","protected":false},"author":5997,"featured_media":0,"parent":139,"menu_order":0,"comment_status":"closed","ping_status":"closed","template":"","meta":{"footnotes":""},"class_list":["post-4677","page","type-page","status-publish","czr-hentry"],"_links":{"self":[{"href":"https:\/\/blogs.uned.es\/salidasprofesionales\/wp-json\/wp\/v2\/pages\/4677","targetHints":{"allow":["GET"]}}],"collection":[{"href":"https:\/\/blogs.uned.es\/salidasprofesionales\/wp-json\/wp\/v2\/pages"}],"about":[{"href":"https:\/\/blogs.uned.es\/salidasprofesionales\/wp-json\/wp\/v2\/types\/page"}],"author":[{"embeddable":true,"href":"https:\/\/blogs.uned.es\/salidasprofesionales\/wp-json\/wp\/v2\/users\/5997"}],"replies":[{"embeddable":true,"href":"https:\/\/blogs.uned.es\/salidasprofesionales\/wp-json\/wp\/v2\/comments?post=4677"}],"version-history":[{"count":1,"href":"https:\/\/blogs.uned.es\/salidasprofesionales\/wp-json\/wp\/v2\/pages\/4677\/revisions"}],"predecessor-version":[{"id":4681,"href":"https:\/\/blogs.uned.es\/salidasprofesionales\/wp-json\/wp\/v2\/pages\/4677\/revisions\/4681"}],"up":[{"embeddable":true,"href":"https:\/\/blogs.uned.es\/salidasprofesionales\/wp-json\/wp\/v2\/pages\/139"}],"wp:attachment":[{"href":"https:\/\/blogs.uned.es\/salidasprofesionales\/wp-json\/wp\/v2\/media?parent=4677"}],"curies":[{"name":"wp","href":"https:\/\/api.w.org\/{rel}","templated":true}]}}

<div class="wp-block-image"><figure class="aligncenter size-large"><img fetchpriority="high" decoding="async" width="318" height="159" src="https://blogs.uned.es/salidasprofesionales/wp-content/uploads/sites/165/2021/06/competencias-1.jpg" alt="" class="wp-image-4679" /></figure></div>



<p class="wp-block-paragraph"><strong>Competencias genéricas de la UNED</strong><br><br>La UNED ha elaborado un mapa de competencias genéricas agrupadas en torno a cuatro amplias categorías o áreas competenciales que tienen como objetivo describir el perfil de un titulado de la UNED. La organización de competencias que se propone se asemeja a las planteadas por el proyecto DeSeCo de la OECD, el proyecto TRANSED elaborado por un consorcio de universidades británicas lideradas por la Universidad de Surrey, el modelo de Bennett y cols.1999, la universidad de Cambridge o la categorización de la AQU, entre otras propuestas.<br><br>El tipo de competencias genéricas seleccionadas indica el proceso formativo que deberá abordarse en los diversos títulos de la universidad para que los estudiantes puedan desarrollar dichas competencias.<br><br>La UNED propone que todo graduado sea competente, con carácter genérico, para llevar a cabo de forma solvente una amplia gama de actuaciones considerada relevante en la Sociedad del Conocimiento y el aprendizaje a lo largo de la vida.<br><br><strong>Área competencial 1: Gestión autónoma y autorregulada del trabajo</strong><br><br><strong>a)&nbsp;&nbsp;&nbsp;</strong>Competencias de gestión y planificación<br>1.&nbsp;&nbsp;&nbsp;&nbsp;&nbsp; Iniciativa y motivación<br>2.&nbsp;&nbsp;&nbsp;&nbsp;&nbsp; Planificación y organización (establecimiento de objetivos y prioridades, secuenciación y organización del tiempo, etc.)<br>3.&nbsp;&nbsp;&nbsp;&nbsp;&nbsp; Manejo adecuado del tiempo<br><br><strong>b)&nbsp;&nbsp;&nbsp;</strong>Competencias cognitivas superiores<br>1.&nbsp;&nbsp;&nbsp;&nbsp;&nbsp; Capacidad de análisis y síntesis<br>2.&nbsp;&nbsp;&nbsp;&nbsp;&nbsp; Aplicación de los conocimientos a la práctica<br>3.&nbsp;&nbsp;&nbsp;&nbsp;&nbsp; Resolución de problemas en entornos poco conocidos o nuevos<br>4.&nbsp;&nbsp;&nbsp;&nbsp;&nbsp; Pensamiento creativo<br>5.&nbsp;&nbsp;&nbsp;&nbsp;&nbsp; Razonamiento crítico. Juicio crítico del trabajo personal y del de otros<br>6.&nbsp;&nbsp;&nbsp;&nbsp;&nbsp; Toma de decisiones<br><br><strong>c)&nbsp;&nbsp;&nbsp;</strong>Competencias de gestión de la calidad y de la innovación<br>1.&nbsp;&nbsp;&nbsp;&nbsp;&nbsp; Seguimiento o monitorización y evaluación del trabajo propio o de otros<br>2.&nbsp;&nbsp;&nbsp;&nbsp;&nbsp; Aplicación de medidas de mejora<br>3.&nbsp;&nbsp;&nbsp;&nbsp;&nbsp; Innovación</p>



<p class="wp-block-paragraph"><strong>Área competencial 2: Gestión de los procesos de comunicación e información</strong><br><br><strong>a)&nbsp;&nbsp;&nbsp;</strong>Competencias de expresión y comunicación eficaces a través de distintos medios y con distintos tipos de interlocutores<br>1.&nbsp;&nbsp;&nbsp;&nbsp;&nbsp; Comunicación y expresión escrita en español<br>2.&nbsp;&nbsp;&nbsp;&nbsp;&nbsp; Comunicación y expresión&nbsp; oral en español<br>3.&nbsp;&nbsp;&nbsp;&nbsp;&nbsp; Comunicación y expresión en otras lenguas<br>4.&nbsp;&nbsp;&nbsp;&nbsp;&nbsp; Comunicación y expresión matemática, científica y tecnológica (cuando sea requerido y estableciendo los niveles oportunos)<br><br><strong>b)&nbsp;&nbsp;&nbsp;</strong>Competencias de uso de las herramientas y recursos de la Sociedad del Conocimiento<br>1.&nbsp;&nbsp;&nbsp;&nbsp;&nbsp; Manejo de las TIC<br>2.&nbsp;&nbsp;&nbsp;&nbsp;&nbsp; Competencia para la búsqueda de información relevante<br>3.&nbsp;&nbsp;&nbsp;&nbsp;&nbsp; Competencia para la organización de la información<br>4.&nbsp;&nbsp;&nbsp;&nbsp;&nbsp; Competencia para la recolección de datos, el manejo de bases de datos y su presentación</p>



<p class="wp-block-paragraph"><strong>Área competencial 3: Trabajo en equipo</strong><br><br>1.&nbsp;&nbsp;&nbsp;&nbsp;&nbsp; Habilidad para coordinarse con el trabajo de otros<br>2.&nbsp;&nbsp;&nbsp;&nbsp;&nbsp; Habilidad para negociar de forma eficaz<br>3.&nbsp;&nbsp;&nbsp;&nbsp;&nbsp; Habilidad para la mediación y resolución de conflictos<br>4.&nbsp;&nbsp;&nbsp;&nbsp;&nbsp; Habilidad para coordinar grupos de trabajo<br>5.&nbsp;&nbsp;&nbsp;&nbsp;&nbsp; Liderazgo</p>



<p class="wp-block-paragraph"><strong>Área competencial 4: Compromiso ético relacionado con la deontología profesional</strong><br>1.&nbsp;&nbsp;&nbsp;&nbsp;&nbsp; Compromiso ético<br>2.&nbsp;&nbsp;&nbsp;&nbsp;&nbsp; Ética profesional<br>3.&nbsp;&nbsp;&nbsp;&nbsp;&nbsp; Respeto a los derechos fundamentales y de igualdad entre hombres y mujeres.<br>4.&nbsp;&nbsp;&nbsp;&nbsp;&nbsp; Respeto y promoción de los Derechos Humanos y los principios de accesibilidad universal y diseño para todos.<br>5.&nbsp;&nbsp;&nbsp;&nbsp;&nbsp; Respeto y promoción de valores propios de una cultura de paz y de valores democráticos.<br>&nbsp;</p>



<p class="wp-block-paragraph">Además de estas competencias se pueden ver otras más en la memoria de verificación del título <a href="https://descargas.uned.es/publico/pdf/guias/grados/memoria_verificacion/MEMORIA_VERIFICACION_6402.pdf">MEMORIA_VERIFICACION_6402.pdf (uned.es)</a></p>



<p class="wp-block-paragraph">En términos generales, estas competencias, tanto básicas como específicas, determinarán las siguientes garantías:<br><br>1) Garantía de que los estudiantes han demostrado poseer y asimilar conocimientos en el área de los Estudios Ingleses que parten de la base de la educación secundaria general y que corresponden a un nivel que, si bien se apoya en libros de texto avanzados, incluye también algunos aspectos que implican conocimientos procedentes de la vanguardia de su campo de estudio.<br><br>2) Garantía de que los estudiantes son capaces de aplicar sus conocimientos a su trabajo o vocación de una forma profesional y de que poseen las competencias que requieren demostración a través de la elaboración y defensa de argumentos, así como la capacidad de resolución de problemas y, en su caso, de generación de nuevas ideas&nbsp; dentro del área de los estudios ingleses, en los ámbitos de la Lengua, la Literatura y la Cultura.<br><br>3) Garantía de que los estudiantes poseen la capacidad de reunir e interpretar datos lingüísticos y literarios relevantes para emitir juicios que incluyan, en su caso, una reflexión sobre temas relevantes de índole social, científica o ética.<br><br>4) Garantía de que los estudiantes pueden transmitir información, ideas, problemas y soluciones a un público tanto especializado como no especializado en cuestiones filológicas.<br><br>5) Garantía de que los estudiantes han desarrollado aquellas habilidades de aprendizaje de carácter filológico necesarias para acometer estudios posteriores con un alto grado de autonomía.</p>



<p class="wp-block-paragraph">En definitiva, al completar los estudios de Grado, el estudiante debe ser capaz de:<br>1.&nbsp;&nbsp;&nbsp; Demostrar su familiaridad con las bases fundamentales y la historia de su propia disciplina de especialización.<br>2.&nbsp;&nbsp;&nbsp; Situar la información nueva y la interpretación de la misma en su contexto.<br>3.&nbsp;&nbsp;&nbsp; Demostrar que comprende la estructura general de la disciplina y la conexión con sus subdisciplinas.<br>4. &nbsp;&nbsp; Demostrar que comprende y que es capaz de implementar los métodos de análisis crítico y desarrollo de teorías, así como de generar, en su caso, ideas nuevas.<br>5.&nbsp;&nbsp;&nbsp; Desarrollar con precisión los métodos y técnicas relacionados con su disciplina.<br>6.&nbsp;&nbsp;&nbsp; Demostrar que comprende la investigación cualitativa relacionada con su disciplina.<br>7.&nbsp;&nbsp;&nbsp; Demostrar que comprende las pruebas experimentales y de observación de las teorías científicas.<br>8.&nbsp;&nbsp;&nbsp; Comunicar de forma coherente el conocimiento básico adquirido.<br>9.&nbsp;&nbsp;&nbsp; Apreciar y respetar las diferencias culturales, literarias y lingüísticas entre las distintas variedades sociales y geográficas del inglés.<br>10.&nbsp; Demostrar una mentalidad abierta al mundo desde el bagaje que proporciona una de las lenguas de mayor peso internacional, tanto desde un punto de vista lingüístico y literario como ideológico y cultural.</p>

<p>Competencias genéricas de la UNED La UNED ha elaborado un mapa de competencias genéricas agrupadas en torno a cuatro amplias categorías o áreas competenciales que tienen como objetivo describir el perfil de un titulado de la UNED. La organización de competencias que se propone se asemeja a las planteadas por el proyecto DeSeCo de la [&hellip;]</p>
