{"id":4483,"date":"2020-12-15T13:07:26","date_gmt":"2020-12-15T13:07:26","guid":{"rendered":"http:\/\/blogs.uned.es\/salidasprofesionales\/?page_id=4483"},"modified":"2020-12-15T13:07:32","modified_gmt":"2020-12-15T13:07:32","slug":"estadisticas-e-informes-del-mercado-de-trabajo-fisica","status":"publish","type":"page","link":"https:\/\/blogs.uned.es\/salidasprofesionales\/grados\/ciencias\/grado-en-fisica\/estadisticas-e-informes-del-mercado-de-trabajo-fisica\/","title":{"rendered":"Estad\u00edsticas e informes del mercado de trabajo (F\u00edsica)"},"content":{"rendered":"<p><img fetchpriority=\"high\" decoding=\"async\" class=\"aligncenter size-full wp-image-4485\" src=\"http:\/\/blogs.uned.es\/salidasprofesionales\/wp-content\/uploads\/sites\/165\/2020\/12\/estad\u00edsticas.jpg\" alt=\"\" width=\"170\" height=\"296\" \/><\/p>\n<p>Os proponemos los siguientes enlaces:<\/p>\n<ul>\n<li><a href=\"http:\/\/portal.uned.es\/pls\/portal\/url\/page\/UNED_MAIN\/GRADOS\/6104\/2021\"> Grados EEES. Grado en F\u00edsica<\/a><\/li>\n<li><a href=\"http:\/\/www.aneca.es\/\">Agencia Nacional de Evaluaci\u00f3n de la Calidad y Acreditaci\u00f3n (ANECA)<\/a>.<\/li>\n<li><a href=\"http:\/\/www.aneca.es\/media\/150412\/libroblanco_jun05_fisica.pdf\">Libro Blanco del T\u00edtulo de Grado en F\u00edsica<\/a><\/li>\n<li><a href=\"https:\/\/www.sepe.es\/HomeSepe\/que-es-el-sepe\/estadisticas.html\">Estad\u00edsticas del Sistema P\u00fablico de Empleo<\/a><\/li>\n<li><a href=\"https:\/\/administracion.gob.es\/\">punto de acceso a la Administraci\u00f3n espa\u00f1ola<\/a><\/li>\n<li><a href=\"https:\/\/rsef.es\/\">Real Sociedad Espa\u00f1ola de F\u00edsica (RSEF) <\/a><\/li>\n<li><a href=\"http:\/\/coie-server.uned.es\/observatorio\">Observatorio de Empleabilidad y Empleo de la UNED<\/a><\/li>\n<\/ul>\n","protected":false},"excerpt":{"rendered":"<p>Os proponemos los siguientes enlaces: Grados EEES. Grado en F\u00edsica Agencia Nacional de Evaluaci\u00f3n de la Calidad y Acreditaci\u00f3n (ANECA). Libro Blanco del T\u00edtulo de Grado en F\u00edsica Estad\u00edsticas del Sistema P\u00fablico de Empleo punto de acceso a la Administraci\u00f3n espa\u00f1ola Real Sociedad Espa\u00f1ola de F\u00edsica (RSEF) Observatorio de Empleabilidad y Empleo de la UNED<\/p>\n","protected":false},"author":5997,"featured_media":0,"parent":283,"menu_order":0,"comment_status":"closed","ping_status":"closed","template":"","meta":{"footnotes":""},"class_list":["post-4483","page","type-page","status-publish","czr-hentry"],"_links":{"self":[{"href":"https:\/\/blogs.uned.es\/salidasprofesionales\/wp-json\/wp\/v2\/pages\/4483","targetHints":{"allow":["GET"]}}],"collection":[{"href":"https:\/\/blogs.uned.es\/salidasprofesionales\/wp-json\/wp\/v2\/pages"}],"about":[{"href":"https:\/\/blogs.uned.es\/salidasprofesionales\/wp-json\/wp\/v2\/types\/page"}],"author":[{"embeddable":true,"href":"https:\/\/blogs.uned.es\/salidasprofesionales\/wp-json\/wp\/v2\/users\/5997"}],"replies":[{"embeddable":true,"href":"https:\/\/blogs.uned.es\/salidasprofesionales\/wp-json\/wp\/v2\/comments?post=4483"}],"version-history":[{"count":1,"href":"https:\/\/blogs.uned.es\/salidasprofesionales\/wp-json\/wp\/v2\/pages\/4483\/revisions"}],"predecessor-version":[{"id":4487,"href":"https:\/\/blogs.uned.es\/salidasprofesionales\/wp-json\/wp\/v2\/pages\/4483\/revisions\/4487"}],"up":[{"embeddable":true,"href":"https:\/\/blogs.uned.es\/salidasprofesionales\/wp-json\/wp\/v2\/pages\/283"}],"wp:attachment":[{"href":"https:\/\/blogs.uned.es\/salidasprofesionales\/wp-json\/wp\/v2\/media?parent=4483"}],"curies":[{"name":"wp","href":"https:\/\/api.w.org\/{rel}","templated":true}]}}