{"id":3553,"date":"2020-07-13T09:34:26","date_gmt":"2020-07-13T09:34:26","guid":{"rendered":"http:\/\/blogs.uned.es\/salidasprofesionales\/?page_id=3553"},"modified":"2025-05-20T15:20:39","modified_gmt":"2025-05-20T15:20:39","slug":"master-universitario-en-estrategias-y-tecnologias-para-la-funcion-docente-en-la-sociedad-multicultural","status":"publish","type":"page","link":"https:\/\/blogs.uned.es\/salidasprofesionales\/master\/facultad-de-educacion\/master-universitario-en-estrategias-y-tecnologias-para-la-funcion-docente-en-la-sociedad-multicultural\/","title":{"rendered":"M\u00c1STER UNIVERSITARIO EN ESTRATEGIAS Y TECNOLOG\u00cdAS PARA LA FUNCI\u00d3N DOCENTE EN LA SOCIEDAD MULTICULTURAL"},"content":{"rendered":"<p><img decoding=\"async\" class=\"wp-image-3555 aligncenter\" src=\"http:\/\/blogs.uned.es\/salidasprofesionales\/wp-content\/uploads\/sites\/165\/2020\/07\/educaci\u00f3n-multicultural.jpg\" alt=\"\" width=\"272\" height=\"182\" srcset=\"https:\/\/blogs.uned.es\/salidasprofesionales\/wp-content\/uploads\/sites\/165\/2020\/07\/educaci\u00f3n-multicultural.jpg 272w, https:\/\/blogs.uned.es\/salidasprofesionales\/wp-content\/uploads\/sites\/165\/2020\/07\/educaci\u00f3n-multicultural-270x182.jpg 270w\" sizes=\"(max-width: 272px) 100vw, 272px\" \/><\/p>\n<p>El t\u00edtulo abarca dos escenarios:<\/p>\n<ol>\n<li>Formaci\u00f3n del profesorado en la sociedad multicultural: se centra en la importancia de la formaci\u00f3n especializada del profesorado y de los profesionales de la educaci\u00f3n en la funci\u00f3n docente-did\u00e1ctica en una sociedad multicultural.<\/li>\n<li>Estrategias y tecnolog\u00edas para la educaci\u00f3n y el conocimiento: se centra en la importancia de la integraci\u00f3n de las Tecnolog\u00edas de la Informaci\u00f3n y la Comunicaci\u00f3n (TIC) en la formaci\u00f3n docente y de los profesionales de las instituciones educativas en el contexto de la sociedad del conocimiento.<\/li>\n<\/ol>\n<p><em><strong>Los puestos laborales<\/strong><\/em> m\u00e1s importantes relacionados con este M\u00e1ster son:<\/p>\n<p><strong>Dise\u00f1ador de materiales did\u00e1cticos.<\/strong> Profesional responsable de la elaboraci\u00f3n de herramientas impresas, audiovisuales o multimedia, que faciliten el proceso de ense\u00f1anza-aprendizaje y que sirvan como apoyo al desarrollo de programas educativos ante una necesidad formativa previamente detectada. Estos materiales pueden tener dos funciones: como apoyo en la ense\u00f1anza presencial o como material de autoaprendizaje en formaci\u00f3n a distancia.<\/p>\n<p><strong>Dise\u00f1ador y Evaluador de Procesos de Ense\u00f1anza-Aprendizaje:<\/strong> es el profesional que se encarga del dise\u00f1o de procesos de ense\u00f1anza-aprendizaje vinculados a diferentes \u00e1mbitos o niveles. Su funci\u00f3n es dise\u00f1ar planes, proyectos, programas y acciones de car\u00e1cter educativo y formativo, as\u00ed como su evaluaci\u00f3n. Esta tarea implica el dominio de los principios de la programaci\u00f3n educativa, del dise\u00f1o curricular, de la tecnolog\u00eda educativa, la evaluaci\u00f3n, etc. Su tarea tambi\u00e9n implica procesos de innovaci\u00f3n y mejora educativa.<\/p>\n<p><strong>Dise\u00f1ador y Evaluador de Recursos Did\u00e1cticos, TIC y Multimedia:\u00a0<\/strong>Los profesionales de este \u00e1mbito tienen que participar y\/o coordinar equipos de dise\u00f1o, producci\u00f3n y evaluaci\u00f3n de recursos did\u00e1cticos y multimedia en diferentes soportes y lenguajes (textuales, audiovisuales, multimedia, internet, etc.) garantizando su adecuaci\u00f3n a los usuarios y contextos en los que dichos recursos se utilizar\u00e1n. Para ello deben estar al d\u00eda en las cuestiones b\u00e1sicas de organizaci\u00f3n y funcionamiento de los diferentes niveles y contextos educativos, las \u00e1reas curriculares prestando atenci\u00f3n no s\u00f3lo al sistema de ense\u00f1anza reglada sino tambi\u00e9n a los diferentes campos de la formaci\u00f3n para el trabajo, la educaci\u00f3n social, etc. Tambi\u00e9n desarrollan tareas de evaluaci\u00f3n tanto de los recursos dise\u00f1ados, de los existentes de similares caracter\u00edsticas, as\u00ed como de los resultados de la implementaci\u00f3n de los materiales producidos.<\/p>\n<p>Para m\u00e1s informaci\u00f3n contactar con el <em><strong>coordinador del m\u00e1ster<\/strong><\/em>\u00a0Ernesto L\u00f3pez G\u00f3mez, elopez@edu.uned.es o <em><strong>secretaria<\/strong><\/em>:\u00a0 Mar\u00eda Luz Cacheiro Gonz\u00e1lez, mlcacheiro@edu.uned.es<\/p>\n<p>O con el Consejo General de Colegios de Educadoras y Educadores Sociales, con la Asociaci\u00f3n Profesional Iniciativa Colegio de Pedagogos y Psicopedagogos o la Confederaci\u00f3n de Organizaciones de Psicopedagog\u00eda y Orientaci\u00f3n de Espa\u00f1a (COPOE).<\/p>\n","protected":false},"excerpt":{"rendered":"<p>El t\u00edtulo abarca dos escenarios: Formaci\u00f3n del profesorado en la sociedad multicultural: se centra en la importancia de la formaci\u00f3n especializada del profesorado y de los profesionales de la educaci\u00f3n en la funci\u00f3n docente-did\u00e1ctica en una sociedad multicultural. Estrategias y tecnolog\u00edas para la educaci\u00f3n y el conocimiento: se centra en la importancia de la integraci\u00f3n [&hellip;]<\/p>\n","protected":false},"author":5997,"featured_media":0,"parent":3537,"menu_order":0,"comment_status":"closed","ping_status":"closed","template":"","meta":{"footnotes":""},"class_list":["post-3553","page","type-page","status-publish","czr-hentry"],"_links":{"self":[{"href":"https:\/\/blogs.uned.es\/salidasprofesionales\/wp-json\/wp\/v2\/pages\/3553","targetHints":{"allow":["GET"]}}],"collection":[{"href":"https:\/\/blogs.uned.es\/salidasprofesionales\/wp-json\/wp\/v2\/pages"}],"about":[{"href":"https:\/\/blogs.uned.es\/salidasprofesionales\/wp-json\/wp\/v2\/types\/page"}],"author":[{"embeddable":true,"href":"https:\/\/blogs.uned.es\/salidasprofesionales\/wp-json\/wp\/v2\/users\/5997"}],"replies":[{"embeddable":true,"href":"https:\/\/blogs.uned.es\/salidasprofesionales\/wp-json\/wp\/v2\/comments?post=3553"}],"version-history":[{"count":8,"href":"https:\/\/blogs.uned.es\/salidasprofesionales\/wp-json\/wp\/v2\/pages\/3553\/revisions"}],"predecessor-version":[{"id":6339,"href":"https:\/\/blogs.uned.es\/salidasprofesionales\/wp-json\/wp\/v2\/pages\/3553\/revisions\/6339"}],"up":[{"embeddable":true,"href":"https:\/\/blogs.uned.es\/salidasprofesionales\/wp-json\/wp\/v2\/pages\/3537"}],"wp:attachment":[{"href":"https:\/\/blogs.uned.es\/salidasprofesionales\/wp-json\/wp\/v2\/media?parent=3553"}],"curies":[{"name":"wp","href":"https:\/\/api.w.org\/{rel}","templated":true}]}}

MÁSTER UNIVERSITARIO EN ESTRATEGIAS Y TECNOLOGÍAS PARA LA FUNCIÓN DOCENTE EN LA SOCIEDAD MULTICULTURAL

<p><img decoding="async" class="wp-image-3555 aligncenter" src="http://blogs.uned.es/salidasprofesionales/wp-content/uploads/sites/165/2020/07/educación-multicultural.jpg" alt="" width="272" height="182" srcset="https://blogs.uned.es/salidasprofesionales/wp-content/uploads/sites/165/2020/07/educación-multicultural.jpg 272w, https://blogs.uned.es/salidasprofesionales/wp-content/uploads/sites/165/2020/07/educación-multicultural-270x182.jpg 270w" sizes="(max-width: 272px) 100vw, 272px" /></p>
<p>El título abarca dos escenarios:</p>
<ol>
<li>Formación del profesorado en la sociedad multicultural: se centra en la importancia de la formación especializada del profesorado y de los profesionales de la educación en la función docente-didáctica en una sociedad multicultural.</li>
<li>Estrategias y tecnologías para la educación y el conocimiento: se centra en la importancia de la integración de las Tecnologías de la Información y la Comunicación (TIC) en la formación docente y de los profesionales de las instituciones educativas en el contexto de la sociedad del conocimiento.</li>
</ol>
<p><em><strong>Los puestos laborales</strong></em> más importantes relacionados con este Máster son:</p>
<p><strong>Diseñador de materiales didácticos.</strong> Profesional responsable de la elaboración de herramientas impresas, audiovisuales o multimedia, que faciliten el proceso de enseñanza-aprendizaje y que sirvan como apoyo al desarrollo de programas educativos ante una necesidad formativa previamente detectada. Estos materiales pueden tener dos funciones: como apoyo en la enseñanza presencial o como material de autoaprendizaje en formación a distancia.</p>
<p><strong>Diseñador y Evaluador de Procesos de Enseñanza-Aprendizaje:</strong> es el profesional que se encarga del diseño de procesos de enseñanza-aprendizaje vinculados a diferentes ámbitos o niveles. Su función es diseñar planes, proyectos, programas y acciones de carácter educativo y formativo, así como su evaluación. Esta tarea implica el dominio de los principios de la programación educativa, del diseño curricular, de la tecnología educativa, la evaluación, etc. Su tarea también implica procesos de innovación y mejora educativa.</p>
<p><strong>Diseñador y Evaluador de Recursos Didácticos, TIC y Multimedia: </strong>Los profesionales de este ámbito tienen que participar y/o coordinar equipos de diseño, producción y evaluación de recursos didácticos y multimedia en diferentes soportes y lenguajes (textuales, audiovisuales, multimedia, internet, etc.) garantizando su adecuación a los usuarios y contextos en los que dichos recursos se utilizarán. Para ello deben estar al día en las cuestiones básicas de organización y funcionamiento de los diferentes niveles y contextos educativos, las áreas curriculares prestando atención no sólo al sistema de enseñanza reglada sino también a los diferentes campos de la formación para el trabajo, la educación social, etc. También desarrollan tareas de evaluación tanto de los recursos diseñados, de los existentes de similares características, así como de los resultados de la implementación de los materiales producidos.</p>
<p>Para más información contactar con el <em><strong>coordinador del máster</strong></em> Ernesto López Gómez, elopez@edu.uned.es o <em><strong>secretaria</strong></em>:  María Luz Cacheiro González, mlcacheiro@edu.uned.es</p>
<p>O con el Consejo General de Colegios de Educadoras y Educadores Sociales, con la Asociación Profesional Iniciativa Colegio de Pedagogos y Psicopedagogos o la Confederación de Organizaciones de Psicopedagogía y Orientación de España (COPOE).</p>

<p>El título abarca dos escenarios: Formación del profesorado en la sociedad multicultural: se centra en la importancia de la formación especializada del profesorado y de los profesionales de la educación en la función docente-didáctica en una sociedad multicultural. Estrategias y tecnologías para la educación y el conocimiento: se centra en la importancia de la integración [&hellip;]</p>
