{"id":3405,"date":"2020-07-10T11:22:44","date_gmt":"2020-07-10T11:22:44","guid":{"rendered":"http:\/\/blogs.uned.es\/salidasprofesionales\/?page_id=3405"},"modified":"2025-08-26T11:37:57","modified_gmt":"2025-08-26T11:37:57","slug":"master-universitario-en-hacienda-publica-y-administracion-financiera-y-tributaria","status":"publish","type":"page","link":"https:\/\/blogs.uned.es\/salidasprofesionales\/master\/facultad-de-derecho\/master-universitario-en-hacienda-publica-y-administracion-financiera-y-tributaria\/","title":{"rendered":"M\u00c1STER UNIVERSITARIO EN HACIENDA P\u00daBLICA Y ADMINISTRACI\u00d3N FINANCIERA Y TRIBUTARIA"},"content":{"rendered":"<p><img decoding=\"async\" class=\"size-full wp-image-3407 aligncenter\" src=\"http:\/\/blogs.uned.es\/salidasprofesionales\/wp-content\/uploads\/sites\/165\/2020\/07\/hacienda-p\u00fablica.jpg\" alt=\"\" width=\"313\" height=\"155\" srcset=\"https:\/\/blogs.uned.es\/salidasprofesionales\/wp-content\/uploads\/sites\/165\/2020\/07\/hacienda-p\u00fablica.jpg 313w, https:\/\/blogs.uned.es\/salidasprofesionales\/wp-content\/uploads\/sites\/165\/2020\/07\/hacienda-p\u00fablica-300x149.jpg 300w\" sizes=\"(max-width: 313px) 100vw, 313px\" \/><\/p>\n<p>El M\u00e1ster, en su especialidad de Administraci\u00f3n Financiera, prepara a quienes lo superen para dirigir, gestionar y administrar con eficiencia una Administraci\u00f3n P\u00fablica Financiera. Tambi\u00e9n faculta a sus futuros egresados para poder realizar docencia, estudios e investigaciones de calidad en el \u00e1mbito de la Hacienda y de la Administraci\u00f3n P\u00fablica en la vertiente del gasto p\u00fablico, es decir, de la presupuestaci\u00f3n, de la ejecuci\u00f3n, de la evaluaci\u00f3n y del control del mismo. Asimismo, capacita a los postgraduados del sector privado para actuar con un buen conocimiento t\u00e9cnico con el sector p\u00fablico en todo lo relacionado con el gasto p\u00fablico y su aplicaci\u00f3n.<\/p>\n<p>Por otra parte, en su especialidad de Administraci\u00f3n Tributaria, el M\u00e1ster prepara a quienes lo superen para dirigir, gestionar y administrar con eficiencia una Administraci\u00f3n P\u00fablica Tributaria. Tambi\u00e9n faculta a sus futuros egresados para poder realizar docencia, estudios e investigaciones de calidad en el \u00e1mbito de la Hacienda y de la Administraci\u00f3n P\u00fablica en la vertiente de los ingresos p\u00fablicos. Asimismo, capacita a los postgraduados del sector privado para actuar con un buen conocimiento t\u00e9cnico con el sector p\u00fablico en todo lo relacionado con los ingresos p\u00fablicos, los sistemas fiscales y su aplicaci\u00f3n.<\/p>\n<p><strong>PERFIL EGRESO M\u00c1STER EN HACIENDA P\u00daBLICA Y ADMINISTRACI\u00d3N FINANCIERA Y TRIBUTARIA<\/strong><\/p>\n<p>El M\u00e1ster persigue la formaci\u00f3n de profesionales para ocupar cargos directivos en el \u00e1mbito de las Administraciones de Am\u00e9rica latina y de El Caribe, espec\u00edficamente formados al servicio de sus organizaciones p\u00fablicas para concebir y aplicar con efectividad los presupuestos p\u00fablicos y los sistemas tributarios, as\u00ed como para que puedan desarrollar pol\u00edticas econ\u00f3micas, presupuestarias y fiscales viables y orientadas a acelerar el progreso social, a mejorar el servicio que prestan a la ciudadan\u00eda y a colaborar en el desarrollo econ\u00f3mico. Asimismo, busca formar a profesionales del sector privado y\/o de las universidades que deseen conocer en profundidad el Sector P\u00fablico, las Administraciones Financieras y Tributarias, as\u00ed como los aspectos fundamentales de la financiaci\u00f3n y gastos de aqu\u00e9l.<\/p>\n<p>Para m\u00e1s informaci\u00f3n contactar con el <em><strong>coordinador acad\u00e9mico:\u00a0<\/strong><\/em> Jos\u00e9 Manuel Tranchez Mart\u00edn \u00a0<a href=\"mailto:jtranchez@cee.uned.es\">jtranchez@cee.uned.es<\/a><\/p>\n\n\n<p><\/p>\n","protected":false},"excerpt":{"rendered":"<p>El M\u00e1ster, en su especialidad de Administraci\u00f3n Financiera, prepara a quienes lo superen para dirigir, gestionar y administrar con eficiencia una Administraci\u00f3n P\u00fablica Financiera. Tambi\u00e9n faculta a sus futuros egresados para poder realizar docencia, estudios e investigaciones de calidad en el \u00e1mbito de la Hacienda y de la Administraci\u00f3n P\u00fablica en la vertiente del gasto [&hellip;]<\/p>\n","protected":false},"author":5997,"featured_media":0,"parent":3267,"menu_order":0,"comment_status":"closed","ping_status":"closed","template":"","meta":{"footnotes":""},"class_list":["post-3405","page","type-page","status-publish","czr-hentry"],"_links":{"self":[{"href":"https:\/\/blogs.uned.es\/salidasprofesionales\/wp-json\/wp\/v2\/pages\/3405","targetHints":{"allow":["GET"]}}],"collection":[{"href":"https:\/\/blogs.uned.es\/salidasprofesionales\/wp-json\/wp\/v2\/pages"}],"about":[{"href":"https:\/\/blogs.uned.es\/salidasprofesionales\/wp-json\/wp\/v2\/types\/page"}],"author":[{"embeddable":true,"href":"https:\/\/blogs.uned.es\/salidasprofesionales\/wp-json\/wp\/v2\/users\/5997"}],"replies":[{"embeddable":true,"href":"https:\/\/blogs.uned.es\/salidasprofesionales\/wp-json\/wp\/v2\/comments?post=3405"}],"version-history":[{"count":5,"href":"https:\/\/blogs.uned.es\/salidasprofesionales\/wp-json\/wp\/v2\/pages\/3405\/revisions"}],"predecessor-version":[{"id":6439,"href":"https:\/\/blogs.uned.es\/salidasprofesionales\/wp-json\/wp\/v2\/pages\/3405\/revisions\/6439"}],"up":[{"embeddable":true,"href":"https:\/\/blogs.uned.es\/salidasprofesionales\/wp-json\/wp\/v2\/pages\/3267"}],"wp:attachment":[{"href":"https:\/\/blogs.uned.es\/salidasprofesionales\/wp-json\/wp\/v2\/media?parent=3405"}],"curies":[{"name":"wp","href":"https:\/\/api.w.org\/{rel}","templated":true}]}}