{"id":3391,"date":"2020-07-10T11:09:48","date_gmt":"2020-07-10T11:09:48","guid":{"rendered":"http:\/\/blogs.uned.es\/salidasprofesionales\/?page_id=3391"},"modified":"2024-10-28T08:35:32","modified_gmt":"2024-10-28T08:35:32","slug":"master-universitario-en-estudios-de-genero","status":"publish","type":"page","link":"https:\/\/blogs.uned.es\/salidasprofesionales\/master\/facultad-de-derecho\/master-universitario-en-estudios-de-genero\/","title":{"rendered":"M\u00c1STER UNIVERSITARIO EN ESTUDIOS DE G\u00c9NERO"},"content":{"rendered":"<p><img fetchpriority=\"high\" decoding=\"async\" class=\" wp-image-3393 alignleft\" src=\"http:\/\/blogs.uned.es\/salidasprofesionales\/wp-content\/uploads\/sites\/165\/2020\/07\/estudios-de-genero.jpg\" alt=\"\" width=\"313\" height=\"167\" srcset=\"https:\/\/blogs.uned.es\/salidasprofesionales\/wp-content\/uploads\/sites\/165\/2020\/07\/estudios-de-genero.jpg 337w, https:\/\/blogs.uned.es\/salidasprofesionales\/wp-content\/uploads\/sites\/165\/2020\/07\/estudios-de-genero-300x160.jpg 300w\" sizes=\"(max-width: 313px) 100vw, 313px\" \/><\/p>\n<p>El M\u00e1ster en Estudios de G\u00e9nero ofrece un gran inter\u00e9s social. Se propone atender a la gran demanda proveniente de diversos segmentos sociales y localizaciones, cada cual con necesidades diferentes. El mundo del Derecho con la creaci\u00f3n y aplicaci\u00f3n de leyes, la justicia; el \u00e1mbito de la salud para desagregar por sexos las investigaciones y conseguir una mayor efectividad en los tratamientos; la arquitectura para adaptarla mejor a las necesidades de toda la sociedad; la ense\u00f1anza basada en el respeto a los Derechos Fundamentales y la igualdad; las Fuerzas y Cuerpos de Seguridad del Estado; el tejido empresarial&#8230;<\/p>\n<p>La UNED a trav\u00e9s de la red de Centros Asociados con la que cuenta, la plataforma educativa aLF, la Unidad de Atenci\u00f3n a la Discapacidad y el Programa de Formaci\u00f3n en Centros Penitenciarios ofrece estos estudios a los distintos colectivos interesados en obtener un conocimiento s\u00f3lido en los temas tratados en los estudios de g\u00e9nero.<\/p>\n<p>Se garantiza as\u00ed que el estudiantado, ya sea espa\u00f1ol o extranjero, bien resida en nuestro pa\u00eds o en otros, tenga acceso a estos estudios gracias a la ense\u00f1anza caracter\u00edstica de nuestra universidad, a su metodolog\u00eda que permite hacerlo a distancia y a la red de Centros Asociados. Adem\u00e1s de la demanda de estos estudios en nuestro pa\u00eds hay una gran demanda de formaci\u00f3n especializada en los pa\u00edses de Latinoam\u00e9rica con los que tenemos una especial afinidad y una lengua com\u00fan haciendo muy atractiva la oferta de nuestra universidad.<\/p>\n<p>Se pretende que el alumnado que curse este m\u00e1ster pueda actuar en lo referente a la justicia de g\u00e9nero tanto en el territorio nacional como en el internacional, adaptando los conocimientos y destrezas adquiridos a su entorno m\u00e1s pr\u00f3ximo. Asimismo, este plan de estudios asegura que el alumnado desarrolle habilidades en las tecnolog\u00edas de la Informaci\u00f3n y la Comunicaci\u00f3n (las v\u00edas de aprendizaje propias de la educaci\u00f3n a distancia son fundamentalmente tecnol\u00f3gicas), sin las que no se entiende en la actualidad la actividad profesional o investigadora. Esta competencia en gesti\u00f3n de los procesos de comunicaci\u00f3n e informaci\u00f3n constituye una de las competencias gen\u00e9ricas y definitorias de la UNED, siendo las otras tres la gesti\u00f3n aut\u00f3noma y autorregulada del trabajo, el trabajo en equipo y el compromiso \u00e9tico, que unidas al tejido competencial del propio M\u00e1ster crear\u00e1 investigadores\/as, profesionales y agentes sociales altamente cualificados y capaces a la hora de actuar en pro de la igualdad.<\/p>\n<p><strong>Salidas acad\u00e9micas y profesionales<\/strong><\/p>\n<p><em><strong>Salidas Acad\u00e9micas<\/strong><\/em><\/p>\n<p>El M\u00e1ster ofrece una s\u00f3lida formaci\u00f3n para dedicarse posteriormente a la investigaci\u00f3n y\/o a la ense\u00f1anza.<\/p>\n<p><em>Investigaci\u00f3n<\/em><\/p>\n<p>La orientaci\u00f3n investigadora del M\u00e1ster permite la formaci\u00f3n de personas expertas en la investigaci\u00f3n y el desarrollo de conocimientos en el campo de los estudios de las mujeres en las diferentes \u00e1reas cient\u00edficas. El alumnado egresado podr\u00e1 incorporarse a un programa de doctorado.<\/p>\n<p><em>Ense\u00f1anza<\/em><\/p>\n<p>Es importante incorporar la perspectiva de g\u00e9nero a los contenidos de las distintas materias de la ense\u00f1anza:<\/p>\n<ul>\n<li>Educaci\u00f3n en todas las etapas escolares as\u00ed como en las ense\u00f1anzas superiores. Es necesario incorporarlo a numerosas asignaturas, adem\u00e1s de que hay algunas espec\u00edficas como, por ejemplo, Cambios Sociales y G\u00e9nero, optativa de la ESO.<\/li>\n<li>Estudio y tratamiento de la violencia de g\u00e9nero.<\/li>\n<li>Ense\u00f1anza dirigida a profesionales: judicatura, abogac\u00eda, polic\u00eda, ciencias, humanidades&#8230;<\/li>\n<li>Proyectos de coeducaci\u00f3n y estudios de g\u00e9nero en el \u00e1mbito educativo.<\/li>\n<li>Docente en el \u00e1mbito de especializaci\u00f3n en Estudios de G\u00e9nero.<\/li>\n<\/ul>\n<p><em><strong>Salidas profesionales<\/strong> <\/em><\/p>\n<p>Este t\u00edtulo prepara para intervenir profesionalmente en la introducci\u00f3n de la perspectiva de g\u00e9nero en diferentes \u00e1mbitos laborales, a trav\u00e9s, por ejemplo, del dise\u00f1o y de la implementaci\u00f3n de planes de igualdad en empresas y en instituciones p\u00fablicas o del desarrollo de protocolos adaptados a las normativas vigentes sobre igualdad.<\/p>\n<p>Son numerosos los puestos de trabajo en los que se exige una formaci\u00f3n y una perspectiva de g\u00e9nero que deber\u00e1 integrarse en la actividad profesional desempe\u00f1ada. Esta formaci\u00f3n es transversal por lo que deber\u00e1 aplicarse a todos los \u00e1mbitos aprendiendo a desagregar por sexos las estad\u00edsticas, los datos y las investigaciones que se realizan, lo que permitir\u00e1 a la sociedad obtener unos resultados m\u00e1s eficaces y contrarrestar los sesgos de g\u00e9nero en todas las \u00e1reas: medicina, arquitectura, ciencias&#8230;<\/p>\n<p>La relevancia social, pol\u00edtica y legal del tema, tanto en nuestro pa\u00eds como en el \u00e1mbito internacional, as\u00ed como el gran inter\u00e9s mostrado por las empresas hacen que la previsi\u00f3n sea de un \u00edndice grande de empleabilidad.<\/p>\n<p>Este M\u00e1ster nos permitir\u00e1 tener profesionales con cualificaci\u00f3n para desempe\u00f1ar tareas relevantes en la gesti\u00f3n, direcci\u00f3n y planificaci\u00f3n de la promoci\u00f3n de la igualdad en actividades, instituciones p\u00fablicas y privadas, empresas y otras entidades.<\/p>\n<p>Algunos de los \u00e1mbitos laborales de inserci\u00f3n futura de las personas tituladas son:<\/p>\n<ul>\n<li>Organismos p\u00fablicos de la administraci\u00f3n (oficinas de igualdad, equipos de mediaci\u00f3n comunitaria, equipos de trabajo social, gabinetes de prevenci\u00f3n de riesgos laborales, centros de la mujer, etc.).<\/li>\n<li>Organismos internacionales (Naciones Unidas, Cruz Roja, UNESCO, OMS, etc.).<\/li>\n<li>Asociaciones de defensa de los derechos de las mujeres, de la infancia, de la adolescencia, de las personas con discapacidad u otros grupos vulnerables.<\/li>\n<li>Organizaciones vinculadas al mundo econ\u00f3mico y laboral (sindicatos, organizaciones empresariales, c\u00e1maras de comercio, servicios de empleo, etc.).<\/li>\n<li>Empresas. Las empresas muestran cada vez un inter\u00e9s mayor en fomentar e incluir pol\u00edticas de igualdad as\u00ed como protocolos para dotarlas de una mayor efectividad siendo de gran importancia en los Departamentos de Recursos Humanos donde son muy solicitados los profesionales con formaci\u00f3n en g\u00e9nero.<\/li>\n<li>Entidades de atenci\u00f3n psicosocial en situaciones de violencia y gabinetes de asesoramiento psicopedag\u00f3gico.<\/li>\n<li>Consultor\u00edas de pol\u00edticas p\u00fablicas y sociales.<\/li>\n<li>Entidades de formaci\u00f3n en el \u00e1mbito de las pol\u00edticas de igualdad.<\/li>\n<li>Organizaciones no gubernamentales y organizaciones de cooperaci\u00f3n internacional.<\/li>\n<li>Grupos multidisciplinarios de generaci\u00f3n de pensamiento (think tanks).<\/li>\n<li>Lobbies formales (reconocidos oficialmente por el Parlamento Europeo).<\/li>\n<li>Industrias e instituciones culturales (editoriales, centros c\u00edvicos, centros culturales, museos, etc.).<\/li>\n<li>Medios de comunicaci\u00f3n.<\/li>\n<li>Empresas de marketing y publicidad.<\/li>\n<li>Asociaciones de entidades de educaci\u00f3n en el tiempo libre y asociaciones de centros educativos.<\/li>\n<li>Equipos y centros de investigaci\u00f3n sobre cuestiones de g\u00e9nero.<\/li>\n<li>Consultor\u00eda en pol\u00edticas de g\u00e9nero.<\/li>\n<li>Direcci\u00f3n de proyectos.<\/li>\n<li>Coordinaci\u00f3n de equipos interdisciplinarios.<\/li>\n<li>Personas expertas en la preparaci\u00f3n de proyectos europeos o nacionales interdisciplinarios.<\/li>\n<li>Responsables de pol\u00edticas de g\u00e9nero.<\/li>\n<li>Especialistas en pol\u00edticas de g\u00e9nero.<\/li>\n<li>Monitores\/as y agentes de igualdad.<\/li>\n<li>Gesti\u00f3n, documentaci\u00f3n y asesoramiento en instituciones p\u00fablicas y privadas(unidades de igualdad, asociaciones, etc.).<\/li>\n<li>Proyectos de intervenci\u00f3n y sensibilizaci\u00f3n ciudadana en temas de g\u00e9nero.<\/li>\n<li>Asesoramiento en la intervenci\u00f3n en materia de violencia de g\u00e9nero.<\/li>\n<li>Analistas de tem\u00e1ticas de g\u00e9nero en medios de comunicaci\u00f3n (prensa, radio, televisi\u00f3n, cine, etc.) y publicidad.<\/li>\n<li>Investigaci\u00f3n especializada y focalizada en los Estudios de G\u00e9nero (humanidades y ciencias sociales y jur\u00eddicas).<\/li>\n<li>Responsables de Pol\u00edticas P\u00fablicas de Igualdad<\/li>\n<li>Profesionales de organismos de Igualdad a nivel internacional, europeo, nacional, auton\u00f3mico y municipal.<\/li>\n<li>Profesionales que desempe\u00f1an su trabajo en Centros de Documentaci\u00f3n sobre Mujeres<\/li>\n<\/ul>\n<p>Para m\u00e1s informaci\u00f3n contactar con la coordinaci\u00f3n del m\u00e1ster: <a href=\"mailto:meg@adm.uned.es\">meg@adm.uned.es<\/a><\/p>\n","protected":false},"excerpt":{"rendered":"<p>El M\u00e1ster en Estudios de G\u00e9nero ofrece un gran inter\u00e9s social. Se propone atender a la gran demanda proveniente de diversos segmentos sociales y localizaciones, cada cual con necesidades diferentes. El mundo del Derecho con la creaci\u00f3n y aplicaci\u00f3n de leyes, la justicia; el \u00e1mbito de la salud para desagregar por sexos las investigaciones y [&hellip;]<\/p>\n","protected":false},"author":5997,"featured_media":0,"parent":3267,"menu_order":0,"comment_status":"closed","ping_status":"closed","template":"","meta":{"footnotes":""},"class_list":["post-3391","page","type-page","status-publish","czr-hentry"],"_links":{"self":[{"href":"https:\/\/blogs.uned.es\/salidasprofesionales\/wp-json\/wp\/v2\/pages\/3391","targetHints":{"allow":["GET"]}}],"collection":[{"href":"https:\/\/blogs.uned.es\/salidasprofesionales\/wp-json\/wp\/v2\/pages"}],"about":[{"href":"https:\/\/blogs.uned.es\/salidasprofesionales\/wp-json\/wp\/v2\/types\/page"}],"author":[{"embeddable":true,"href":"https:\/\/blogs.uned.es\/salidasprofesionales\/wp-json\/wp\/v2\/users\/5997"}],"replies":[{"embeddable":true,"href":"https:\/\/blogs.uned.es\/salidasprofesionales\/wp-json\/wp\/v2\/comments?post=3391"}],"version-history":[{"count":6,"href":"https:\/\/blogs.uned.es\/salidasprofesionales\/wp-json\/wp\/v2\/pages\/3391\/revisions"}],"predecessor-version":[{"id":6081,"href":"https:\/\/blogs.uned.es\/salidasprofesionales\/wp-json\/wp\/v2\/pages\/3391\/revisions\/6081"}],"up":[{"embeddable":true,"href":"https:\/\/blogs.uned.es\/salidasprofesionales\/wp-json\/wp\/v2\/pages\/3267"}],"wp:attachment":[{"href":"https:\/\/blogs.uned.es\/salidasprofesionales\/wp-json\/wp\/v2\/media?parent=3391"}],"curies":[{"name":"wp","href":"https:\/\/api.w.org\/{rel}","templated":true}]}}