{"id":3179,"date":"2020-07-10T08:10:09","date_gmt":"2020-07-10T08:10:09","guid":{"rendered":"http:\/\/blogs.uned.es\/salidasprofesionales\/?page_id=3179"},"modified":"2020-07-10T08:44:10","modified_gmt":"2020-07-10T08:44:10","slug":"facultad-de-ciencias-economicas-y-empresariales","status":"publish","type":"page","link":"https:\/\/blogs.uned.es\/salidasprofesionales\/master\/facultad-de-ciencias-economicas-y-empresariales\/","title":{"rendered":"Facultad de Ciencias Econ\u00f3micas y Empresariales"},"content":{"rendered":"<p><img decoding=\"async\" class=\"aligncenter size-full wp-image-3181\" src=\"http:\/\/blogs.uned.es\/salidasprofesionales\/wp-content\/uploads\/sites\/165\/2020\/07\/econ\u00e7omicas-y-empresariales.png\" alt=\"\" width=\"255\" height=\"180\" \/><\/p>\n<p>&nbsp;<\/p>\n<ol>\n<li><a href=\"http:\/\/blogs.uned.es\/salidasprofesionales\/master\/facultad-de-ciencias-economicas-y-empresariales\/master-interuniversitario-en-sostenibilidad-y-rsc-uned-uji\/\">M\u00c1STER INTERUNIVERSITARIO EN SOSTENIBILIDAD Y RSC (UNED-UJI)<\/a><\/li>\n<li><a href=\"http:\/\/blogs.uned.es\/salidasprofesionales\/master\/facultad-de-ciencias-economicas-y-empresariales\/master-universitario-en-investigacion-en-economia\/\">M\u00c1STER UNIVERSITARIO EN INVESTIGACI\u00d3N EN ECONOM\u00cdA<\/a><\/li>\n<\/ol>\n","protected":false},"excerpt":{"rendered":"<p>&nbsp; M\u00c1STER INTERUNIVERSITARIO EN SOSTENIBILIDAD Y RSC (UNED-UJI) M\u00c1STER UNIVERSITARIO EN INVESTIGACI\u00d3N EN ECONOM\u00cdA<\/p>\n","protected":false},"author":5997,"featured_media":0,"parent":2289,"menu_order":0,"comment_status":"closed","ping_status":"closed","template":"","meta":{"footnotes":""},"class_list":["post-3179","page","type-page","status-publish","czr-hentry"],"_links":{"self":[{"href":"https:\/\/blogs.uned.es\/salidasprofesionales\/wp-json\/wp\/v2\/pages\/3179","targetHints":{"allow":["GET"]}}],"collection":[{"href":"https:\/\/blogs.uned.es\/salidasprofesionales\/wp-json\/wp\/v2\/pages"}],"about":[{"href":"https:\/\/blogs.uned.es\/salidasprofesionales\/wp-json\/wp\/v2\/types\/page"}],"author":[{"embeddable":true,"href":"https:\/\/blogs.uned.es\/salidasprofesionales\/wp-json\/wp\/v2\/users\/5997"}],"replies":[{"embeddable":true,"href":"https:\/\/blogs.uned.es\/salidasprofesionales\/wp-json\/wp\/v2\/comments?post=3179"}],"version-history":[{"count":3,"href":"https:\/\/blogs.uned.es\/salidasprofesionales\/wp-json\/wp\/v2\/pages\/3179\/revisions"}],"predecessor-version":[{"id":3209,"href":"https:\/\/blogs.uned.es\/salidasprofesionales\/wp-json\/wp\/v2\/pages\/3179\/revisions\/3209"}],"up":[{"embeddable":true,"href":"https:\/\/blogs.uned.es\/salidasprofesionales\/wp-json\/wp\/v2\/pages\/2289"}],"wp:attachment":[{"href":"https:\/\/blogs.uned.es\/salidasprofesionales\/wp-json\/wp\/v2\/media?parent=3179"}],"curies":[{"name":"wp","href":"https:\/\/api.w.org\/{rel}","templated":true}]}}