{"id":3087,"date":"2020-07-09T14:53:48","date_gmt":"2020-07-09T14:53:48","guid":{"rendered":"http:\/\/blogs.uned.es\/salidasprofesionales\/?page_id=3087"},"modified":"2020-07-09T15:27:33","modified_gmt":"2020-07-09T15:27:33","slug":"facultad-de-psicologia","status":"publish","type":"page","link":"https:\/\/blogs.uned.es\/salidasprofesionales\/master\/facultad-de-psicologia\/","title":{"rendered":"Facultad de Psicolog\u00eda"},"content":{"rendered":"<p><img decoding=\"async\" class=\"aligncenter size-full wp-image-3089\" src=\"http:\/\/blogs.uned.es\/salidasprofesionales\/wp-content\/uploads\/sites\/165\/2020\/07\/psicolog\u00eda.jpg\" alt=\"\" width=\"269\" height=\"180\" \/><\/p>\n<p>&nbsp;<\/p>\n<ol>\n<li><a href=\"http:\/\/blogs.uned.es\/salidasprofesionales\/master\/facultad-de-psicologia\/master-interuniversitario-en-metodologia-de-las-ciencias-del-comportamiento-y-de-la-salud-uned-ucm-y-uam\/\">MASTER INTERUNIVERSITARIO EN METODOLOG\u00cdA DE LAS CIENCIAS DEL COMPORTAMIENTO Y DE LA SALUD. UNED, UCM Y UAM<\/a><\/li>\n<li><a href=\"http:\/\/blogs.uned.es\/salidasprofesionales\/master\/facultad-de-psicologia\/master-universitario-en-investigacion-en-psicologia-plan-2016\/\">M\u00c1STER UNIVERSITARIO EN INVESTIGACI\u00d3N EN PSICOLOG\u00cdA (PLAN 2016)<\/a><\/li>\n<li><a href=\"http:\/\/blogs.uned.es\/salidasprofesionales\/master\/facultad-de-psicologia\/master-universitario-en-prevencion-de-riesgos-laborales-seguridad-en-el-trabajo-higiene-industrial-y-ergonomia-y-psicosociologia-aplicada\/\">M\u00c1STER UNIVERSITARIO EN PREVENCI\u00d3N DE RIESGOS LABORALES: SEGURIDAD EN EL TRABAJO, HIGIENE INDUSTRIAL Y ERGONOM\u00cdA Y PSICOSOCIOLOG\u00cdA APLICADA<\/a><\/li>\n<li><a href=\"http:\/\/blogs.uned.es\/salidasprofesionales\/master\/facultad-de-psicologia\/master-universitario-en-psicologia-de-la-intervencion-social\/\">M\u00c1STER UNIVERSITARIO EN PSICOLOG\u00cdA DE LA INTERVENCI\u00d3N SOCIAL<\/a><\/li>\n<li><a href=\"http:\/\/blogs.uned.es\/salidasprofesionales\/master\/facultad-de-psicologia\/master-universitario-en-psicologia-general-sanitaria\/\">M\u00c1STER UNIVERSITARIO EN PSICOLOG\u00cdA GENERAL SANITARIA<\/a><\/li>\n<\/ol>\n","protected":false},"excerpt":{"rendered":"<p>&nbsp; MASTER INTERUNIVERSITARIO EN METODOLOG\u00cdA DE LAS CIENCIAS DEL COMPORTAMIENTO Y DE LA SALUD. UNED, UCM Y UAM M\u00c1STER UNIVERSITARIO EN INVESTIGACI\u00d3N EN PSICOLOG\u00cdA (PLAN 2016) M\u00c1STER UNIVERSITARIO EN PREVENCI\u00d3N DE RIESGOS LABORALES: SEGURIDAD EN EL TRABAJO, HIGIENE INDUSTRIAL Y ERGONOM\u00cdA Y PSICOSOCIOLOG\u00cdA APLICADA M\u00c1STER UNIVERSITARIO EN PSICOLOG\u00cdA DE LA INTERVENCI\u00d3N SOCIAL M\u00c1STER UNIVERSITARIO EN [&hellip;]<\/p>\n","protected":false},"author":5997,"featured_media":0,"parent":2289,"menu_order":0,"comment_status":"closed","ping_status":"closed","template":"","meta":{"footnotes":""},"class_list":["post-3087","page","type-page","status-publish","czr-hentry"],"_links":{"self":[{"href":"https:\/\/blogs.uned.es\/salidasprofesionales\/wp-json\/wp\/v2\/pages\/3087","targetHints":{"allow":["GET"]}}],"collection":[{"href":"https:\/\/blogs.uned.es\/salidasprofesionales\/wp-json\/wp\/v2\/pages"}],"about":[{"href":"https:\/\/blogs.uned.es\/salidasprofesionales\/wp-json\/wp\/v2\/types\/page"}],"author":[{"embeddable":true,"href":"https:\/\/blogs.uned.es\/salidasprofesionales\/wp-json\/wp\/v2\/users\/5997"}],"replies":[{"embeddable":true,"href":"https:\/\/blogs.uned.es\/salidasprofesionales\/wp-json\/wp\/v2\/comments?post=3087"}],"version-history":[{"count":7,"href":"https:\/\/blogs.uned.es\/salidasprofesionales\/wp-json\/wp\/v2\/pages\/3087\/revisions"}],"predecessor-version":[{"id":3159,"href":"https:\/\/blogs.uned.es\/salidasprofesionales\/wp-json\/wp\/v2\/pages\/3087\/revisions\/3159"}],"up":[{"embeddable":true,"href":"https:\/\/blogs.uned.es\/salidasprofesionales\/wp-json\/wp\/v2\/pages\/2289"}],"wp:attachment":[{"href":"https:\/\/blogs.uned.es\/salidasprofesionales\/wp-json\/wp\/v2\/media?parent=3087"}],"curies":[{"name":"wp","href":"https:\/\/api.w.org\/{rel}","templated":true}]}}