{"id":279,"date":"2019-02-04T13:48:37","date_gmt":"2019-02-04T13:48:37","guid":{"rendered":"http:\/\/blogs.uned.es\/salidasprofesionales\/?page_id=279"},"modified":"2020-12-15T13:15:24","modified_gmt":"2020-12-15T13:15:24","slug":"grado-en-ciencias-ambientales","status":"publish","type":"page","link":"https:\/\/blogs.uned.es\/salidasprofesionales\/grados\/ciencias\/grado-en-ciencias-ambientales\/","title":{"rendered":"Grado en Ciencias Ambientales"},"content":{"rendered":"<p><img fetchpriority=\"high\" decoding=\"async\" class=\"size-medium wp-image-929 aligncenter\" src=\"http:\/\/blogs.uned.es\/salidasprofesionales\/wp-content\/uploads\/sites\/165\/2020\/03\/ciencias-ambientales-300x183.jpg\" alt=\"\" width=\"300\" height=\"183\" \/><\/p>\n<p><strong><em>Itinerario formativo:<\/em><\/strong><\/p>\n<p><a href=\"http:\/\/blogs.uned.es\/salidasprofesionales\/perfil-del-grado_ciencias-ambientales\/\">Perfil del Grado<\/a><br \/>\n<a href=\"http:\/\/blogs.uned.es\/salidasprofesionales\/competencias-profesionales_ciencias-ambientales\/\">Competencias Profesionales<\/a><br \/>\n<a href=\"http:\/\/blogs.uned.es\/salidasprofesionales\/opciones-formativas-vinculadas-al-titulo_ciencias-ambientales\/\">Opciones formativas vinculadas al t\u00edtulo<\/a><br \/>\n<a href=\"http:\/\/blogs.uned.es\/salidasprofesionales\/otras-caracteristicas-relevantes-para-el-empleo_ciencias-ambientales\/\">Otras caracter\u00edsticas relevantes para el empleo<\/a><\/p>\n<p><strong><em>Salidas profesionales:<\/em><\/strong><\/p>\n<p><a href=\"http:\/\/blogs.uned.es\/salidasprofesionales\/perspectivas-laborales-cc-ambientales\/\">Perspectivas Laborales<\/a><br \/>\n<a href=\"http:\/\/blogs.uned.es\/salidasprofesionales\/ambitos-profesionales-cc-ambientales\/\">\u00c1mbitos profesionales<\/a><br \/>\n<a href=\"http:\/\/blogs.uned.es\/salidasprofesionales\/ocupaciones-puestos-cc-ambientales\/\">Ocupaciones\/Puestos<\/a><br \/>\n<a href=\"http:\/\/blogs.uned.es\/salidasprofesionales\/empresas-organizaciones-y-portales-especificos-de-empleo-cc-ambientales\/\">Empresas, organizaciones y portales espec\u00edficos de empleo<\/a><\/p>\n<p><strong><em>Recursos de Inter\u00e9s:<\/em><\/strong><\/p>\n<p><a href=\"http:\/\/blogs.uned.es\/salidasprofesionales\/organizaciones-y-enlaces-relevantes-cc-ambientales\/\">Organizaciones y enlaces relevantes<\/a><br \/>\n<a href=\"http:\/\/blogs.uned.es\/salidasprofesionales\/estadisticas-e-informes-del-mercado-de-trabajo-cc-ambientales\/\">Estad\u00edsticas e informes del Mercado de Trabajo<\/a><br \/>\n<a href=\"http:\/\/blogs.uned.es\/salidasprofesionales\/trayectorias-laborales-y-formativas-personales-cc-ambientales\/\">Trayectorias laborales y formativas personales<\/a><\/p>\n","protected":false},"excerpt":{"rendered":"<p>Itinerario formativo: Perfil del Grado Competencias Profesionales Opciones formativas vinculadas al t\u00edtulo Otras caracter\u00edsticas relevantes para el empleo Salidas profesionales: Perspectivas Laborales \u00c1mbitos profesionales Ocupaciones\/Puestos Empresas, organizaciones y portales espec\u00edficos de empleo Recursos de Inter\u00e9s: Organizaciones y enlaces relevantes Estad\u00edsticas e informes del Mercado de Trabajo Trayectorias laborales y formativas personales<\/p>\n","protected":false},"author":417,"featured_media":0,"parent":111,"menu_order":0,"comment_status":"closed","ping_status":"closed","template":"","meta":{"footnotes":""},"class_list":["post-279","page","type-page","status-publish","czr-hentry"],"_links":{"self":[{"href":"https:\/\/blogs.uned.es\/salidasprofesionales\/wp-json\/wp\/v2\/pages\/279","targetHints":{"allow":["GET"]}}],"collection":[{"href":"https:\/\/blogs.uned.es\/salidasprofesionales\/wp-json\/wp\/v2\/pages"}],"about":[{"href":"https:\/\/blogs.uned.es\/salidasprofesionales\/wp-json\/wp\/v2\/types\/page"}],"author":[{"embeddable":true,"href":"https:\/\/blogs.uned.es\/salidasprofesionales\/wp-json\/wp\/v2\/users\/417"}],"replies":[{"embeddable":true,"href":"https:\/\/blogs.uned.es\/salidasprofesionales\/wp-json\/wp\/v2\/comments?post=279"}],"version-history":[{"count":17,"href":"https:\/\/blogs.uned.es\/salidasprofesionales\/wp-json\/wp\/v2\/pages\/279\/revisions"}],"predecessor-version":[{"id":4505,"href":"https:\/\/blogs.uned.es\/salidasprofesionales\/wp-json\/wp\/v2\/pages\/279\/revisions\/4505"}],"up":[{"embeddable":true,"href":"https:\/\/blogs.uned.es\/salidasprofesionales\/wp-json\/wp\/v2\/pages\/111"}],"wp:attachment":[{"href":"https:\/\/blogs.uned.es\/salidasprofesionales\/wp-json\/wp\/v2\/media?parent=279"}],"curies":[{"name":"wp","href":"https:\/\/api.w.org\/{rel}","templated":true}]}}