{"id":2289,"date":"2023-07-12T10:46:20","date_gmt":"2023-07-12T10:46:20","guid":{"rendered":"http:\/\/blogs.uned.es\/salidasprofesionales\/?page_id=2289"},"modified":"2026-01-12T11:14:14","modified_gmt":"2026-01-12T11:14:14","slug":"master","status":"publish","type":"page","link":"https:\/\/blogs.uned.es\/salidasprofesionales\/master\/","title":{"rendered":"M\u00c1STER"},"content":{"rendered":"<p><img fetchpriority=\"high\" decoding=\"async\" class=\"aligncenter size-full wp-image-3899\" src=\"http:\/\/blogs.uned.es\/salidasprofesionales\/wp-content\/uploads\/sites\/165\/2020\/07\/MASTER.png\" alt=\"\" width=\"306\" height=\"180\" srcset=\"https:\/\/blogs.uned.es\/salidasprofesionales\/wp-content\/uploads\/sites\/165\/2020\/07\/MASTER.png 306w, https:\/\/blogs.uned.es\/salidasprofesionales\/wp-content\/uploads\/sites\/165\/2020\/07\/MASTER-300x176.png 300w\" sizes=\"(max-width: 306px) 100vw, 306px\" \/><\/p>\n<h3><\/h3>\n<h3>1-. ARTES Y HUMANIDADES<\/h3>\n<ol>\n<li><a href=\"http:\/\/blogs.uned.es\/salidasprofesionales\/master\/facultad-de-filologia\/\">FACULTAD DE FILOLOG\u00cdA<\/a><\/li>\n<li><a href=\"http:\/\/blogs.uned.es\/salidasprofesionales\/master\/facultad-de-filosofia\/\">FACULTAD DE FILOSOF\u00cdA<\/a><\/li>\n<li><a href=\"http:\/\/blogs.uned.es\/salidasprofesionales\/master\/facultad-de-geografia-e-historia\/\">FACULTAD DE GEOGRAF\u00cdA E HISTORIA<\/a><\/li>\n<li><a href=\"http:\/\/blogs.uned.es\/salidasprofesionales\/master\/instituto-universitario-general-gutierrez-mellado\/master-universitario-en-historia-militar-de-espana\/\">INSTITUTO UNIVERSITARIO GENERAL GUTI\u00c9RREZ MELLADO<\/a><\/li>\n<\/ol>\n<h3>2-. CIENCIAS<\/h3>\n<ol>\n<li><a href=\"http:\/\/blogs.uned.es\/salidasprofesionales\/master\/facultad-de-ciencias\/\">FACULTAD DE CIENCIAS<\/a><\/li>\n<\/ol>\n<h3>3-. CIENCIAS DE LA SALUD<\/h3>\n<ol>\n<li><a href=\"http:\/\/blogs.uned.es\/salidasprofesionales\/master\/master-universitario-en-fisica-medica\/\">FACULTAD DE CIENCIAS<\/a><\/li>\n<li><a href=\"http:\/\/blogs.uned.es\/salidasprofesionales\/master\/facultad-de-psicologia\/\">FACULTAD DE PSICOLOG\u00cdA<\/a><\/li>\n<li><a href=\"http:\/\/blogs.uned.es\/salidasprofesionales\/master\/master-universitario-en-administracion-sanitaria\/\">FACULTAD DE DERECHO<\/a><\/li>\n<\/ol>\n<h3>4-. CIENCIAS SOCIALES Y JUR\u00cdDICAS<\/h3>\n<ol>\n<li><a href=\"http:\/\/blogs.uned.es\/salidasprofesionales\/master\/facultad-de-ciencias-economicas-y-empresariales\/\">FACULTAD DE CIENCIAS ECON\u00d3MICAS Y EMPRESARIALES<\/a><\/li>\n<li><a href=\"http:\/\/blogs.uned.es\/salidasprofesionales\/master\/facultad-de-ciencias-politicas-y-sociologia\/\">FACULTAD DE CIENCIAS POL\u00cdTICAS Y SOCIOLOG\u00cdA<\/a><\/li>\n<li><a href=\"https:\/\/blogs.uned.es\/salidasprofesionales\/master\/facultad-de-derecho\/\">FACULTAD DE DERECHO<\/a><\/li>\n<li><a href=\"http:\/\/blogs.uned.es\/salidasprofesionales\/master\/facultad-de-educacion\/\">FACULTAD DE EDUCACI\u00d3N<\/a><\/li>\n<li><a href=\"http:\/\/blogs.uned.es\/salidasprofesionales\/master\/master-universitario-en-comunicacion-audiovisual-de-servicio-publico\/\">FACULTAD DE FILOLOG\u00cdA<\/a><\/li>\n<li><a href=\"http:\/\/blogs.uned.es\/salidasprofesionales\/master\/instituto-universitario-general-gutierrez-mellado-ciencias-sociales\/\">INSTITUTO UNIVERSITARIO GENERAL GUTI\u00c9RREZ MELLADO<\/a><\/li>\n<\/ol>\n<h3>5-. INGENIER\u00cdA Y ARQUITECTURA<\/h3>\n<ol>\n<li><a href=\"http:\/\/blogs.uned.es\/salidasprofesionales\/master\/e-t-s-de-ingenieria-informatica\/\">E.T.S. DE INGENIER\u00cdA INFORM\u00c1TICA<\/a><\/li>\n<li><a href=\"http:\/\/blogs.uned.es\/salidasprofesionales\/master\/e-t-s-de-ingenieros-industriales\/\">E.T.S. DE INGENIEROS INDUSTRIALES<\/a><\/li>\n<\/ol>\n","protected":false},"excerpt":{"rendered":"<p>1-. ARTES Y HUMANIDADES FACULTAD DE FILOLOG\u00cdA FACULTAD DE FILOSOF\u00cdA FACULTAD DE GEOGRAF\u00cdA E HISTORIA INSTITUTO UNIVERSITARIO GENERAL GUTI\u00c9RREZ MELLADO 2-. CIENCIAS FACULTAD DE CIENCIAS 3-. CIENCIAS DE LA SALUD FACULTAD DE CIENCIAS FACULTAD DE PSICOLOG\u00cdA FACULTAD DE DERECHO 4-. CIENCIAS SOCIALES Y JUR\u00cdDICAS FACULTAD DE CIENCIAS ECON\u00d3MICAS Y EMPRESARIALES FACULTAD DE CIENCIAS POL\u00cdTICAS Y [&hellip;]<\/p>\n","protected":false},"author":5997,"featured_media":0,"parent":0,"menu_order":0,"comment_status":"closed","ping_status":"closed","template":"","meta":{"footnotes":""},"class_list":["post-2289","page","type-page","status-publish","czr-hentry"],"_links":{"self":[{"href":"https:\/\/blogs.uned.es\/salidasprofesionales\/wp-json\/wp\/v2\/pages\/2289","targetHints":{"allow":["GET"]}}],"collection":[{"href":"https:\/\/blogs.uned.es\/salidasprofesionales\/wp-json\/wp\/v2\/pages"}],"about":[{"href":"https:\/\/blogs.uned.es\/salidasprofesionales\/wp-json\/wp\/v2\/types\/page"}],"author":[{"embeddable":true,"href":"https:\/\/blogs.uned.es\/salidasprofesionales\/wp-json\/wp\/v2\/users\/5997"}],"replies":[{"embeddable":true,"href":"https:\/\/blogs.uned.es\/salidasprofesionales\/wp-json\/wp\/v2\/comments?post=2289"}],"version-history":[{"count":28,"href":"https:\/\/blogs.uned.es\/salidasprofesionales\/wp-json\/wp\/v2\/pages\/2289\/revisions"}],"predecessor-version":[{"id":6491,"href":"https:\/\/blogs.uned.es\/salidasprofesionales\/wp-json\/wp\/v2\/pages\/2289\/revisions\/6491"}],"wp:attachment":[{"href":"https:\/\/blogs.uned.es\/salidasprofesionales\/wp-json\/wp\/v2\/media?parent=2289"}],"curies":[{"name":"wp","href":"https:\/\/api.w.org\/{rel}","templated":true}]}}

MÁSTER

<p><img fetchpriority="high" decoding="async" class="aligncenter size-full wp-image-3899" src="http://blogs.uned.es/salidasprofesionales/wp-content/uploads/sites/165/2020/07/MASTER.png" alt="" width="306" height="180" srcset="https://blogs.uned.es/salidasprofesionales/wp-content/uploads/sites/165/2020/07/MASTER.png 306w, https://blogs.uned.es/salidasprofesionales/wp-content/uploads/sites/165/2020/07/MASTER-300x176.png 300w" sizes="(max-width: 306px) 100vw, 306px" /></p>
<h3></h3>
<h3>1-. ARTES Y HUMANIDADES</h3>
<ol>
<li><a href="http://blogs.uned.es/salidasprofesionales/master/facultad-de-filologia/">FACULTAD DE FILOLOGÍA</a></li>
<li><a href="http://blogs.uned.es/salidasprofesionales/master/facultad-de-filosofia/">FACULTAD DE FILOSOFÍA</a></li>
<li><a href="http://blogs.uned.es/salidasprofesionales/master/facultad-de-geografia-e-historia/">FACULTAD DE GEOGRAFÍA E HISTORIA</a></li>
<li><a href="http://blogs.uned.es/salidasprofesionales/master/instituto-universitario-general-gutierrez-mellado/master-universitario-en-historia-militar-de-espana/">INSTITUTO UNIVERSITARIO GENERAL GUTIÉRREZ MELLADO</a></li>
</ol>
<h3>2-. CIENCIAS</h3>
<ol>
<li><a href="http://blogs.uned.es/salidasprofesionales/master/facultad-de-ciencias/">FACULTAD DE CIENCIAS</a></li>
</ol>
<h3>3-. CIENCIAS DE LA SALUD</h3>
<ol>
<li><a href="http://blogs.uned.es/salidasprofesionales/master/master-universitario-en-fisica-medica/">FACULTAD DE CIENCIAS</a></li>
<li><a href="http://blogs.uned.es/salidasprofesionales/master/facultad-de-psicologia/">FACULTAD DE PSICOLOGÍA</a></li>
<li><a href="http://blogs.uned.es/salidasprofesionales/master/master-universitario-en-administracion-sanitaria/">FACULTAD DE DERECHO</a></li>
</ol>
<h3>4-. CIENCIAS SOCIALES Y JURÍDICAS</h3>
<ol>
<li><a href="http://blogs.uned.es/salidasprofesionales/master/facultad-de-ciencias-economicas-y-empresariales/">FACULTAD DE CIENCIAS ECONÓMICAS Y EMPRESARIALES</a></li>
<li><a href="http://blogs.uned.es/salidasprofesionales/master/facultad-de-ciencias-politicas-y-sociologia/">FACULTAD DE CIENCIAS POLÍTICAS Y SOCIOLOGÍA</a></li>
<li><a href="https://blogs.uned.es/salidasprofesionales/master/facultad-de-derecho/">FACULTAD DE DERECHO</a></li>
<li><a href="http://blogs.uned.es/salidasprofesionales/master/facultad-de-educacion/">FACULTAD DE EDUCACIÓN</a></li>
<li><a href="http://blogs.uned.es/salidasprofesionales/master/master-universitario-en-comunicacion-audiovisual-de-servicio-publico/">FACULTAD DE FILOLOGÍA</a></li>
<li><a href="http://blogs.uned.es/salidasprofesionales/master/instituto-universitario-general-gutierrez-mellado-ciencias-sociales/">INSTITUTO UNIVERSITARIO GENERAL GUTIÉRREZ MELLADO</a></li>
</ol>
<h3>5-. INGENIERÍA Y ARQUITECTURA</h3>
<ol>
<li><a href="http://blogs.uned.es/salidasprofesionales/master/e-t-s-de-ingenieria-informatica/">E.T.S. DE INGENIERÍA INFORMÁTICA</a></li>
<li><a href="http://blogs.uned.es/salidasprofesionales/master/e-t-s-de-ingenieros-industriales/">E.T.S. DE INGENIEROS INDUSTRIALES</a></li>
</ol>

<p>1-. ARTES Y HUMANIDADES FACULTAD DE FILOLOGÍA FACULTAD DE FILOSOFÍA FACULTAD DE GEOGRAFÍA E HISTORIA INSTITUTO UNIVERSITARIO GENERAL GUTIÉRREZ MELLADO 2-. CIENCIAS FACULTAD DE CIENCIAS 3-. CIENCIAS DE LA SALUD FACULTAD DE CIENCIAS FACULTAD DE PSICOLOGÍA FACULTAD DE DERECHO 4-. CIENCIAS SOCIALES Y JURÍDICAS FACULTAD DE CIENCIAS ECONÓMICAS Y EMPRESARIALES FACULTAD DE CIENCIAS POLÍTICAS Y [&hellip;]</p>
