{"id":2255,"date":"2020-06-04T15:41:39","date_gmt":"2020-06-04T15:41:39","guid":{"rendered":"http:\/\/blogs.uned.es\/salidasprofesionales\/?page_id=2255"},"modified":"2021-07-20T10:32:41","modified_gmt":"2021-07-20T10:32:41","slug":"trayectorias-laborales-y-formativas-personales-matematicas","status":"publish","type":"page","link":"https:\/\/blogs.uned.es\/salidasprofesionales\/grados\/ciencias\/grado-en-matematicas\/trayectorias-laborales-y-formativas-personales-matematicas\/","title":{"rendered":"Trayectorias laborales y formativas personales (Matem\u00e1ticas)"},"content":{"rendered":"<p><img decoding=\"async\" class=\"aligncenter size-full wp-image-2035\" src=\"http:\/\/blogs.uned.es\/salidasprofesionales\/wp-content\/uploads\/sites\/165\/2020\/05\/testimonios.png\" alt=\"\" width=\"245\" height=\"160\" \/><\/p>\n<p>Os animamos a escuchar los siguiente programas:<\/p>\n<ul>\n<li><a href=\"https:\/\/www.bing.com\/videos\/search?q=experiencias+de+graduados+en+matem%c3%a1ticas+uned&amp;&amp;view=detail&amp;mid=29729AD1A5EFE67712AE29729AD1A5EFE67712AE&amp;&amp;FORM=VRDGAR&amp;ru=%2Fvideos%2Fsearch%3Fq%3Dexperiencias%2520de%2520graduados%2520en%2520matem%25C3%25A1ticas%2520uned%26qs%3Dn%26form%3DQBVR%26sp%3D-1%26pq%3Dexperiencias%2520de%2520graduados%2520en%2520matem%25C3%25A1ticas%2520uned%26sc%3D0-45%26sk%3D%26cvid%3D2F2C3570D8684B5E9CB4C3AE54E7819E\">Grado en Matem\u00e1ticas UNED: un caso de \u00e9xito<\/a><\/li>\n<li><a href=\"https:\/\/canal.uned.es\/video\/5c07c05cb1111fd1718bb59d\">Grado en Matem\u00e1ticas: La Revoluci\u00f3n Tecnol\u00f3gica demanda m\u00e1s matem\u00e1ticos<\/a><\/li>\n<li><a href=\"https:\/\/canal.uned.es\/video\/60ed4134b6092304877acfe4\">Jornada de puertas abiertas \u00abFacultad de Ciencias\u00bb<\/a><\/li>\n<\/ul>\n","protected":false},"excerpt":{"rendered":"<p>Os animamos a escuchar los siguiente programas: Grado en Matem\u00e1ticas UNED: un caso de \u00e9xito Grado en Matem\u00e1ticas: La Revoluci\u00f3n Tecnol\u00f3gica demanda m\u00e1s matem\u00e1ticos Jornada de puertas abiertas \u00abFacultad de Ciencias\u00bb<\/p>\n","protected":false},"author":5997,"featured_media":0,"parent":287,"menu_order":0,"comment_status":"closed","ping_status":"closed","template":"","meta":{"footnotes":""},"class_list":["post-2255","page","type-page","status-publish","czr-hentry"],"_links":{"self":[{"href":"https:\/\/blogs.uned.es\/salidasprofesionales\/wp-json\/wp\/v2\/pages\/2255","targetHints":{"allow":["GET"]}}],"collection":[{"href":"https:\/\/blogs.uned.es\/salidasprofesionales\/wp-json\/wp\/v2\/pages"}],"about":[{"href":"https:\/\/blogs.uned.es\/salidasprofesionales\/wp-json\/wp\/v2\/types\/page"}],"author":[{"embeddable":true,"href":"https:\/\/blogs.uned.es\/salidasprofesionales\/wp-json\/wp\/v2\/users\/5997"}],"replies":[{"embeddable":true,"href":"https:\/\/blogs.uned.es\/salidasprofesionales\/wp-json\/wp\/v2\/comments?post=2255"}],"version-history":[{"count":2,"href":"https:\/\/blogs.uned.es\/salidasprofesionales\/wp-json\/wp\/v2\/pages\/2255\/revisions"}],"predecessor-version":[{"id":4893,"href":"https:\/\/blogs.uned.es\/salidasprofesionales\/wp-json\/wp\/v2\/pages\/2255\/revisions\/4893"}],"up":[{"embeddable":true,"href":"https:\/\/blogs.uned.es\/salidasprofesionales\/wp-json\/wp\/v2\/pages\/287"}],"wp:attachment":[{"href":"https:\/\/blogs.uned.es\/salidasprofesionales\/wp-json\/wp\/v2\/media?parent=2255"}],"curies":[{"name":"wp","href":"https:\/\/api.w.org\/{rel}","templated":true}]}}

Trayectorias laborales y formativas personales (Matemáticas)

<p><img decoding="async" class="aligncenter size-full wp-image-2035" src="http://blogs.uned.es/salidasprofesionales/wp-content/uploads/sites/165/2020/05/testimonios.png" alt="" width="245" height="160" /></p>
<p>Os animamos a escuchar los siguiente programas:</p>
<ul>
<li><a href="https://www.bing.com/videos/search?q=experiencias+de+graduados+en+matem%c3%a1ticas+uned&amp;&amp;view=detail&amp;mid=29729AD1A5EFE67712AE29729AD1A5EFE67712AE&amp;&amp;FORM=VRDGAR&amp;ru=%2Fvideos%2Fsearch%3Fq%3Dexperiencias%2520de%2520graduados%2520en%2520matem%25C3%25A1ticas%2520uned%26qs%3Dn%26form%3DQBVR%26sp%3D-1%26pq%3Dexperiencias%2520de%2520graduados%2520en%2520matem%25C3%25A1ticas%2520uned%26sc%3D0-45%26sk%3D%26cvid%3D2F2C3570D8684B5E9CB4C3AE54E7819E">Grado en Matemáticas UNED: un caso de éxito</a></li>
<li><a href="https://canal.uned.es/video/5c07c05cb1111fd1718bb59d">Grado en Matemáticas: La Revolución Tecnológica demanda más matemáticos</a></li>
<li><a href="https://canal.uned.es/video/60ed4134b6092304877acfe4">Jornada de puertas abiertas «Facultad de Ciencias»</a></li>
</ul>

<p>Os animamos a escuchar los siguiente programas: Grado en Matemáticas UNED: un caso de éxito Grado en Matemáticas: La Revolución Tecnológica demanda más matemáticos Jornada de puertas abiertas «Facultad de Ciencias»</p>
