{"id":187,"date":"2021-11-10T11:33:03","date_gmt":"2021-11-10T11:33:03","guid":{"rendered":"http:\/\/blogs.uned.es\/salidasprofesionales\/?page_id=187"},"modified":"2021-11-10T11:33:05","modified_gmt":"2021-11-10T11:33:05","slug":"grado-en-turismo","status":"publish","type":"page","link":"https:\/\/blogs.uned.es\/salidasprofesionales\/grados\/ciencias-sociales-y-juridicas\/grado-en-turismo\/","title":{"rendered":"Grado en Turismo"},"content":{"rendered":"<p><img decoding=\"async\" class=\"aligncenter size-full wp-image-4031\" src=\"http:\/\/blogs.uned.es\/salidasprofesionales\/wp-content\/uploads\/sites\/165\/2020\/07\/turismo.jpg\" alt=\"\" width=\"294\" height=\"116\" \/><\/p>\n<p><strong>Itinerario formativo:<\/strong><\/p>\n<p><a href=\"http:\/\/blogs.uned.es\/salidasprofesionales\/grados\/ciencias-sociales-y-juridicas\/grado-en-turismo\/perfil-del-grado-turismo\/\">Perfil del Grado<\/a><br \/>\n<a href=\"http:\/\/blogs.uned.es\/salidasprofesionales\/grados\/ciencias-sociales-y-juridicas\/grado-en-turismo\/competencias-profesionales-turismo\/\">Competencias Profesionales<\/a><br \/>\n<a href=\"http:\/\/blogs.uned.es\/salidasprofesionales\/grados\/ciencias-sociales-y-juridicas\/grado-en-turismo\/opciones-formativas-vinculadas-al-titulo-turismo\/\">Opciones formativas vinculadas al t\u00edtulo<\/a><br \/>\n<a href=\"http:\/\/blogs.uned.es\/salidasprofesionales\/grados\/ciencias-sociales-y-juridicas\/grado-en-turismo\/otras-caracteristicas-relevantes-para-el-empleo-turismo\/\">Otras caracter\u00edsticas relevantes para el empleo<\/a><\/p>\n<p><strong>Salidas profesionales:<\/strong><\/p>\n<p><a href=\"http:\/\/blogs.uned.es\/salidasprofesionales\/grados\/ciencias-sociales-y-juridicas\/grado-en-turismo\/perspectivas-laborales-turismo\/\">Perspectivas Laborales<\/a><br \/>\n<a href=\"http:\/\/blogs.uned.es\/salidasprofesionales\/grados\/ciencias-sociales-y-juridicas\/grado-en-turismo\/ambitos-profesionales-turismo\/\">\u00c1mbitos profesionales<\/a><br \/>\n<a href=\"http:\/\/blogs.uned.es\/salidasprofesionales\/grados\/ciencias-sociales-y-juridicas\/grado-en-turismo\/ocupaciones-puestos-turismo\/\">Ocupaciones\/Puestos<\/a><br \/>\n<a href=\"http:\/\/blogs.uned.es\/salidasprofesionales\/grados\/ciencias-sociales-y-juridicas\/grado-en-turismo\/empresas-organizaciones-y-portales-especificos-de-empleo-turismo\/\">Empresas, organizaciones y portales espec\u00edficos de empleo<\/a><\/p>\n<p><strong>Recursos de Inter\u00e9s:<\/strong><\/p>\n<p><a href=\"http:\/\/blogs.uned.es\/salidasprofesionales\/grados\/ciencias-sociales-y-juridicas\/grado-en-turismo\/organizaciones-y-enlaces-relevantes-turismo\/\">Organizaciones y enlaces relevantes<\/a><br \/>\n<a href=\"http:\/\/blogs.uned.es\/salidasprofesionales\/grados\/ciencias-sociales-y-juridicas\/grado-en-turismo\/fuentes-estadisticas-y-publicaciones-de-interes-turismo\/\">Fuentes Estad\u00edsticas y Publicaciones de Inter\u00e9s<\/a><br \/>\n<a href=\"http:\/\/blogs.uned.es\/salidasprofesionales\/grados\/ciencias-sociales-y-juridicas\/grado-en-turismo\/estadisticas-e-informes-del-mercado-de-trabajo-turismo\/\">Estad\u00edsticas e Informes del Mercado de Trabajo<\/a><br \/>\n<a href=\"http:\/\/blogs.uned.es\/salidasprofesionales\/grados\/ciencias-sociales-y-juridicas\/grado-en-turismo\/trayectorias-laborales-y-formativas-personales-turismo\/\">Trayectorias laborales y formativas personales<\/a><\/p>\n","protected":false},"excerpt":{"rendered":"<p>Itinerario formativo: Perfil del Grado Competencias Profesionales Opciones formativas vinculadas al t\u00edtulo Otras caracter\u00edsticas relevantes para el empleo Salidas profesionales: Perspectivas Laborales \u00c1mbitos profesionales Ocupaciones\/Puestos Empresas, organizaciones y portales espec\u00edficos de empleo Recursos de Inter\u00e9s: Organizaciones y enlaces relevantes Fuentes Estad\u00edsticas y Publicaciones de Inter\u00e9s Estad\u00edsticas e Informes del Mercado de Trabajo Trayectorias laborales y [&hellip;]<\/p>\n","protected":false},"author":5997,"featured_media":0,"parent":99,"menu_order":0,"comment_status":"closed","ping_status":"closed","template":"","meta":{"footnotes":""},"class_list":["post-187","page","type-page","status-publish","czr-hentry"],"_links":{"self":[{"href":"https:\/\/blogs.uned.es\/salidasprofesionales\/wp-json\/wp\/v2\/pages\/187","targetHints":{"allow":["GET"]}}],"collection":[{"href":"https:\/\/blogs.uned.es\/salidasprofesionales\/wp-json\/wp\/v2\/pages"}],"about":[{"href":"https:\/\/blogs.uned.es\/salidasprofesionales\/wp-json\/wp\/v2\/types\/page"}],"author":[{"embeddable":true,"href":"https:\/\/blogs.uned.es\/salidasprofesionales\/wp-json\/wp\/v2\/users\/5997"}],"replies":[{"embeddable":true,"href":"https:\/\/blogs.uned.es\/salidasprofesionales\/wp-json\/wp\/v2\/comments?post=187"}],"version-history":[{"count":15,"href":"https:\/\/blogs.uned.es\/salidasprofesionales\/wp-json\/wp\/v2\/pages\/187\/revisions"}],"predecessor-version":[{"id":5067,"href":"https:\/\/blogs.uned.es\/salidasprofesionales\/wp-json\/wp\/v2\/pages\/187\/revisions\/5067"}],"up":[{"embeddable":true,"href":"https:\/\/blogs.uned.es\/salidasprofesionales\/wp-json\/wp\/v2\/pages\/99"}],"wp:attachment":[{"href":"https:\/\/blogs.uned.es\/salidasprofesionales\/wp-json\/wp\/v2\/media?parent=187"}],"curies":[{"name":"wp","href":"https:\/\/api.w.org\/{rel}","templated":true}]}}