{"id":1623,"date":"2020-05-20T10:59:19","date_gmt":"2020-05-20T10:59:19","guid":{"rendered":"http:\/\/blogs.uned.es\/salidasprofesionales\/?page_id=1623"},"modified":"2020-06-01T14:43:55","modified_gmt":"2020-06-01T14:43:55","slug":"organizaciones-y-enlaces-relevantes-ingenieria-informatica","status":"publish","type":"page","link":"https:\/\/blogs.uned.es\/salidasprofesionales\/grados\/ingenieria-y-arquitectura\/grado-en-ingenieria-informatica\/organizaciones-y-enlaces-relevantes-ingenieria-informatica\/","title":{"rendered":"Organizaciones y enlaces relevantes (Ingenier\u00eda Inform\u00e1tica)"},"content":{"rendered":"<p><img fetchpriority=\"high\" decoding=\"async\" class=\"alignnone size-full wp-image-1633 aligncenter\" src=\"http:\/\/blogs.uned.es\/salidasprofesionales\/wp-content\/uploads\/sites\/165\/2020\/05\/organizaciones-1.jpg\" alt=\"\" width=\"299\" height=\"168\" \/><\/p>\n<p><b>-Consejo General de Colegios Profesionales de Ingenier\u00eda en Inform\u00e1tica<\/b> (CCII.ES) <a href=\"http:\/\/www.ccii.es\/\">http:\/\/www.ccii.es\/<\/a> correo electr\u00f3nico: presidente@ccii.es<\/p>\n<p>&#8211;<strong>Uni\u00f3n Profesional<\/strong>:\u00a0<a href=\"http:\/\/www.unionprofesional.com\/\">http:\/\/www.unionprofesional.com\/<\/a><\/p>\n<p>A continuaci\u00f3n se\u00f1alamos algunos de los <strong>centros de actividad<\/strong> (entendidos como lugares donde el titulado universitario desarrolla su actividad profesional cualificada) m\u00e1s singulares para el titulado en este Grado, a los que pueden acudir y ofrecer sus servicios:<\/p>\n<p>-Academias<br \/>\n-Auditor\u00edas<br \/>\n-Bancos y cajas de ahorros<br \/>\n-Centros de ense\u00f1anza a distancia<br \/>\n-Centros de formaci\u00f3n continua<br \/>\n-Centros de formaci\u00f3n profesional<br \/>\n-Institutos y Colegios<br \/>\n-Comunicaciones telef\u00f3nicas<br \/>\n-Comunicaciones telem\u00e1ticas<br \/>\n-Consultor\u00eda inform\u00e1tica<br \/>\n-Consultor\u00eda log\u00edstica<br \/>\n-Escuelas de inform\u00e1tica<br \/>\n-Escuelas profesionales<br \/>\n-Fabricantes de aparatos de medici\u00f3n y control<br \/>\n-Fabricantes de equipos y componentes inform\u00e1ticos<br \/>\n-Financieras<br \/>\n-Formaci\u00f3n por internet<br \/>\n-Fundaciones y organizaciones sin \u00e1nimo de lucro<br \/>\n-Laboratorios de investigaci\u00f3n y desarrollo<br \/>\n-Industria automovil\u00edstica<br \/>\n-Industria de tecnolog\u00eda espacial y aeron\u00e1utica<br \/>\n-Instalaci\u00f3n, mantenimiento y servicio t\u00e9cnico inform\u00e1tico<br \/>\n-Investigaci\u00f3n de mercado y estudios de opini\u00f3n p\u00fablica<br \/>\n-Operadores de telecomunicaciones<br \/>\n-P\u00e1ginas web<br \/>\n-Producci\u00f3n y servicios el\u00e9ctricos<br \/>\n-Programaci\u00f3n de ordenadores y software<br \/>\n-Seguridad inform\u00e1tica<br \/>\n-Seguros y reaseguros<br \/>\n-Servicios de internet y multimedia<br \/>\n-Servicios relacionados con la computaci\u00f3n<br \/>\n-Transportes<br \/>\n-Universidades<\/p>\n","protected":false},"excerpt":{"rendered":"<p>-Consejo General de Colegios Profesionales de Ingenier\u00eda en Inform\u00e1tica (CCII.ES) http:\/\/www.ccii.es\/ correo electr\u00f3nico: presidente@ccii.es &#8211;Uni\u00f3n Profesional:\u00a0http:\/\/www.unionprofesional.com\/ A continuaci\u00f3n se\u00f1alamos algunos de los centros de actividad (entendidos como lugares donde el titulado universitario desarrolla su actividad profesional cualificada) m\u00e1s singulares para el titulado en este Grado, a los que pueden acudir y ofrecer sus servicios: -Academias [&hellip;]<\/p>\n","protected":false},"author":5997,"featured_media":0,"parent":261,"menu_order":0,"comment_status":"closed","ping_status":"closed","template":"","meta":{"footnotes":""},"class_list":["post-1623","page","type-page","status-publish","czr-hentry"],"_links":{"self":[{"href":"https:\/\/blogs.uned.es\/salidasprofesionales\/wp-json\/wp\/v2\/pages\/1623","targetHints":{"allow":["GET"]}}],"collection":[{"href":"https:\/\/blogs.uned.es\/salidasprofesionales\/wp-json\/wp\/v2\/pages"}],"about":[{"href":"https:\/\/blogs.uned.es\/salidasprofesionales\/wp-json\/wp\/v2\/types\/page"}],"author":[{"embeddable":true,"href":"https:\/\/blogs.uned.es\/salidasprofesionales\/wp-json\/wp\/v2\/users\/5997"}],"replies":[{"embeddable":true,"href":"https:\/\/blogs.uned.es\/salidasprofesionales\/wp-json\/wp\/v2\/comments?post=1623"}],"version-history":[{"count":5,"href":"https:\/\/blogs.uned.es\/salidasprofesionales\/wp-json\/wp\/v2\/pages\/1623\/revisions"}],"predecessor-version":[{"id":1635,"href":"https:\/\/blogs.uned.es\/salidasprofesionales\/wp-json\/wp\/v2\/pages\/1623\/revisions\/1635"}],"up":[{"embeddable":true,"href":"https:\/\/blogs.uned.es\/salidasprofesionales\/wp-json\/wp\/v2\/pages\/261"}],"wp:attachment":[{"href":"https:\/\/blogs.uned.es\/salidasprofesionales\/wp-json\/wp\/v2\/media?parent=1623"}],"curies":[{"name":"wp","href":"https:\/\/api.w.org\/{rel}","templated":true}]}}

Organizaciones y enlaces relevantes (Ingeniería Informática)

<p><img fetchpriority="high" decoding="async" class="alignnone size-full wp-image-1633 aligncenter" src="http://blogs.uned.es/salidasprofesionales/wp-content/uploads/sites/165/2020/05/organizaciones-1.jpg" alt="" width="299" height="168" /></p>
<p><b>-Consejo General de Colegios Profesionales de Ingeniería en Informática</b> (CCII.ES) <a href="http://www.ccii.es/">http://www.ccii.es/</a> correo electrónico: presidente@ccii.es</p>
<p>&#8211;<strong>Unión Profesional</strong>: <a href="http://www.unionprofesional.com/">http://www.unionprofesional.com/</a></p>
<p>A continuación señalamos algunos de los <strong>centros de actividad</strong> (entendidos como lugares donde el titulado universitario desarrolla su actividad profesional cualificada) más singulares para el titulado en este Grado, a los que pueden acudir y ofrecer sus servicios:</p>
<p>-Academias<br />
-Auditorías<br />
-Bancos y cajas de ahorros<br />
-Centros de enseñanza a distancia<br />
-Centros de formación continua<br />
-Centros de formación profesional<br />
-Institutos y Colegios<br />
-Comunicaciones telefónicas<br />
-Comunicaciones telemáticas<br />
-Consultoría informática<br />
-Consultoría logística<br />
-Escuelas de informática<br />
-Escuelas profesionales<br />
-Fabricantes de aparatos de medición y control<br />
-Fabricantes de equipos y componentes informáticos<br />
-Financieras<br />
-Formación por internet<br />
-Fundaciones y organizaciones sin ánimo de lucro<br />
-Laboratorios de investigación y desarrollo<br />
-Industria automovilística<br />
-Industria de tecnología espacial y aeronáutica<br />
-Instalación, mantenimiento y servicio técnico informático<br />
-Investigación de mercado y estudios de opinión pública<br />
-Operadores de telecomunicaciones<br />
-Páginas web<br />
-Producción y servicios eléctricos<br />
-Programación de ordenadores y software<br />
-Seguridad informática<br />
-Seguros y reaseguros<br />
-Servicios de internet y multimedia<br />
-Servicios relacionados con la computación<br />
-Transportes<br />
-Universidades</p>

<p>-Consejo General de Colegios Profesionales de Ingeniería en Informática (CCII.ES) http://www.ccii.es/ correo electrónico: presidente@ccii.es &#8211;Unión Profesional: http://www.unionprofesional.com/ A continuación señalamos algunos de los centros de actividad (entendidos como lugares donde el titulado universitario desarrolla su actividad profesional cualificada) más singulares para el titulado en este Grado, a los que pueden acudir y ofrecer sus servicios: -Academias [&hellip;]</p>
