{"id":1611,"date":"2020-05-20T10:54:58","date_gmt":"2020-05-20T10:54:58","guid":{"rendered":"http:\/\/blogs.uned.es\/salidasprofesionales\/?page_id=1611"},"modified":"2020-06-01T14:43:33","modified_gmt":"2020-06-01T14:43:33","slug":"empresas-organizaciones-y-portales-especificos-de-empleo-ingenieria-informatica","status":"publish","type":"page","link":"https:\/\/blogs.uned.es\/salidasprofesionales\/grados\/ingenieria-y-arquitectura\/grado-en-ingenieria-informatica\/empresas-organizaciones-y-portales-especificos-de-empleo-ingenieria-informatica\/","title":{"rendered":"Empresas, organizaciones y portales espec\u00edficos de empleo (Ingenier\u00eda Inform\u00e1tica)"},"content":{"rendered":"<p><img decoding=\"async\" class=\"alignnone wp-image-1617 aligncenter\" src=\"http:\/\/blogs.uned.es\/salidasprofesionales\/wp-content\/uploads\/sites\/165\/2020\/05\/portales.png\" alt=\"\" width=\"217\" height=\"185\" \/><\/p>\n<p>A continuaci\u00f3n os presentamos algunos portales espec\u00edficos de empleo que esperamos sean de utilidad:<\/p>\n<ul>\n<li><a href=\"https:\/\/careers.edicomgroup.com\/\">https:\/\/careers.edicomgroup.com\/<\/a><\/li>\n<li><a href=\"https:\/\/careers.edicomgroup.com\/\">https:\/\/careers.edicomgroup.com\/<\/a><a href=\"http:\/\/www.tecnoempleo.com\">http:\/\/www.tecnoempleo.com<\/a> (Ofertas de empleo para Inform\u00e1ticos)<\/li>\n<li><a href=\"http:\/\/www.tecnotrabajos.com\">http:\/\/www.tecnotrabajos.com<\/a> (Ofertas de empleo para t\u00e9cnicos)<\/li>\n<li><a href=\"http:\/\/www.lawebdelprogramador.com\">http:\/\/www.lawebdelprogramador.com<\/a> (Para Inform\u00e1ticos)<\/li>\n<li><a href=\"http:\/\/www.uxplora.com\">http:\/\/www.uxplora.com<\/a> (Inform\u00e1ticos)<\/li>\n<li><a href=\"http:\/\/www.ati.es\">http:\/\/www.ati.es<\/a> (Bolsa de trabajo para Inform\u00e1ticos)<\/li>\n<li><a href=\"http:\/\/www.ticjob.es\">http:\/\/www.ticjob.es<\/a> (Inform\u00e1ticos)<\/li>\n<li><a href=\"http:\/\/www.novanotio.es\">http:\/\/www.novanotio.es<\/a><\/li>\n<li><a href=\"http:\/\/www.eticom.com\">http:\/\/www.eticom.com<\/a> (portal de empleo exclusivamente TIC Andaluc\u00eda)<\/li>\n<li><a href=\"http:\/\/madrid.theappdate.com\">http:\/\/madrid.theappdate.com<\/a> (Plataforma de recomendaci\u00f3n de App)<\/li>\n<li><a href=\"http:\/\/www.empleofreelanceinformatica.com\">http:\/\/www.empleofreelanceinformatica.com<\/a><\/li>\n<li><a href=\"http:\/\/www.jobsbcn.com\">http:\/\/www.jobsbcn.com<\/a> (Ofertas de trabajo en Startups)<\/li>\n<li><a href=\"http:\/\/www.medianet.es\">http:\/\/www.medianet.es<\/a><\/li>\n<li><a href=\"http:\/\/www.twago.es\">http:\/\/www.twago.es<\/a><\/li>\n<li><a href=\"http:\/\/www.start-up-jobs.com\">http:\/\/www.start-up-jobs.com<\/a><\/li>\n<li><a href=\"http:\/\/betabeers.com\">http:\/\/betabeers.com<\/a> (Empleo para desarrolladores)<\/li>\n<\/ul>\n<p>&nbsp;<\/p>\n","protected":false},"excerpt":{"rendered":"<p>A continuaci\u00f3n os presentamos algunos portales espec\u00edficos de empleo que esperamos sean de utilidad: https:\/\/careers.edicomgroup.com\/ https:\/\/careers.edicomgroup.com\/http:\/\/www.tecnoempleo.com (Ofertas de empleo para Inform\u00e1ticos) http:\/\/www.tecnotrabajos.com (Ofertas de empleo para t\u00e9cnicos) http:\/\/www.lawebdelprogramador.com (Para Inform\u00e1ticos) http:\/\/www.uxplora.com (Inform\u00e1ticos) http:\/\/www.ati.es (Bolsa de trabajo para Inform\u00e1ticos) http:\/\/www.ticjob.es (Inform\u00e1ticos) http:\/\/www.novanotio.es http:\/\/www.eticom.com (portal de empleo exclusivamente TIC Andaluc\u00eda) http:\/\/madrid.theappdate.com (Plataforma de recomendaci\u00f3n de App) http:\/\/www.empleofreelanceinformatica.com [&hellip;]<\/p>\n","protected":false},"author":5997,"featured_media":0,"parent":261,"menu_order":0,"comment_status":"closed","ping_status":"closed","template":"","meta":{"footnotes":""},"class_list":["post-1611","page","type-page","status-publish","czr-hentry"],"_links":{"self":[{"href":"https:\/\/blogs.uned.es\/salidasprofesionales\/wp-json\/wp\/v2\/pages\/1611","targetHints":{"allow":["GET"]}}],"collection":[{"href":"https:\/\/blogs.uned.es\/salidasprofesionales\/wp-json\/wp\/v2\/pages"}],"about":[{"href":"https:\/\/blogs.uned.es\/salidasprofesionales\/wp-json\/wp\/v2\/types\/page"}],"author":[{"embeddable":true,"href":"https:\/\/blogs.uned.es\/salidasprofesionales\/wp-json\/wp\/v2\/users\/5997"}],"replies":[{"embeddable":true,"href":"https:\/\/blogs.uned.es\/salidasprofesionales\/wp-json\/wp\/v2\/comments?post=1611"}],"version-history":[{"count":3,"href":"https:\/\/blogs.uned.es\/salidasprofesionales\/wp-json\/wp\/v2\/pages\/1611\/revisions"}],"predecessor-version":[{"id":1619,"href":"https:\/\/blogs.uned.es\/salidasprofesionales\/wp-json\/wp\/v2\/pages\/1611\/revisions\/1619"}],"up":[{"embeddable":true,"href":"https:\/\/blogs.uned.es\/salidasprofesionales\/wp-json\/wp\/v2\/pages\/261"}],"wp:attachment":[{"href":"https:\/\/blogs.uned.es\/salidasprofesionales\/wp-json\/wp\/v2\/media?parent=1611"}],"curies":[{"name":"wp","href":"https:\/\/api.w.org\/{rel}","templated":true}]}}