{"id":139,"date":"2021-06-29T18:13:58","date_gmt":"2021-06-29T18:13:58","guid":{"rendered":"http:\/\/blogs.uned.es\/salidasprofesionales\/?page_id=139"},"modified":"2024-12-09T12:33:24","modified_gmt":"2024-12-09T12:33:24","slug":"grado-en-estudios-ingleses-lengua-literatura-y-cultura","status":"publish","type":"page","link":"https:\/\/blogs.uned.es\/salidasprofesionales\/grado-en-estudios-ingleses-lengua-literatura-y-cultura\/","title":{"rendered":"Grado en Estudios Ingleses: Lengua, Literatura y Cultura"},"content":{"rendered":"\n<div class=\"wp-block-image\"><figure class=\"alignright size-large\"><img fetchpriority=\"high\" decoding=\"async\" width=\"259\" height=\"195\" src=\"https:\/\/blogs.uned.es\/salidasprofesionales\/wp-content\/uploads\/sites\/165\/2021\/06\/portada-1.jpg\" alt=\"\" class=\"wp-image-4661\" \/><\/figure><\/div>\n\n\n\n<p><strong><em>Itinerario formativo:<\/em><\/strong><\/p>\n\n\n\n<ul class=\"wp-block-list\"><li><a href=\"https:\/\/blogs.uned.es\/salidasprofesionales\/?page_id=4669\">Perfil del Grado<\/a><\/li><li><a href=\"https:\/\/blogs.uned.es\/salidasprofesionales\/grado-en-estudios-ingleses-lengua-literatura-y-cultura\/competencias-profesionales\/\">Competencias Profesionales<\/a><\/li><li><a href=\"https:\/\/blogs.uned.es\/salidasprofesionales\/grado-en-estudios-ingleses-lengua-literatura-y-cultura\/opciones-formativas-vinculadas-al-titulo\/\">Opciones formativas vinculadas al t\u00edtulo<\/a><\/li><\/ul>\n\n\n\n<p><strong><em>Salidas profesionales:<\/em><\/strong><\/p>\n\n\n\n<ul class=\"wp-block-list\"><li><a href=\"https:\/\/blogs.uned.es\/salidasprofesionales\/grado-en-estudios-ingleses-lengua-literatura-y-cultura\/perspectivas-laborales\/\">Perspectivas Laborales<\/a><\/li><li><a href=\"https:\/\/blogs.uned.es\/salidasprofesionales\/grado-en-estudios-ingleses-lengua-literatura-y-cultura\/ambitos-profesionales\/\">\u00c1mbitos profesionales<\/a><\/li><li><a href=\"https:\/\/blogs.uned.es\/salidasprofesionales\/grado-en-estudios-ingleses-lengua-literatura-y-cultura\/ocupaciones-y-puestos\/\">Ocupaciones\/Puestos<\/a><\/li><li><a href=\"https:\/\/blogs.uned.es\/salidasprofesionales\/grado-en-estudios-ingleses-lengua-literatura-y-cultura\/empresas-organizaciones-y-portales-especificos-de-empleo\/\">Empresas, organizaciones y portales espec\u00edficos de empleo<\/a><\/li><\/ul>\n\n\n\n<p><strong><em>Recursos de Inter\u00e9s:<\/em><\/strong><\/p>\n\n\n\n<ul class=\"wp-block-list\"><li><a href=\"https:\/\/blogs.uned.es\/salidasprofesionales\/grado-en-estudios-ingleses-lengua-literatura-y-cultura\/organizaciones-y-enlaces-relevantes\/\">Organizaciones y enlaces relevantes<\/a><\/li><li><a href=\"https:\/\/blogs.uned.es\/salidasprofesionales\/grado-en-estudios-ingleses-lengua-literatura-y-cultura\/estadisticas-e-informes-del-mercado-de-trabajo\/\">Estad\u00edsticas e informes del Mercado de Trabajo<\/a><\/li><li><a href=\"https:\/\/blogs.uned.es\/salidasprofesionales\/grado-en-estudios-ingleses-lengua-literatura-y-cultura\/trayectorias-laborales-y-formativas-personales\/\">Trayectorias laborales y formativas personales<\/a><\/li><\/ul>\n","protected":false},"excerpt":{"rendered":"<p>Itinerario formativo: Perfil del Grado Competencias Profesionales Opciones formativas vinculadas al t\u00edtulo Salidas profesionales: Perspectivas Laborales \u00c1mbitos profesionales Ocupaciones\/Puestos Empresas, organizaciones y portales espec\u00edficos de empleo Recursos de Inter\u00e9s: Organizaciones y enlaces relevantes Estad\u00edsticas e informes del Mercado de Trabajo Trayectorias laborales y formativas personales<\/p>\n","protected":false},"author":5997,"featured_media":0,"parent":0,"menu_order":0,"comment_status":"closed","ping_status":"closed","template":"","meta":{"footnotes":""},"class_list":["post-139","page","type-page","status-publish","czr-hentry"],"_links":{"self":[{"href":"https:\/\/blogs.uned.es\/salidasprofesionales\/wp-json\/wp\/v2\/pages\/139","targetHints":{"allow":["GET"]}}],"collection":[{"href":"https:\/\/blogs.uned.es\/salidasprofesionales\/wp-json\/wp\/v2\/pages"}],"about":[{"href":"https:\/\/blogs.uned.es\/salidasprofesionales\/wp-json\/wp\/v2\/types\/page"}],"author":[{"embeddable":true,"href":"https:\/\/blogs.uned.es\/salidasprofesionales\/wp-json\/wp\/v2\/users\/5997"}],"replies":[{"embeddable":true,"href":"https:\/\/blogs.uned.es\/salidasprofesionales\/wp-json\/wp\/v2\/comments?post=139"}],"version-history":[{"count":13,"href":"https:\/\/blogs.uned.es\/salidasprofesionales\/wp-json\/wp\/v2\/pages\/139\/revisions"}],"predecessor-version":[{"id":4749,"href":"https:\/\/blogs.uned.es\/salidasprofesionales\/wp-json\/wp\/v2\/pages\/139\/revisions\/4749"}],"wp:attachment":[{"href":"https:\/\/blogs.uned.es\/salidasprofesionales\/wp-json\/wp\/v2\/media?parent=139"}],"curies":[{"name":"wp","href":"https:\/\/api.w.org\/{rel}","templated":true}]}}

<div class="wp-block-image"><figure class="alignright size-large"><img fetchpriority="high" decoding="async" width="259" height="195" src="https://blogs.uned.es/salidasprofesionales/wp-content/uploads/sites/165/2021/06/portada-1.jpg" alt="" class="wp-image-4661" /></figure></div>



<p><strong><em>Itinerario formativo:</em></strong></p>



<ul class="wp-block-list"><li><a href="https://blogs.uned.es/salidasprofesionales/?page_id=4669">Perfil del Grado</a></li><li><a href="https://blogs.uned.es/salidasprofesionales/grado-en-estudios-ingleses-lengua-literatura-y-cultura/competencias-profesionales/">Competencias Profesionales</a></li><li><a href="https://blogs.uned.es/salidasprofesionales/grado-en-estudios-ingleses-lengua-literatura-y-cultura/opciones-formativas-vinculadas-al-titulo/">Opciones formativas vinculadas al título</a></li></ul>



<p><strong><em>Salidas profesionales:</em></strong></p>



<ul class="wp-block-list"><li><a href="https://blogs.uned.es/salidasprofesionales/grado-en-estudios-ingleses-lengua-literatura-y-cultura/perspectivas-laborales/">Perspectivas Laborales</a></li><li><a href="https://blogs.uned.es/salidasprofesionales/grado-en-estudios-ingleses-lengua-literatura-y-cultura/ambitos-profesionales/">Ámbitos profesionales</a></li><li><a href="https://blogs.uned.es/salidasprofesionales/grado-en-estudios-ingleses-lengua-literatura-y-cultura/ocupaciones-y-puestos/">Ocupaciones/Puestos</a></li><li><a href="https://blogs.uned.es/salidasprofesionales/grado-en-estudios-ingleses-lengua-literatura-y-cultura/empresas-organizaciones-y-portales-especificos-de-empleo/">Empresas, organizaciones y portales específicos de empleo</a></li></ul>



<p><strong><em>Recursos de Interés:</em></strong></p>



<ul class="wp-block-list"><li><a href="https://blogs.uned.es/salidasprofesionales/grado-en-estudios-ingleses-lengua-literatura-y-cultura/organizaciones-y-enlaces-relevantes/">Organizaciones y enlaces relevantes</a></li><li><a href="https://blogs.uned.es/salidasprofesionales/grado-en-estudios-ingleses-lengua-literatura-y-cultura/estadisticas-e-informes-del-mercado-de-trabajo/">Estadísticas e informes del Mercado de Trabajo</a></li><li><a href="https://blogs.uned.es/salidasprofesionales/grado-en-estudios-ingleses-lengua-literatura-y-cultura/trayectorias-laborales-y-formativas-personales/">Trayectorias laborales y formativas personales</a></li></ul>

<p>Itinerario formativo: Perfil del Grado Competencias Profesionales Opciones formativas vinculadas al título Salidas profesionales: Perspectivas Laborales Ámbitos profesionales Ocupaciones/Puestos Empresas, organizaciones y portales específicos de empleo Recursos de Interés: Organizaciones y enlaces relevantes Estadísticas e informes del Mercado de Trabajo Trayectorias laborales y formativas personales</p>
