{"id":35,"date":"2019-10-09T10:31:37","date_gmt":"2019-10-09T08:31:37","guid":{"rendered":"http:\/\/blogs.uned.es\/sails\/?page_id=35"},"modified":"2026-05-07T16:26:48","modified_gmt":"2026-05-07T14:26:48","slug":"tfms","status":"publish","type":"page","link":"https:\/\/blogs.uned.es\/sails\/tfms\/","title":{"rendered":"Ofertas TFM (Trabajos Fin de M\u00e1ster)"},"content":{"rendered":"\t\t<div data-elementor-type=\"wp-page\" data-elementor-id=\"35\" class=\"elementor elementor-35\" data-elementor-post-type=\"page\">\n\t\t\t\t\t\t<section class=\"elementor-section elementor-top-section elementor-element elementor-element-cf8821d elementor-section-boxed elementor-section-height-default elementor-section-height-default\" data-id=\"cf8821d\" data-element_type=\"section\" data-e-type=\"section\">\n\t\t\t\t\t\t<div class=\"elementor-container elementor-column-gap-default\">\n\t\t\t\t\t<div class=\"elementor-column elementor-col-100 elementor-top-column elementor-element elementor-element-b19ab98\" data-id=\"b19ab98\" data-element_type=\"column\" data-e-type=\"column\">\n\t\t\t<div class=\"elementor-widget-wrap elementor-element-populated\">\n\t\t\t\t\t\t<div class=\"elementor-element elementor-element-d721678 elementor-widget elementor-widget-heading\" data-id=\"d721678\" data-element_type=\"widget\" data-e-type=\"widget\" data-widget_type=\"heading.default\">\n\t\t\t\t<div class=\"elementor-widget-container\">\n\t\t\t\t\t<h1 class=\"elementor-heading-title elementor-size-default\"><h1>Ofertas TFM (Trabajos fin de m\u00e1ster)<\/h1><\/h1>\t\t\t\t<\/div>\n\t\t\t\t<\/div>\n\t\t\t\t\t<\/div>\n\t\t<\/div>\n\t\t\t\t\t<\/div>\n\t\t<\/section>\n\t\t\t\t<section class=\"elementor-section elementor-top-section elementor-element elementor-element-9b1421c elementor-section-boxed elementor-section-height-default elementor-section-height-default\" data-id=\"9b1421c\" data-element_type=\"section\" data-e-type=\"section\">\n\t\t\t\t\t\t<div class=\"elementor-container elementor-column-gap-default\">\n\t\t\t\t\t<div class=\"elementor-column elementor-col-100 elementor-top-column elementor-element elementor-element-a628454\" data-id=\"a628454\" data-element_type=\"column\" data-e-type=\"column\">\n\t\t\t<div class=\"elementor-widget-wrap\">\n\t\t\t\t\t\t\t<\/div>\n\t\t<\/div>\n\t\t\t\t\t<\/div>\n\t\t<\/section>\n\t\t\t\t<section class=\"elementor-section elementor-top-section elementor-element elementor-element-749c59b elementor-section-boxed elementor-section-height-default elementor-section-height-default\" data-id=\"749c59b\" data-element_type=\"section\" data-e-type=\"section\">\n\t\t\t\t\t\t<div class=\"elementor-container elementor-column-gap-default\">\n\t\t\t\t\t<div class=\"elementor-column elementor-col-50 elementor-top-column elementor-element elementor-element-c3c7727\" data-id=\"c3c7727\" data-element_type=\"column\" data-e-type=\"column\">\n\t\t\t<div class=\"elementor-widget-wrap elementor-element-populated\">\n\t\t\t\t\t\t<div class=\"elementor-element elementor-element-ac16ce9 elementor-widget__width-initial elementor-widget elementor-widget-image\" data-id=\"ac16ce9\" data-element_type=\"widget\" data-e-type=\"widget\" data-widget_type=\"image.default\">\n\t\t\t\t<div class=\"elementor-widget-container\">\n\t\t\t\t\t\t\t\t\t\t\t\t\t\t\t<img fetchpriority=\"high\" decoding=\"async\" width=\"800\" height=\"534\" src=\"https:\/\/blogs.uned.es\/sails\/wp-content\/uploads\/sites\/641\/2026\/03\/laptop-cup-of-coffee-and-stack-of-newspapers-on-w-2026-01-06-00-37-05-utc-1024x683.jpg\" class=\"attachment-large size-large wp-image-759\" alt=\"\" srcset=\"https:\/\/blogs.uned.es\/sails\/wp-content\/uploads\/sites\/641\/2026\/03\/laptop-cup-of-coffee-and-stack-of-newspapers-on-w-2026-01-06-00-37-05-utc-1024x683.jpg 1024w, https:\/\/blogs.uned.es\/sails\/wp-content\/uploads\/sites\/641\/2026\/03\/laptop-cup-of-coffee-and-stack-of-newspapers-on-w-2026-01-06-00-37-05-utc-300x200.jpg 300w, https:\/\/blogs.uned.es\/sails\/wp-content\/uploads\/sites\/641\/2026\/03\/laptop-cup-of-coffee-and-stack-of-newspapers-on-w-2026-01-06-00-37-05-utc-768x513.jpg 768w, https:\/\/blogs.uned.es\/sails\/wp-content\/uploads\/sites\/641\/2026\/03\/laptop-cup-of-coffee-and-stack-of-newspapers-on-w-2026-01-06-00-37-05-utc-1536x1025.jpg 1536w, https:\/\/blogs.uned.es\/sails\/wp-content\/uploads\/sites\/641\/2026\/03\/laptop-cup-of-coffee-and-stack-of-newspapers-on-w-2026-01-06-00-37-05-utc-2048x1367.jpg 2048w\" sizes=\"(max-width: 800px) 100vw, 800px\" \/>\t\t\t\t\t\t\t\t\t\t\t\t\t\t\t<\/div>\n\t\t\t\t<\/div>\n\t\t\t\t\t<\/div>\n\t\t<\/div>\n\t\t\t\t<div class=\"elementor-column elementor-col-50 elementor-top-column elementor-element elementor-element-318a4f0\" data-id=\"318a4f0\" data-element_type=\"column\" data-e-type=\"column\">\n\t\t\t<div class=\"elementor-widget-wrap elementor-element-populated\">\n\t\t\t\t\t\t<div class=\"elementor-element elementor-element-e23f444 elementor-widget__width-initial elementor-widget elementor-widget-text-editor\" data-id=\"e23f444\" data-element_type=\"widget\" data-e-type=\"widget\" data-widget_type=\"text-editor.default\">\n\t\t\t\t<div class=\"elementor-widget-container\">\n\t\t\t\t\t\t\t\t\t<h4><b>M\u00e1ster en Investigaci\u00f3n en Inteligencia artificial<\/b><\/h4><p>&#8211; <u>APRENDIZAJE AUTOM\u00c1TICO PARA OPTIMIZACI\u00d3N DE PROCESOS INDUSTRIALES<\/u>:\u00a0<b>\u00a0<\/b>En esta l\u00ednea se pueden realizar trabajos cuyo objetivo sea la aplicaci\u00f3n de t\u00e9cnicas de aprendizaje autom\u00e1tico para optimizaci\u00f3n de procesos industriales o cient\u00edficos en diferentes dominios. En el siguiente\u00a0<span style=\"text-decoration: underline\"><a href=\"http:\/\/blogs.uned.es\/ml-edar\/\" target=\"_blank\" rel=\"noopener\">enlace<\/a>,<\/span> se puede ver algunos de los trabajos realizados en optimizaci\u00f3n de plantas depuradoras de aguas residuales. Dentro de este m\u00e1ster, el estudiante que trabaje en esta l\u00ednea tendr\u00e1 como asignaturas recomendadas las siguientes:\u00a0<\/p><ul><li>Metodolog\u00eda de Investigaci\u00f3n en Sistemas Inteligentes\u00a0<\/li><li>M\u00e9todos de aprendizaje autom\u00e1tico\u00a0<\/li><li>Aprendizaje profundo\u00a0<\/li><li>Computaci\u00f3n evolutiva\u00a0<\/li><li>M\u00e9todos estad\u00edsticos<\/li><li>Miner\u00eda de datos.\u00a0<\/li><\/ul><h4>M\u00e1ster en Ingenier\u00eda Inform\u00e1tica<\/h4><div>&#8211; <u>MIGRACI\u00d3N, DESARROLLO E INTEGRACI\u00d3N DE JUEGOS DENTRO DE UNA APLICACI\u00d3N PARA LA ESTIMULACI\u00d3N VISUAL<\/u>: La especificaci\u00f3n de esta propuesta puede descargarse en este\u00a0<a href=\"https:\/\/blogs.uned.es\/sails\/wp-content\/uploads\/sites\/641\/2026\/05\/propuesta_TFM_EVIN_MUII.pdf\" target=\"_blank\" rel=\"noopener\">enlace<\/a>\u00a0y se enmarca en el proyecto\u00a0<a href=\"http:\/\/siea.ia.uned.es\/\" target=\"_blank\" rel=\"noopener\">EVIN<\/a>.<\/div>\t\t\t\t\t\t\t\t<\/div>\n\t\t\t\t<\/div>\n\t\t\t\t\t<\/div>\n\t\t<\/div>\n\t\t\t\t\t<\/div>\n\t\t<\/section>\n\t\t\t\t<section class=\"elementor-section elementor-top-section elementor-element elementor-element-f7086a1 elementor-section-boxed elementor-section-height-default elementor-section-height-default\" data-id=\"f7086a1\" data-element_type=\"section\" data-e-type=\"section\">\n\t\t\t\t\t\t<div class=\"elementor-container elementor-column-gap-default\">\n\t\t\t\t\t<div class=\"elementor-column elementor-col-100 elementor-top-column elementor-element elementor-element-2e4bdf5\" data-id=\"2e4bdf5\" data-element_type=\"column\" data-e-type=\"column\">\n\t\t\t<div class=\"elementor-widget-wrap\">\n\t\t\t\t\t\t\t<\/div>\n\t\t<\/div>\n\t\t\t\t\t<\/div>\n\t\t<\/section>\n\t\t\t\t<\/div>\n\t\t","protected":false},"excerpt":{"rendered":"<p>Ofertas TFM (Trabajos fin de m\u00e1ster) M\u00e1ster en Investigaci\u00f3n en Inteligencia artificial &#8211; APRENDIZAJE AUTOM\u00c1TICO PARA OPTIMIZACI\u00d3N DE PROCESOS INDUSTRIALES:\u00a0\u00a0En esta l\u00ednea se pueden realizar trabajos cuyo objetivo sea la aplicaci\u00f3n de t\u00e9cnicas de aprendizaje autom\u00e1tico para optimizaci\u00f3n de procesos industriales o cient\u00edficos en diferentes dominios. En el siguiente\u00a0enlace, se puede ver algunos de los trabajos realizados en optimizaci\u00f3n de plantas depuradoras de aguas residuales. Dentro de este m\u00e1ster, el estudiante que trabaje en esta l\u00ednea tendr\u00e1 como asignaturas recomendadas las siguientes:\u00a0 Metodolog\u00eda de Investigaci\u00f3n en Sistemas Inteligentes\u00a0 M\u00e9todos de aprendizaje autom\u00e1tico\u00a0 Aprendizaje profundo\u00a0 Computaci\u00f3n evolutiva\u00a0 M\u00e9todos estad\u00edsticos Miner\u00eda de datos.\u00a0 M\u00e1ster en Ingenier\u00eda Inform\u00e1tica &#8211; MIGRACI\u00d3N, DESARROLLO E INTEGRACI\u00d3N DE JUEGOS DENTRO DE UNA APLICACI\u00d3N PARA LA ESTIMULACI\u00d3N VISUAL: La especificaci\u00f3n de esta propuesta puede descargarse en este\u00a0enlace\u00a0y se enmarca en el proyecto\u00a0EVIN.<\/p>\n","protected":false},"author":1,"featured_media":0,"parent":0,"menu_order":0,"comment_status":"closed","ping_status":"closed","template":"","meta":{"footnotes":""},"class_list":["post-35","page","type-page","status-publish"],"_links":{"self":[{"href":"https:\/\/blogs.uned.es\/sails\/wp-json\/wp\/v2\/pages\/35","targetHints":{"allow":["GET"]}}],"collection":[{"href":"https:\/\/blogs.uned.es\/sails\/wp-json\/wp\/v2\/pages"}],"about":[{"href":"https:\/\/blogs.uned.es\/sails\/wp-json\/wp\/v2\/types\/page"}],"author":[{"embeddable":true,"href":"https:\/\/blogs.uned.es\/sails\/wp-json\/wp\/v2\/users\/1"}],"replies":[{"embeddable":true,"href":"https:\/\/blogs.uned.es\/sails\/wp-json\/wp\/v2\/comments?post=35"}],"version-history":[{"count":63,"href":"https:\/\/blogs.uned.es\/sails\/wp-json\/wp\/v2\/pages\/35\/revisions"}],"predecessor-version":[{"id":1051,"href":"https:\/\/blogs.uned.es\/sails\/wp-json\/wp\/v2\/pages\/35\/revisions\/1051"}],"wp:attachment":[{"href":"https:\/\/blogs.uned.es\/sails\/wp-json\/wp\/v2\/media?parent=35"}],"curies":[{"name":"wp","href":"https:\/\/api.w.org\/{rel}","templated":true}]}}