{"id":11987,"date":"2024-06-16T11:14:45","date_gmt":"2024-06-16T11:14:45","guid":{"rendered":"https:\/\/blogs.uned.es\/prombot\/?page_id=11987"},"modified":"2025-05-19T07:23:25","modified_gmt":"2025-05-19T07:23:25","slug":"evento-en-oviedo-2025","status":"publish","type":"page","link":"https:\/\/blogs.uned.es\/prombot\/donde-estamos\/evento-en-oviedo-2025\/","title":{"rendered":"Evento en Oviedo 13 y 14 de mayo de 2025"},"content":{"rendered":"\n\n\n<p><\/p>\n\n\n\n<p>III Seminario Internacional \u201cTecnolog\u00edas emergentes y activas en educaci\u00f3n\u201d<\/p>\n\n\n\n<p>13 y 14 de mayo de 2025<\/p>\n\n\n\n<p>Grabaciones: <a href=\"https:\/\/www.youtube.com\/playlist?list=PLrAI2cfBB4Iyw0FKqodLxYVHiNALx-8yd\">https:\/\/www.youtube.com\/playlist?list=PLrAI2cfBB4Iyw0FKqodLxYVHiNALx-8yd<\/a><\/p>\n\n\n\n<p style=\"font-size:14px\"><\/p>\n\n\n\n<figure class=\"wp-block-image size-large\"><img loading=\"lazy\" decoding=\"async\" width=\"728\" height=\"1024\" src=\"https:\/\/blogs.uned.es\/prombot\/wp-content\/uploads\/sites\/501\/2025\/04\/cater_oviedo_JPG-728x1024.jpg\" alt=\"\" class=\"wp-image-12077\" srcset=\"https:\/\/blogs.uned.es\/prombot\/wp-content\/uploads\/sites\/501\/2025\/04\/cater_oviedo_JPG-728x1024.jpg 728w, https:\/\/blogs.uned.es\/prombot\/wp-content\/uploads\/sites\/501\/2025\/04\/cater_oviedo_JPG-213x300.jpg 213w, https:\/\/blogs.uned.es\/prombot\/wp-content\/uploads\/sites\/501\/2025\/04\/cater_oviedo_JPG-768x1080.jpg 768w, https:\/\/blogs.uned.es\/prombot\/wp-content\/uploads\/sites\/501\/2025\/04\/cater_oviedo_JPG.jpg 859w\" sizes=\"auto, (max-width: 728px) 100vw, 728px\" \/><\/figure>\n\n\n\n<p><strong><span class=\"highlight\"><em>13 de mayo<\/em><\/span><\/strong><\/p>\n\n\n\n<p><strong>10:00h Presentaci\u00f3n autoridades (Personalidades UniOvi, Decano UNED, Director Grupo Investigaci\u00f3n RADTE, autoridades locales)<\/strong><\/p>\n\n\n\n<p><strong>10:15h &#8211; 11:00h Paz Prendes Espinosa (Universidad de Murcia). El bosque animado de la Inteligencia Artificial&nbsp;<\/strong><\/p>\n\n\n\n<p><strong>11:00h-11:20 Lourdes P\u00e9rez S\u00e1nchez (UNED) y Mar Rom\u00e1n Garc\u00eda (UNED)<\/strong>. <strong>Percepci\u00f3n y uso de la IA durante formaci\u00f3n inicial en el Grado de Infantil<\/strong><\/p>\n\n\n\n<p><strong>11:20 &#8211; 11:40h&nbsp;Mario Pena Garrido (UNED). Competencias emocionales en tiempos tecnol\u00f3gicos<\/strong><\/p>\n\n\n\n<p><strong>11:40-12:00 Oscar G\u00f3mez Jim\u00e9nez (Universidad Internacional de Valencia) y Javier Rodr\u00edguez Torres (UCLM). Situaciones del Metaverso en el Aprendizaje: experiencias de integraci\u00f3n de CoSpace EDU en Ed. Primaria<\/strong><\/p>\n\n\n\n<p><strong>12:00:12:40 Descanso- caf\u00e9 \/ coffee break<\/strong><\/p>\n\n\n\n<p><strong>12:40- 13:00 Susana S\u00e1nchez Castro (Universidad de Oviedo). Anal\u00edticas de Aprendizaje: evaluaci\u00f3n predictiva y transformadora de la competencia ling\u00fc\u00edstica en contextos de vulnerabilidad<\/strong><\/p>\n\n\n\n<p><strong>13:00-13:20 Laura Ray\u00f3n Rumayor (Universidad Complutense de Madrid). Redes Sociales, educaci\u00f3n e inclusi\u00f3n: an\u00e1lisis para una ciudadan\u00eda democr\u00e1tica.<\/strong><\/p>\n\n\n\n<p><strong>13:20- 13:40  \u00c1ngel Fidalgo Blanco (Universidad Polit\u00e9cnica de Madrid)<\/strong>.<strong> Cuando la IA observa, sugiere y acompa\u00f1a: construyendo un nuevo ecosistema educativo<\/strong><\/p>\n\n\n\n<p><strong>13:40- 14:00 Maribel Miranda (Universidad Aberta).  Computaci\u00f3n, Programaci\u00f3n y Rob\u00f3tica para Docentes<\/strong><\/p>\n\n\n\n<p><strong>16:00h 17:30h Mesa redonda coordinada por M Luisa Sevillano,<\/strong><\/p>\n\n\n\n<p><strong>Mar Rom\u00e1n Garc\u00eda (UNED), Esteban V\u00e1zquez Cano (UNED), Javier Fombona Cadavieco (UNIOVI), Pilar Quicios Garc\u00eda (UNED), Laura Ray\u00f3n Rumayor (Universidad Complutense de Madrid)<\/strong>, <strong>Filipa LA Batista (UNED)<\/strong><\/p>\n\n\n\n<p><strong>17:30h- 18:00h Artemisa San Germ\u00e1n (PrepaTec, Ciudad de M\u00e9xico) [ONLINE]<\/strong>. <strong>&nbsp;La educaci\u00f3n a distancia a trav\u00e9s del metaverso<\/strong><\/p>\n\n\n\n<p><strong>18:00h \u2013 18:30h Reuni\u00f3n h\u00edbrida PROMBOT (para miembros del proyecto)<\/strong><\/p>\n\n\n\n<p><\/p>\n\n\n\n<p><\/p>\n\n\n\n<p><\/p>\n\n\n\n<p><\/p>\n\n\n\n<p><\/p>\n\n\n\n<p><strong><em>14 de mayo<\/em><\/strong><\/p>\n\n\n\n<p><strong>10:00- 10:30h Evangelos Himonides. Professor of Technology, Education, and Music at University College London (UCL). [ONLINE]<\/strong>. <strong>The role of technology in Music and Music Education: a holistic perspective<\/strong><\/p>\n\n\n\n<p><strong>10:30h -10:50hYolanda M\u00e1rquez Dom\u00ednguez, (ULL), M\u00aa del Carmen Rodr\u00edguez Jim\u00e9nez (ULL), Isabel Ortega S\u00e1nchez (UNED), M\u00aa Teresa Mart\u00edn Aragoneses (UNED) y Olga M\u00aa Alegre de la Rosa (ULL). El pensamiento computacional como elemento innovador en los procesos de ense\u00f1anza-aprendizaje en la etapa de Educaci\u00f3n Primaria<\/strong><\/p>\n\n\n\n<p><strong>10:50h &#8211; 11:10h M \u00c1ngeles Pascual Sevillano(Universidad de Oviedo), y Javier Fombona Cadavieco (Universidad de Oviedo). Perspectivas ante una nueva era educativa, Inteligencia Artificial, inclusi\u00f3n e innovaci\u00f3n<\/strong><\/p>\n\n\n\n<p><strong>11-10h &#8211; 11:30h M\u00aa Carmen Vill\u00e9n de Arribas (JCCM) y Sebas De Lara Cervigon (JCCM). Experiencias en Aulas del Futuro (AdF) en colegios de educaci\u00f3n infantil y primaria<\/strong><\/p>\n\n\n\n<p><strong>11:30h :11:50h Cierre Esteban V\u00e1zquez Cano (UNED) , y Jos\u00e9 Manuel S\u00e1ez L\u00f3pez (UNED)<\/strong>. <strong>Proyecto Prombot <\/strong><\/p>\n\n\n\n<div data-wp-interactive=\"core\/file\" class=\"wp-block-file\"><object data-wp-bind--hidden=\"!state.hasPdfPreview\" hidden class=\"wp-block-file__embed\" data=\"https:\/\/blogs.uned.es\/prombot\/wp-content\/uploads\/sites\/501\/2025\/04\/Programa_seminario_robots-1-1.pdf\" type=\"application\/pdf\" style=\"width:100%;height:600px\" aria-label=\"Incrustado de Programa_seminario_robots (1).\"><\/object><a id=\"wp-block-file--media-71482ec8-87fd-4e31-bde1-8dd88e2b90b2\" href=\"https:\/\/blogs.uned.es\/prombot\/wp-content\/uploads\/sites\/501\/2025\/04\/Programa_seminario_robots-1-1.pdf\">Programa_seminario_robots (1)<\/a><a href=\"https:\/\/blogs.uned.es\/prombot\/wp-content\/uploads\/sites\/501\/2025\/04\/Programa_seminario_robots-1-1.pdf\" class=\"wp-block-file__button wp-element-button\" download aria-describedby=\"wp-block-file--media-71482ec8-87fd-4e31-bde1-8dd88e2b90b2\">Descarga<\/a><\/div>\n","protected":false},"excerpt":{"rendered":"<p>III Seminario Internacional \u201cTecnolog\u00edas emergentes y activas en educaci\u00f3n\u201d 13 y 14 de mayo de 2025 Grabaciones: https:\/\/www.youtube.com\/playlist?list=PLrAI2cfBB4Iyw0FKqodLxYVHiNALx-8yd 13 de mayo 10:00h Presentaci\u00f3n autoridades (Personalidades UniOvi, Decano UNED, Director Grupo Investigaci\u00f3n RADTE, autoridades locales) 10:15h &#8211; 11:00h Paz Prendes Espinosa (Universidad de Murcia). El bosque animado de la Inteligencia Artificial&nbsp; 11:00h-11:20 Lourdes P\u00e9rez S\u00e1nchez (UNED) [&hellip;]<\/p>\n","protected":false},"author":7855,"featured_media":0,"parent":11559,"menu_order":0,"comment_status":"closed","ping_status":"closed","template":"","meta":{"footnotes":""},"class_list":["post-11987","page","type-page","status-publish","hentry"],"_links":{"self":[{"href":"https:\/\/blogs.uned.es\/prombot\/wp-json\/wp\/v2\/pages\/11987","targetHints":{"allow":["GET"]}}],"collection":[{"href":"https:\/\/blogs.uned.es\/prombot\/wp-json\/wp\/v2\/pages"}],"about":[{"href":"https:\/\/blogs.uned.es\/prombot\/wp-json\/wp\/v2\/types\/page"}],"author":[{"embeddable":true,"href":"https:\/\/blogs.uned.es\/prombot\/wp-json\/wp\/v2\/users\/7855"}],"replies":[{"embeddable":true,"href":"https:\/\/blogs.uned.es\/prombot\/wp-json\/wp\/v2\/comments?post=11987"}],"version-history":[{"count":21,"href":"https:\/\/blogs.uned.es\/prombot\/wp-json\/wp\/v2\/pages\/11987\/revisions"}],"predecessor-version":[{"id":12101,"href":"https:\/\/blogs.uned.es\/prombot\/wp-json\/wp\/v2\/pages\/11987\/revisions\/12101"}],"up":[{"embeddable":true,"href":"https:\/\/blogs.uned.es\/prombot\/wp-json\/wp\/v2\/pages\/11559"}],"wp:attachment":[{"href":"https:\/\/blogs.uned.es\/prombot\/wp-json\/wp\/v2\/media?parent=11987"}],"curies":[{"name":"wp","href":"https:\/\/api.w.org\/{rel}","templated":true}]}}

<p></p>



<p>III Seminario Internacional “Tecnologías emergentes y activas en educación”</p>



<p>13 y 14 de mayo de 2025</p>



<p>Grabaciones: <a href="https://www.youtube.com/playlist?list=PLrAI2cfBB4Iyw0FKqodLxYVHiNALx-8yd">https://www.youtube.com/playlist?list=PLrAI2cfBB4Iyw0FKqodLxYVHiNALx-8yd</a></p>



<p style="font-size:14px"></p>



<figure class="wp-block-image size-large"><img loading="lazy" decoding="async" width="728" height="1024" src="https://blogs.uned.es/prombot/wp-content/uploads/sites/501/2025/04/cater_oviedo_JPG-728x1024.jpg" alt="" class="wp-image-12077" srcset="https://blogs.uned.es/prombot/wp-content/uploads/sites/501/2025/04/cater_oviedo_JPG-728x1024.jpg 728w, https://blogs.uned.es/prombot/wp-content/uploads/sites/501/2025/04/cater_oviedo_JPG-213x300.jpg 213w, https://blogs.uned.es/prombot/wp-content/uploads/sites/501/2025/04/cater_oviedo_JPG-768x1080.jpg 768w, https://blogs.uned.es/prombot/wp-content/uploads/sites/501/2025/04/cater_oviedo_JPG.jpg 859w" sizes="auto, (max-width: 728px) 100vw, 728px" /></figure>



<p><strong><span class="highlight"><em>13 de mayo</em></span></strong></p>



<p><strong>10:00h Presentación autoridades (Personalidades UniOvi, Decano UNED, Director Grupo Investigación RADTE, autoridades locales)</strong></p>



<p><strong>10:15h &#8211; 11:00h Paz Prendes Espinosa (Universidad de Murcia). El bosque animado de la Inteligencia Artificial&nbsp;</strong></p>



<p><strong>11:00h-11:20 Lourdes Pérez Sánchez (UNED) y Mar Román García (UNED)</strong>. <strong>Percepción y uso de la IA durante formación inicial en el Grado de Infantil</strong></p>



<p><strong>11:20 &#8211; 11:40h&nbsp;Mario Pena Garrido (UNED). Competencias emocionales en tiempos tecnológicos</strong></p>



<p><strong>11:40-12:00 Oscar Gómez Jiménez (Universidad Internacional de Valencia) y Javier Rodríguez Torres (UCLM). Situaciones del Metaverso en el Aprendizaje: experiencias de integración de CoSpace EDU en Ed. Primaria</strong></p>



<p><strong>12:00:12:40 Descanso- café / coffee break</strong></p>



<p><strong>12:40- 13:00 Susana Sánchez Castro (Universidad de Oviedo). Analíticas de Aprendizaje: evaluación predictiva y transformadora de la competencia lingüística en contextos de vulnerabilidad</strong></p>



<p><strong>13:00-13:20 Laura Rayón Rumayor (Universidad Complutense de Madrid). Redes Sociales, educación e inclusión: análisis para una ciudadanía democrática.</strong></p>



<p><strong>13:20- 13:40  Ángel Fidalgo Blanco (Universidad Politécnica de Madrid)</strong>.<strong> Cuando la IA observa, sugiere y acompaña: construyendo un nuevo ecosistema educativo</strong></p>



<p><strong>13:40- 14:00 Maribel Miranda (Universidad Aberta).  Computación, Programación y Robótica para Docentes</strong></p>



<p><strong>16:00h 17:30h Mesa redonda coordinada por M Luisa Sevillano,</strong></p>



<p><strong>Mar Román García (UNED), Esteban Vázquez Cano (UNED), Javier Fombona Cadavieco (UNIOVI), Pilar Quicios García (UNED), Laura Rayón Rumayor (Universidad Complutense de Madrid)</strong>, <strong>Filipa LA Batista (UNED)</strong></p>



<p><strong>17:30h- 18:00h Artemisa San Germán (PrepaTec, Ciudad de México) [ONLINE]</strong>. <strong>&nbsp;La educación a distancia a través del metaverso</strong></p>



<p><strong>18:00h – 18:30h Reunión híbrida PROMBOT (para miembros del proyecto)</strong></p>



<p></p>



<p></p>



<p></p>



<p></p>



<p></p>



<p><strong><em>14 de mayo</em></strong></p>



<p><strong>10:00- 10:30h Evangelos Himonides. Professor of Technology, Education, and Music at University College London (UCL). [ONLINE]</strong>. <strong>The role of technology in Music and Music Education: a holistic perspective</strong></p>



<p><strong>10:30h -10:50hYolanda Márquez Domínguez, (ULL), Mª del Carmen Rodríguez Jiménez (ULL), Isabel Ortega Sánchez (UNED), Mª Teresa Martín Aragoneses (UNED) y Olga Mª Alegre de la Rosa (ULL). El pensamiento computacional como elemento innovador en los procesos de enseñanza-aprendizaje en la etapa de Educación Primaria</strong></p>



<p><strong>10:50h &#8211; 11:10h M Ángeles Pascual Sevillano(Universidad de Oviedo), y Javier Fombona Cadavieco (Universidad de Oviedo). Perspectivas ante una nueva era educativa, Inteligencia Artificial, inclusión e innovación</strong></p>



<p><strong>11-10h &#8211; 11:30h Mª Carmen Villén de Arribas (JCCM) y Sebas De Lara Cervigon (JCCM). Experiencias en Aulas del Futuro (AdF) en colegios de educación infantil y primaria</strong></p>



<p><strong>11:30h :11:50h Cierre Esteban Vázquez Cano (UNED) , y José Manuel Sáez López (UNED)</strong>. <strong>Proyecto Prombot </strong></p>



<div data-wp-interactive="core/file" class="wp-block-file"><object data-wp-bind--hidden="!state.hasPdfPreview" hidden class="wp-block-file__embed" data="https://blogs.uned.es/prombot/wp-content/uploads/sites/501/2025/04/Programa_seminario_robots-1-1.pdf" type="application/pdf" style="width:100%;height:600px" aria-label="Incrustado de Programa_seminario_robots (1)."></object><a id="wp-block-file--media-71482ec8-87fd-4e31-bde1-8dd88e2b90b2" href="https://blogs.uned.es/prombot/wp-content/uploads/sites/501/2025/04/Programa_seminario_robots-1-1.pdf">Programa_seminario_robots (1)</a><a href="https://blogs.uned.es/prombot/wp-content/uploads/sites/501/2025/04/Programa_seminario_robots-1-1.pdf" class="wp-block-file__button wp-element-button" download aria-describedby="wp-block-file--media-71482ec8-87fd-4e31-bde1-8dd88e2b90b2">Descarga</a></div>

<p>III Seminario Internacional “Tecnologías emergentes y activas en educación” 13 y 14 de mayo de 2025 Grabaciones: https://www.youtube.com/playlist?list=PLrAI2cfBB4Iyw0FKqodLxYVHiNALx-8yd 13 de mayo 10:00h Presentación autoridades (Personalidades UniOvi, Decano UNED, Director Grupo Investigación RADTE, autoridades locales) 10:15h &#8211; 11:00h Paz Prendes Espinosa (Universidad de Murcia). El bosque animado de la Inteligencia Artificial&nbsp; 11:00h-11:20 Lourdes Pérez Sánchez (UNED) [&hellip;]</p>
