{"id":19,"date":"2021-03-28T10:41:23","date_gmt":"2021-03-28T10:41:23","guid":{"rendered":"https:\/\/blogs.uned.es\/politicaspublicasybienestarsocial\/?page_id=19"},"modified":"2022-11-03T10:48:16","modified_gmt":"2022-11-03T10:48:16","slug":"lineas-de-investigacion","status":"publish","type":"page","link":"https:\/\/blogs.uned.es\/politicaspublicasybienestarsocial\/lineas-de-investigacion\/","title":{"rendered":"L\u00cdNEAS DE INVESTIGACI\u00d3N"},"content":{"rendered":"\n<div class=\"wp-block-columns is-layout-flex wp-container-core-columns-is-layout-9d6595d7 wp-block-columns-is-layout-flex\">\n<div class=\"wp-block-column is-layout-flow wp-block-column-is-layout-flow\">\n<figure class=\"wp-block-image size-large\"><img loading=\"lazy\" decoding=\"async\" width=\"1366\" height=\"768\" src=\"https:\/\/blogs.uned.es\/politicaspublicasybienestarsocial\/wp-content\/uploads\/sites\/295\/2021\/03\/vizaformemories-j8qMkXtT5hA-unsplash.jpg\" alt=\"\" class=\"wp-image-211\" \/><\/figure>\n\n\n\n<p class=\"has-text-align-center\"><strong>Evaluaci\u00f3n de pol\u00edticas p\u00fablicas<\/strong><\/p>\n<\/div>\n\n\n\n<div class=\"wp-block-column is-layout-flow wp-block-column-is-layout-flow\">\n<figure class=\"wp-block-image size-large\"><img loading=\"lazy\" decoding=\"async\" width=\"1366\" height=\"768\" src=\"https:\/\/blogs.uned.es\/politicaspublicasybienestarsocial\/wp-content\/uploads\/sites\/295\/2021\/03\/cdc-Vqt9v7v6g44-unsplash.jpg\" alt=\"\" class=\"wp-image-213\" \/><\/figure>\n\n\n\n<p class=\"has-text-align-center\"><strong>Estado de bienestar<\/strong><\/p>\n<\/div>\n\n\n\n<div class=\"wp-block-column is-layout-flow wp-block-column-is-layout-flow\">\n<figure class=\"wp-block-image size-large\"><img loading=\"lazy\" decoding=\"async\" width=\"1366\" height=\"768\" src=\"https:\/\/blogs.uned.es\/politicaspublicasybienestarsocial\/wp-content\/uploads\/sites\/295\/2021\/03\/sahin-sezer-dincer-MjQk9_xgQ8o-unsplash.jpg\" alt=\"\" class=\"wp-image-215\" \/><\/figure>\n\n\n\n<p class=\"has-text-align-center\"><strong>Distribuci\u00f3n de la renta, desigualdad y pobreza<\/strong><\/p>\n<\/div>\n<\/div>\n\n\n\n<div class=\"wp-block-columns is-layout-flex wp-container-core-columns-is-layout-9d6595d7 wp-block-columns-is-layout-flex\">\n<div class=\"wp-block-column is-layout-flow wp-block-column-is-layout-flow\">\n<figure class=\"wp-block-image size-large\"><img loading=\"lazy\" decoding=\"async\" width=\"1366\" height=\"768\" src=\"https:\/\/blogs.uned.es\/politicaspublicasybienestarsocial\/wp-content\/uploads\/sites\/295\/2021\/03\/marcel-strauss-valUcwnJOqU-unsplash.jpg\" alt=\"\" class=\"wp-image-217\" \/><\/figure>\n\n\n\n<p class=\"has-text-align-center\"><strong>Federalismo Fiscal<\/strong><\/p>\n<\/div>\n\n\n\n<div class=\"wp-block-column is-layout-flow wp-block-column-is-layout-flow\">\n<figure class=\"wp-block-image size-large\"><img loading=\"lazy\" decoding=\"async\" width=\"1366\" height=\"768\" src=\"https:\/\/blogs.uned.es\/politicaspublicasybienestarsocial\/wp-content\/uploads\/sites\/295\/2021\/03\/mario-caruso-0C9VmZUqcT8-unsplash.jpg\" alt=\"\" class=\"wp-image-219\" \/><\/figure>\n\n\n\n<p class=\"has-text-align-center\"><strong>An\u00e1lisis econ\u00f3mico de las telecomunicaciones<\/strong><\/p>\n<\/div>\n\n\n\n<div class=\"wp-block-column is-layout-flow wp-block-column-is-layout-flow\">\n<figure class=\"wp-block-image size-full is-resized\"><img decoding=\"async\" src=\"https:\/\/blogs.uned.es\/politicaspublicasybienestarsocial\/wp-content\/uploads\/sites\/295\/2022\/11\/marvin-meyer-SYTO3xs06fU-unsplash-edited-scaled.jpg\" alt=\"\" class=\"wp-image-513\" width=\"256\" srcset=\"https:\/\/blogs.uned.es\/politicaspublicasybienestarsocial\/wp-content\/uploads\/sites\/295\/2022\/11\/marvin-meyer-SYTO3xs06fU-unsplash-edited-scaled.jpg 2560w, https:\/\/blogs.uned.es\/politicaspublicasybienestarsocial\/wp-content\/uploads\/sites\/295\/2022\/11\/marvin-meyer-SYTO3xs06fU-unsplash-edited-300x169.jpg 300w, https:\/\/blogs.uned.es\/politicaspublicasybienestarsocial\/wp-content\/uploads\/sites\/295\/2022\/11\/marvin-meyer-SYTO3xs06fU-unsplash-edited-1024x576.jpg 1024w, https:\/\/blogs.uned.es\/politicaspublicasybienestarsocial\/wp-content\/uploads\/sites\/295\/2022\/11\/marvin-meyer-SYTO3xs06fU-unsplash-edited-768x432.jpg 768w, https:\/\/blogs.uned.es\/politicaspublicasybienestarsocial\/wp-content\/uploads\/sites\/295\/2022\/11\/marvin-meyer-SYTO3xs06fU-unsplash-edited-1536x864.jpg 1536w, https:\/\/blogs.uned.es\/politicaspublicasybienestarsocial\/wp-content\/uploads\/sites\/295\/2022\/11\/marvin-meyer-SYTO3xs06fU-unsplash-edited-2048x1152.jpg 2048w\" sizes=\"(max-width: 2560px) 100vw, 2560px\" \/><\/figure>\n\n\n\n<p class=\"has-text-align-center\"><strong>Uso del Tiempo<\/strong><\/p>\n<\/div>\n<\/div>\n","protected":false},"excerpt":{"rendered":"<p>Evaluaci\u00f3n de pol\u00edticas p\u00fablicas Estado de bienestar Distribuci\u00f3n de la renta, desigualdad y pobreza Federalismo Fiscal An\u00e1lisis econ\u00f3mico de las telecomunicaciones Uso del Tiempo<\/p>\n","protected":false},"author":7439,"featured_media":21,"parent":0,"menu_order":0,"comment_status":"closed","ping_status":"closed","template":"","meta":{"footnotes":""},"class_list":["post-19","page","type-page","status-publish","has-post-thumbnail"],"_links":{"self":[{"href":"https:\/\/blogs.uned.es\/politicaspublicasybienestarsocial\/wp-json\/wp\/v2\/pages\/19","targetHints":{"allow":["GET"]}}],"collection":[{"href":"https:\/\/blogs.uned.es\/politicaspublicasybienestarsocial\/wp-json\/wp\/v2\/pages"}],"about":[{"href":"https:\/\/blogs.uned.es\/politicaspublicasybienestarsocial\/wp-json\/wp\/v2\/types\/page"}],"author":[{"embeddable":true,"href":"https:\/\/blogs.uned.es\/politicaspublicasybienestarsocial\/wp-json\/wp\/v2\/users\/7439"}],"replies":[{"embeddable":true,"href":"https:\/\/blogs.uned.es\/politicaspublicasybienestarsocial\/wp-json\/wp\/v2\/comments?post=19"}],"version-history":[{"count":5,"href":"https:\/\/blogs.uned.es\/politicaspublicasybienestarsocial\/wp-json\/wp\/v2\/pages\/19\/revisions"}],"predecessor-version":[{"id":515,"href":"https:\/\/blogs.uned.es\/politicaspublicasybienestarsocial\/wp-json\/wp\/v2\/pages\/19\/revisions\/515"}],"wp:featuredmedia":[{"embeddable":true,"href":"https:\/\/blogs.uned.es\/politicaspublicasybienestarsocial\/wp-json\/wp\/v2\/media\/21"}],"wp:attachment":[{"href":"https:\/\/blogs.uned.es\/politicaspublicasybienestarsocial\/wp-json\/wp\/v2\/media?parent=19"}],"curies":[{"name":"wp","href":"https:\/\/api.w.org\/{rel}","templated":true}]}}

LÍNEAS DE INVESTIGACIÓN

<div class="wp-block-columns is-layout-flex wp-container-core-columns-is-layout-9d6595d7 wp-block-columns-is-layout-flex">
<div class="wp-block-column is-layout-flow wp-block-column-is-layout-flow">
<figure class="wp-block-image size-large"><img loading="lazy" decoding="async" width="1366" height="768" src="https://blogs.uned.es/politicaspublicasybienestarsocial/wp-content/uploads/sites/295/2021/03/vizaformemories-j8qMkXtT5hA-unsplash.jpg" alt="" class="wp-image-211" /></figure>



<p class="has-text-align-center"><strong>Evaluación de políticas públicas</strong></p>
</div>



<div class="wp-block-column is-layout-flow wp-block-column-is-layout-flow">
<figure class="wp-block-image size-large"><img loading="lazy" decoding="async" width="1366" height="768" src="https://blogs.uned.es/politicaspublicasybienestarsocial/wp-content/uploads/sites/295/2021/03/cdc-Vqt9v7v6g44-unsplash.jpg" alt="" class="wp-image-213" /></figure>



<p class="has-text-align-center"><strong>Estado de bienestar</strong></p>
</div>



<div class="wp-block-column is-layout-flow wp-block-column-is-layout-flow">
<figure class="wp-block-image size-large"><img loading="lazy" decoding="async" width="1366" height="768" src="https://blogs.uned.es/politicaspublicasybienestarsocial/wp-content/uploads/sites/295/2021/03/sahin-sezer-dincer-MjQk9_xgQ8o-unsplash.jpg" alt="" class="wp-image-215" /></figure>



<p class="has-text-align-center"><strong>Distribución de la renta, desigualdad y pobreza</strong></p>
</div>
</div>



<div class="wp-block-columns is-layout-flex wp-container-core-columns-is-layout-9d6595d7 wp-block-columns-is-layout-flex">
<div class="wp-block-column is-layout-flow wp-block-column-is-layout-flow">
<figure class="wp-block-image size-large"><img loading="lazy" decoding="async" width="1366" height="768" src="https://blogs.uned.es/politicaspublicasybienestarsocial/wp-content/uploads/sites/295/2021/03/marcel-strauss-valUcwnJOqU-unsplash.jpg" alt="" class="wp-image-217" /></figure>



<p class="has-text-align-center"><strong>Federalismo Fiscal</strong></p>
</div>



<div class="wp-block-column is-layout-flow wp-block-column-is-layout-flow">
<figure class="wp-block-image size-large"><img loading="lazy" decoding="async" width="1366" height="768" src="https://blogs.uned.es/politicaspublicasybienestarsocial/wp-content/uploads/sites/295/2021/03/mario-caruso-0C9VmZUqcT8-unsplash.jpg" alt="" class="wp-image-219" /></figure>



<p class="has-text-align-center"><strong>Análisis económico de las telecomunicaciones</strong></p>
</div>



<div class="wp-block-column is-layout-flow wp-block-column-is-layout-flow">
<figure class="wp-block-image size-full is-resized"><img decoding="async" src="https://blogs.uned.es/politicaspublicasybienestarsocial/wp-content/uploads/sites/295/2022/11/marvin-meyer-SYTO3xs06fU-unsplash-edited-scaled.jpg" alt="" class="wp-image-513" width="256" srcset="https://blogs.uned.es/politicaspublicasybienestarsocial/wp-content/uploads/sites/295/2022/11/marvin-meyer-SYTO3xs06fU-unsplash-edited-scaled.jpg 2560w, https://blogs.uned.es/politicaspublicasybienestarsocial/wp-content/uploads/sites/295/2022/11/marvin-meyer-SYTO3xs06fU-unsplash-edited-300x169.jpg 300w, https://blogs.uned.es/politicaspublicasybienestarsocial/wp-content/uploads/sites/295/2022/11/marvin-meyer-SYTO3xs06fU-unsplash-edited-1024x576.jpg 1024w, https://blogs.uned.es/politicaspublicasybienestarsocial/wp-content/uploads/sites/295/2022/11/marvin-meyer-SYTO3xs06fU-unsplash-edited-768x432.jpg 768w, https://blogs.uned.es/politicaspublicasybienestarsocial/wp-content/uploads/sites/295/2022/11/marvin-meyer-SYTO3xs06fU-unsplash-edited-1536x864.jpg 1536w, https://blogs.uned.es/politicaspublicasybienestarsocial/wp-content/uploads/sites/295/2022/11/marvin-meyer-SYTO3xs06fU-unsplash-edited-2048x1152.jpg 2048w" sizes="(max-width: 2560px) 100vw, 2560px" /></figure>



<p class="has-text-align-center"><strong>Uso del Tiempo</strong></p>
</div>
</div>

<p>Evaluación de políticas públicas Estado de bienestar Distribución de la renta, desigualdad y pobreza Federalismo Fiscal Análisis económico de las telecomunicaciones Uso del Tiempo</p>
