{"id":633,"date":"2021-04-02T12:54:21","date_gmt":"2021-04-02T10:54:21","guid":{"rendered":"https:\/\/blogs.uned.es\/modellinguned\/?page_id=633"},"modified":"2021-07-25T13:25:30","modified_gmt":"2021-07-25T11:25:30","slug":"calculos-dft","status":"publish","type":"page","link":"https:\/\/blogs.uned.es\/modellinguned\/calculos-dft\/","title":{"rendered":"C\u00e1lculos DFT"},"content":{"rendered":"\t\t<div data-elementor-type=\"wp-page\" data-elementor-id=\"633\" class=\"elementor elementor-633\">\n\t\t\t\t\t\t<section class=\"elementor-section elementor-top-section elementor-element elementor-element-72b6b52 elementor-section-stretched elementor-section-height-min-height cabeceraPublicaciones elementor-section-boxed elementor-section-height-default elementor-section-items-middle\" data-id=\"72b6b52\" data-element_type=\"section\" data-e-type=\"section\" data-settings=\"{&quot;stretch_section&quot;:&quot;section-stretched&quot;,&quot;background_background&quot;:&quot;classic&quot;}\">\n\t\t\t\t\t\t<div class=\"elementor-container elementor-column-gap-default\">\n\t\t\t\t\t<div class=\"elementor-column elementor-col-50 elementor-top-column elementor-element elementor-element-63be8b5\" data-id=\"63be8b5\" data-element_type=\"column\" data-e-type=\"column\">\n\t\t\t<div class=\"elementor-widget-wrap\">\n\t\t\t\t\t\t\t<\/div>\n\t\t<\/div>\n\t\t\t\t<div class=\"elementor-column elementor-col-50 elementor-top-column elementor-element elementor-element-920bbf0\" data-id=\"920bbf0\" data-element_type=\"column\" data-e-type=\"column\">\n\t\t\t<div class=\"elementor-widget-wrap elementor-element-populated\">\n\t\t\t\t\t\t<div class=\"elementor-element elementor-element-eb49890 textoPublicaciones elementor-widget elementor-widget-heading\" data-id=\"eb49890\" data-element_type=\"widget\" data-e-type=\"widget\" data-widget_type=\"heading.default\">\n\t\t\t\t<div class=\"elementor-widget-container\">\n\t\t\t\t\t<h1 class=\"elementor-heading-title elementor-size-xxl\">C\u00e1lculos DFT<\/h1>\t\t\t\t<\/div>\n\t\t\t\t<\/div>\n\t\t\t\t\t<\/div>\n\t\t<\/div>\n\t\t\t\t\t<\/div>\n\t\t<\/section>\n\t\t\t\t<section class=\"elementor-section elementor-top-section elementor-element elementor-element-07b37d2 elementor-section-boxed elementor-section-height-default elementor-section-height-default\" data-id=\"07b37d2\" data-element_type=\"section\" data-e-type=\"section\">\n\t\t\t\t\t\t<div class=\"elementor-container elementor-column-gap-default\">\n\t\t\t\t\t<div class=\"elementor-column elementor-col-100 elementor-top-column elementor-element elementor-element-cf0ca26\" data-id=\"cf0ca26\" data-element_type=\"column\" data-e-type=\"column\">\n\t\t\t<div class=\"elementor-widget-wrap elementor-element-populated\">\n\t\t\t\t\t\t<div class=\"elementor-element elementor-element-ac5987e elementor-widget elementor-widget-spacer\" data-id=\"ac5987e\" data-element_type=\"widget\" data-e-type=\"widget\" data-widget_type=\"spacer.default\">\n\t\t\t\t<div class=\"elementor-widget-container\">\n\t\t\t\t\t\t\t<div class=\"elementor-spacer\">\n\t\t\t<div class=\"elementor-spacer-inner\"><\/div>\n\t\t<\/div>\n\t\t\t\t\t\t<\/div>\n\t\t\t\t<\/div>\n\t\t\t\t<div class=\"elementor-element elementor-element-1090297 elementor-widget elementor-widget-text-editor\" data-id=\"1090297\" data-element_type=\"widget\" data-e-type=\"widget\" data-widget_type=\"text-editor.default\">\n\t\t\t\t<div class=\"elementor-widget-container\">\n\t\t\t\t\t\t\t\t\t<p>La rama de la <strong>Qu\u00edmica Cu\u00e1ntica<\/strong> desarrollada en torno a la densidad electr\u00f3nica \u00a0es conocida como <a href=\"https:\/\/es.wikipedia.org\/wiki\/Teor%C3%ADa_del_funcional_de_la_densidad\" target=\"_blank\" rel=\"noopener\"><strong>Teor\u00eda de Funcionales de la Densidad (DFT)<\/strong><\/a>. La densidad electr\u00f3nica tiene una ventaja con respecto a la funci\u00f3n de onda, y es que se trata de un observable experimental. Por medio de medidas de difracci\u00f3n de rayos-X se pueden obtener mapas de densidad electr\u00f3nica del sistema en estudio y extraer una valios\u00edsima informaci\u00f3n que puede ser contrastada con los resultados te\u00f3ricos.<\/p><p>El nacimiento oficial de esta teor\u00eda podr\u00eda fecharse en 1964, a\u00f1o en el que <a href=\"https:\/\/journals.aps.org\/pr\/abstract\/10.1103\/PhysRev.136.B864\" target=\"_blank\" rel=\"noopener\"><strong>Kohn<\/strong> publica un trabajo esencial<\/a>, y desde entonces hasta ahora no han parado de aparecer nuevas propuestas y nuevas utilidades de la DFT.<\/p><p>En estos a\u00f1os el grupo de <strong>Modelling-UNED<\/strong> se ha centrado en el estudio de las <a href=\"http:\/\/portal.uned.es\/portal\/page?_pageid=93,70668789&amp;_dad=portal&amp;_schema=PORTAL\" target=\"_blank\" rel=\"noopener\">Monocapas de Langmuir<\/a> a trav\u00e9s de m\u00e9todos DFT. Estos sistemas son superficies monomoleculares que son empleadas por ejemplo en nanotecnolog\u00eda para realizar recubrimientos bidimensionales en diferentes tipos de materiales, con aplicaciones que van desde la industria cosm\u00e9tica a la medicina.<\/p>\t\t\t\t\t\t\t\t<\/div>\n\t\t\t\t<\/div>\n\t\t\t\t\t<\/div>\n\t\t<\/div>\n\t\t\t\t\t<\/div>\n\t\t<\/section>\n\t\t\t\t<section class=\"elementor-section elementor-top-section elementor-element elementor-element-4c02fd4 elementor-section-boxed elementor-section-height-default elementor-section-height-default\" data-id=\"4c02fd4\" data-element_type=\"section\" data-e-type=\"section\" data-settings=\"{&quot;background_background&quot;:&quot;classic&quot;}\">\n\t\t\t\t\t\t<div class=\"elementor-container elementor-column-gap-default\">\n\t\t\t\t\t<div class=\"elementor-column elementor-col-100 elementor-top-column elementor-element elementor-element-e0dc329\" data-id=\"e0dc329\" data-element_type=\"column\" data-e-type=\"column\">\n\t\t\t<div class=\"elementor-widget-wrap elementor-element-populated\">\n\t\t\t\t\t\t<div class=\"elementor-element elementor-element-f8fc048 elementor-widget elementor-widget-image\" data-id=\"f8fc048\" data-element_type=\"widget\" data-e-type=\"widget\" data-widget_type=\"image.default\">\n\t\t\t\t<div class=\"elementor-widget-container\">\n\t\t\t\t\t\t\t\t\t\t\t\t\t\t\t\t<a href=\"http:\/\/blogs.uned.es\/modellinguned\/wp-content\/uploads\/sites\/263\/2021\/07\/dft.jpg\" data-elementor-open-lightbox=\"yes\" data-elementor-lightbox-title=\"dft\" data-e-action-hash=\"#elementor-action%3Aaction%3Dlightbox%26settings%3DeyJpZCI6IjExNDUiLCJ1cmwiOiJodHRwczpcL1wvYmxvZ3MudW5lZC5lc1wvbW9kZWxsaW5ndW5lZFwvd3AtY29udGVudFwvdXBsb2Fkc1wvc2l0ZXNcLzI2M1wvMjAyMVwvMDdcL2RmdC5qcGcifQ%3D%3D\">\n\t\t\t\t\t\t\t<img fetchpriority=\"high\" decoding=\"async\" width=\"800\" height=\"534\" src=\"https:\/\/blogs.uned.es\/modellinguned\/wp-content\/uploads\/sites\/263\/2021\/07\/dft.jpg\" class=\"attachment-large size-large wp-image-1145\" alt=\"\" \/>\t\t\t\t\t\t\t\t<\/a>\n\t\t\t\t\t\t\t\t\t\t\t\t\t\t\t<\/div>\n\t\t\t\t<\/div>\n\t\t\t\t\t<\/div>\n\t\t<\/div>\n\t\t\t\t\t<\/div>\n\t\t<\/section>\n\t\t\t\t<section class=\"elementor-section elementor-top-section elementor-element elementor-element-1708fd4 elementor-section-boxed elementor-section-height-default elementor-section-height-default\" data-id=\"1708fd4\" data-element_type=\"section\" data-e-type=\"section\">\n\t\t\t\t\t\t<div class=\"elementor-container elementor-column-gap-default\">\n\t\t\t\t\t<div class=\"elementor-column elementor-col-100 elementor-top-column elementor-element elementor-element-e0918b0\" data-id=\"e0918b0\" data-element_type=\"column\" data-e-type=\"column\">\n\t\t\t<div class=\"elementor-widget-wrap elementor-element-populated\">\n\t\t\t\t\t\t<div class=\"elementor-element elementor-element-97910fd elementor-widget elementor-widget-text-editor\" data-id=\"97910fd\" data-element_type=\"widget\" data-e-type=\"widget\" data-widget_type=\"text-editor.default\">\n\t\t\t\t<div class=\"elementor-widget-container\">\n\t\t\t\t\t\t\t\t\t<p>Otro tema en el que se ha trabajado es el <strong>tratamiento de sistemas modelo<\/strong>, que son resueltos por una parte mediante m\u00e9todos de F\u00edsica Estad\u00edstica, y cuyos resultados se respaldan con c\u00e1lculos DFT.<\/p><p>La idea subyacente es analizar si pueden aparecer <strong>propiedades novedosas en sistemas unidimensionales de tama\u00f1o nanom\u00e9trico (nanohilos) bajo la acci\u00f3n de campos magn\u00e9ticos o el\u00e9ctricos<\/strong>, en particular encontrar si esos sistemas se reconstruyen de manera distinta seg\u00fan sea la intensidad del campo.<\/p><p>Se quiere llegar a proponer alg\u00fan tipo de material que pueda confirmar de manera experimental nuestros resultados, por lo que se realizar\u00e1n simulaciones num\u00e9ricas que combinen c\u00e1lculos DFT y herramientas de mec\u00e1nica estad\u00edstica para seleccionar materiales que puedan presentar un campo magn\u00e9tico cr\u00edtico dentro del rango experimental.<\/p>\t\t\t\t\t\t\t\t<\/div>\n\t\t\t\t<\/div>\n\t\t\t\t\t<\/div>\n\t\t<\/div>\n\t\t\t\t\t<\/div>\n\t\t<\/section>\n\t\t\t\t<section class=\"elementor-section elementor-top-section elementor-element elementor-element-0afc08c elementor-section-boxed elementor-section-height-default elementor-section-height-default\" data-id=\"0afc08c\" data-element_type=\"section\" data-e-type=\"section\">\n\t\t\t\t\t\t<div class=\"elementor-container elementor-column-gap-default\">\n\t\t\t\t\t<div class=\"elementor-column elementor-col-100 elementor-top-column elementor-element elementor-element-5bbd9be\" data-id=\"5bbd9be\" data-element_type=\"column\" data-e-type=\"column\">\n\t\t\t<div class=\"elementor-widget-wrap elementor-element-populated\">\n\t\t\t\t\t\t<div class=\"elementor-element elementor-element-7c6bab2 elementor-widget elementor-widget-spacer\" data-id=\"7c6bab2\" data-element_type=\"widget\" data-e-type=\"widget\" data-widget_type=\"spacer.default\">\n\t\t\t\t<div class=\"elementor-widget-container\">\n\t\t\t\t\t\t\t<div class=\"elementor-spacer\">\n\t\t\t<div class=\"elementor-spacer-inner\"><\/div>\n\t\t<\/div>\n\t\t\t\t\t\t<\/div>\n\t\t\t\t<\/div>\n\t\t\t\t<div class=\"elementor-element elementor-element-997946c elementor-align-center elementor-widget elementor-widget-button\" data-id=\"997946c\" data-element_type=\"widget\" data-e-type=\"widget\" data-widget_type=\"button.default\">\n\t\t\t\t<div class=\"elementor-widget-container\">\n\t\t\t\t\t\t\t\t\t<div class=\"elementor-button-wrapper\">\n\t\t\t\t\t<a class=\"elementor-button elementor-button-link elementor-size-sm\" href=\"https:\/\/blogs.uned.es\/modellinguned\/\">\n\t\t\t\t\t\t<span class=\"elementor-button-content-wrapper\">\n\t\t\t\t\t\t\t\t\t<span class=\"elementor-button-text\">Volver al inicio<\/span>\n\t\t\t\t\t<\/span>\n\t\t\t\t\t<\/a>\n\t\t\t\t<\/div>\n\t\t\t\t\t\t\t\t<\/div>\n\t\t\t\t<\/div>\n\t\t\t\t\t<\/div>\n\t\t<\/div>\n\t\t\t\t\t<\/div>\n\t\t<\/section>\n\t\t\t\t<\/div>\n\t\t","protected":false},"excerpt":{"rendered":"<p>C\u00e1lculos DFT La rama de la Qu\u00edmica Cu\u00e1ntica desarrollada en torno a la densidad electr\u00f3nica \u00a0es conocida como Teor\u00eda de Funcionales de la Densidad (DFT). La densidad electr\u00f3nica tiene una ventaja con respecto a la funci\u00f3n de onda, y es que se trata de un observable experimental. Por medio de medidas de difracci\u00f3n de rayos-X se pueden obtener mapas de densidad electr\u00f3nica del sistema en estudio y extraer una valios\u00edsima informaci\u00f3n que puede ser contrastada con los resultados te\u00f3ricos. El nacimiento oficial de esta teor\u00eda podr\u00eda fecharse en 1964, a\u00f1o en el que Kohn publica un trabajo esencial, y desde entonces hasta ahora no han parado de aparecer nuevas propuestas y nuevas utilidades de la DFT. En estos a\u00f1os el grupo de Modelling-UNED se ha centrado en el estudio de las Monocapas de Langmuir a trav\u00e9s de m\u00e9todos DFT. Estos sistemas son superficies monomoleculares que son empleadas por ejemplo en&hellip;<\/p>\n<p> <a class=\"more-link\" href=\"https:\/\/blogs.uned.es\/modellinguned\/calculos-dft\/\">Leer m\u00e1s<\/a><\/p>\n","protected":false},"author":7385,"featured_media":0,"parent":0,"menu_order":4,"comment_status":"closed","ping_status":"closed","template":"","meta":{"footnotes":""},"class_list":["post-633","page","type-page","status-publish"],"_links":{"self":[{"href":"https:\/\/blogs.uned.es\/modellinguned\/wp-json\/wp\/v2\/pages\/633","targetHints":{"allow":["GET"]}}],"collection":[{"href":"https:\/\/blogs.uned.es\/modellinguned\/wp-json\/wp\/v2\/pages"}],"about":[{"href":"https:\/\/blogs.uned.es\/modellinguned\/wp-json\/wp\/v2\/types\/page"}],"author":[{"embeddable":true,"href":"https:\/\/blogs.uned.es\/modellinguned\/wp-json\/wp\/v2\/users\/7385"}],"replies":[{"embeddable":true,"href":"https:\/\/blogs.uned.es\/modellinguned\/wp-json\/wp\/v2\/comments?post=633"}],"version-history":[{"count":22,"href":"https:\/\/blogs.uned.es\/modellinguned\/wp-json\/wp\/v2\/pages\/633\/revisions"}],"predecessor-version":[{"id":1209,"href":"https:\/\/blogs.uned.es\/modellinguned\/wp-json\/wp\/v2\/pages\/633\/revisions\/1209"}],"wp:attachment":[{"href":"https:\/\/blogs.uned.es\/modellinguned\/wp-json\/wp\/v2\/media?parent=633"}],"curies":[{"name":"wp","href":"https:\/\/api.w.org\/{rel}","templated":true}]}}