{"id":31,"date":"2019-10-09T10:31:23","date_gmt":"2019-10-09T08:31:23","guid":{"rendered":"http:\/\/blogs.uned.es\/modellinguned\/?page_id=31"},"modified":"2021-11-10T09:08:22","modified_gmt":"2021-11-10T08:08:22","slug":"quienes","status":"publish","type":"page","link":"https:\/\/blogs.uned.es\/modellinguned\/quienes\/","title":{"rendered":"Qui\u00e9nes somos"},"content":{"rendered":"\t\t<div data-elementor-type=\"wp-page\" data-elementor-id=\"31\" class=\"elementor elementor-31\">\n\t\t\t\t\t\t<section class=\"elementor-section elementor-top-section elementor-element elementor-element-323f72d elementor-section-stretched elementor-section-height-min-height elementor-section-content-middle elementor-section-boxed elementor-section-height-default elementor-section-items-middle\" data-id=\"323f72d\" data-element_type=\"section\" data-e-type=\"section\" data-settings=\"{&quot;stretch_section&quot;:&quot;section-stretched&quot;,&quot;background_background&quot;:&quot;classic&quot;}\">\n\t\t\t\t\t\t<div class=\"elementor-container elementor-column-gap-default\">\n\t\t\t\t\t<div class=\"elementor-column elementor-col-100 elementor-top-column elementor-element elementor-element-8292dc7\" data-id=\"8292dc7\" data-element_type=\"column\" data-e-type=\"column\">\n\t\t\t<div class=\"elementor-widget-wrap elementor-element-populated\">\n\t\t\t\t\t\t<section class=\"elementor-section elementor-inner-section elementor-element elementor-element-1bdd6da elementor-section-boxed elementor-section-height-default elementor-section-height-default\" data-id=\"1bdd6da\" data-element_type=\"section\" data-e-type=\"section\">\n\t\t\t\t\t\t<div class=\"elementor-container elementor-column-gap-default\">\n\t\t\t\t\t<div class=\"elementor-column elementor-col-50 elementor-inner-column elementor-element elementor-element-74ff986\" data-id=\"74ff986\" data-element_type=\"column\" data-e-type=\"column\">\n\t\t\t<div class=\"elementor-widget-wrap\">\n\t\t\t\t\t\t\t<\/div>\n\t\t<\/div>\n\t\t\t\t<div class=\"elementor-column elementor-col-50 elementor-inner-column elementor-element elementor-element-a8ac438\" data-id=\"a8ac438\" data-element_type=\"column\" data-e-type=\"column\">\n\t\t\t<div class=\"elementor-widget-wrap elementor-element-populated\">\n\t\t\t\t\t\t<div class=\"elementor-element elementor-element-e41b967 elementor-widget elementor-widget-heading\" data-id=\"e41b967\" data-element_type=\"widget\" data-e-type=\"widget\" data-widget_type=\"heading.default\">\n\t\t\t\t<div class=\"elementor-widget-container\">\n\t\t\t\t\t<h2 class=\"elementor-heading-title elementor-size-xxl\">Qui\u00e9nes somos<\/h2>\t\t\t\t<\/div>\n\t\t\t\t<\/div>\n\t\t\t\t\t<\/div>\n\t\t<\/div>\n\t\t\t\t\t<\/div>\n\t\t<\/section>\n\t\t\t\t\t<\/div>\n\t\t<\/div>\n\t\t\t\t\t<\/div>\n\t\t<\/section>\n\t\t\t\t<section class=\"elementor-section elementor-top-section elementor-element elementor-element-7dba139 elementor-section-boxed elementor-section-height-default elementor-section-height-default\" data-id=\"7dba139\" data-element_type=\"section\" data-e-type=\"section\">\n\t\t\t\t\t\t<div class=\"elementor-container elementor-column-gap-default\">\n\t\t\t\t\t<div class=\"elementor-column elementor-col-100 elementor-top-column elementor-element elementor-element-c671015\" data-id=\"c671015\" data-element_type=\"column\" data-e-type=\"column\">\n\t\t\t<div class=\"elementor-widget-wrap elementor-element-populated\">\n\t\t\t\t\t\t<div class=\"elementor-element elementor-element-d4436ff elementor-widget elementor-widget-spacer\" data-id=\"d4436ff\" data-element_type=\"widget\" data-e-type=\"widget\" data-widget_type=\"spacer.default\">\n\t\t\t\t<div class=\"elementor-widget-container\">\n\t\t\t\t\t\t\t<div class=\"elementor-spacer\">\n\t\t\t<div class=\"elementor-spacer-inner\"><\/div>\n\t\t<\/div>\n\t\t\t\t\t\t<\/div>\n\t\t\t\t<\/div>\n\t\t\t\t<div class=\"elementor-element elementor-element-74410b9 elementor-widget elementor-widget-heading\" data-id=\"74410b9\" data-element_type=\"widget\" data-e-type=\"widget\" data-widget_type=\"heading.default\">\n\t\t\t\t<div class=\"elementor-widget-container\">\n\t\t\t\t\t<h1 class=\"elementor-heading-title elementor-size-default\">Presentaci\u00f3n<\/h1>\t\t\t\t<\/div>\n\t\t\t\t<\/div>\n\t\t\t\t<div class=\"elementor-element elementor-element-f954e42 elementor-widget elementor-widget-text-editor\" data-id=\"f954e42\" data-element_type=\"widget\" data-e-type=\"widget\" data-widget_type=\"text-editor.default\">\n\t\t\t\t<div class=\"elementor-widget-container\">\n\t\t\t\t\t\t\t\t\t<p>El grupo <strong>Modelling-UNED<\/strong> nace en el a\u00f1o 2018 en el seno de la <a href=\"https:\/\/www.uned.es\/universidad\/facultades\/ciencias.html\" target=\"_blank\" rel=\"noopener\">Facultad de Ciencias de la UNED<\/a> y est\u00e1 formado por un grupo de profesores e investigadores de esta facultad.<\/p><p>El objetivo de este grupo es entender la fenomenolog\u00eda f\u00edsico-qu\u00edmica de determinados sistemas a trav\u00e9s de diferentes simulaciones basadas principalmente en tres herramientas te\u00f3ricas y computacionales:<\/p><ul><li>simulaciones cl\u00e1sicas basadas en el m\u00e9todo de Metr\u00f3polis Monte Carlo<\/li><li>m\u00e9todos <em>ab initio<\/em> basados en Teor\u00eda de Funcionales de la Densidad (DFT)<\/li><li>m\u00e9todos <em>ab initio<\/em> basados en la determinaci\u00f3n de la funci\u00f3n de onda \u03a8<\/li><\/ul>\t\t\t\t\t\t\t\t<\/div>\n\t\t\t\t<\/div>\n\t\t\t\t\t<\/div>\n\t\t<\/div>\n\t\t\t\t\t<\/div>\n\t\t<\/section>\n\t\t\t\t<section class=\"elementor-section elementor-top-section elementor-element elementor-element-a04a025 elementor-section-stretched elementor-section-boxed elementor-section-height-default elementor-section-height-default\" data-id=\"a04a025\" data-element_type=\"section\" data-e-type=\"section\" data-settings=\"{&quot;stretch_section&quot;:&quot;section-stretched&quot;,&quot;background_background&quot;:&quot;classic&quot;}\">\n\t\t\t\t\t\t<div class=\"elementor-container elementor-column-gap-default\">\n\t\t\t\t\t<div class=\"elementor-column elementor-col-100 elementor-top-column elementor-element elementor-element-dd5780f\" data-id=\"dd5780f\" data-element_type=\"column\" data-e-type=\"column\">\n\t\t\t<div class=\"elementor-widget-wrap elementor-element-populated\">\n\t\t\t\t\t\t<div class=\"elementor-element elementor-element-7649e41 elementor-widget elementor-widget-heading\" data-id=\"7649e41\" data-element_type=\"widget\" data-e-type=\"widget\" data-widget_type=\"heading.default\">\n\t\t\t\t<div class=\"elementor-widget-container\">\n\t\t\t\t\t<h1 class=\"elementor-heading-title elementor-size-default\">Miembros<\/h1>\t\t\t\t<\/div>\n\t\t\t\t<\/div>\n\t\t\t\t<div class=\"elementor-element elementor-element-b963562 elementor-widget elementor-widget-text-editor\" data-id=\"b963562\" data-element_type=\"widget\" data-e-type=\"widget\" data-widget_type=\"text-editor.default\">\n\t\t\t\t<div class=\"elementor-widget-container\">\n\t\t\t\t\t\t\t\t\t<p>Los miembros de Modelling-UNED pertenecen adem\u00e1s al <a href=\"https:\/\/www.uned.es\/universidad\/inicio\/en\/institucional\/IUED\/innovacion-docente\/grupos-innovacion\/grupo-23.html\" target=\"_blank\" rel=\"noopener\"><strong>Grupo de Innovaci\u00f3n Docente en F\u00edsica (GIDF)<\/strong> de la UNED (GID2016-25)<\/a>,\u00a0donde dentro de sus objetivos est\u00e1 la implantaci\u00f3n de herramientas transversales a diferentes asignaturas, entre ellas las de simulaci\u00f3n y modelado.<\/p><p>Como actividad del grupo, en el curso 2019-20 este grupo llev\u00f3 a cabo un Proyecto de Innovaci\u00f3n Docente bajo el t\u00edtulo \u201c<em>Desarrollo de nuevas pr\u00e1cticas de simulaci\u00f3n para su aplicaci\u00f3n en F\u00edsica de Estado S\u00f3lido<\/em>\u201d. A trav\u00e9s de este proyecto naci\u00f3 un programa de simulaci\u00f3n bajo el m\u00e9todo de Metr\u00f3polis Monte Carlo, denominado \u201c<a href=\"https:\/\/github.com\/UNEDSoftMatter\/RandomPhase\" target=\"_blank\" rel=\"noopener\"><strong>Random Phase<\/strong><\/a>\u201d, el cual puede tener diferentes aplicaciones tanto a nivel docente (desde secundaria hasta universidad) como de investigaci\u00f3n en el campo de la f\u00edsica de los materiales.<\/p>\t\t\t\t\t\t\t\t<\/div>\n\t\t\t\t<\/div>\n\t\t\t\t\t<\/div>\n\t\t<\/div>\n\t\t\t\t\t<\/div>\n\t\t<\/section>\n\t\t\t\t<section class=\"elementor-section elementor-top-section elementor-element elementor-element-d28f9fc elementor-section-boxed elementor-section-height-default elementor-section-height-default\" data-id=\"d28f9fc\" data-element_type=\"section\" data-e-type=\"section\">\n\t\t\t\t\t\t<div class=\"elementor-container elementor-column-gap-default\">\n\t\t\t\t\t<div class=\"elementor-column elementor-col-25 elementor-top-column elementor-element elementor-element-559db77\" data-id=\"559db77\" data-element_type=\"column\" data-e-type=\"column\">\n\t\t\t<div class=\"elementor-widget-wrap elementor-element-populated\">\n\t\t\t\t\t\t<div class=\"elementor-element elementor-element-5a15f4c eael-team-align-eael-team-align-default elementor-widget elementor-widget-eael-team-member\" data-id=\"5a15f4c\" data-element_type=\"widget\" data-e-type=\"widget\" data-widget_type=\"eael-team-member.default\">\n\t\t\t\t<div class=\"elementor-widget-container\">\n\t\t\t\t\t\n\n\t<div id=\"eael-team-member-5a15f4c\" class=\"eael-team-item eael-team-members-simple \">\n\t\t<div class=\"eael-team-item-inner\">\n\t\t\t<div class=\"eael-team-image\">\n\t\t\t\t<figure>\n\t\t\t\t\t\t\t\t\t\t<img decoding=\"async\" src=\"https:\/\/blogs.uned.es\/modellinguned\/wp-content\/uploads\/sites\/263\/2021\/07\/galvez.jpg\" alt=\"\">\n\t\t\t\t\t\t\t\t\t<\/figure>\n\t\t\t\t\n\t\t\t\t\n\t\t\t<\/div>\n\n\t\t\t<div class=\"eael-team-content\">\n\t\t\t\t<h2 class=\"eael-team-member-name\">Dr. \u00d3scar G\u00e1lvez Gonz\u00e1lez<\/h2><h3 class=\"eael-team-member-position\">Profesor Titular de Universidad<\/h3>\n\t\t\t\t\t\t\t\t\t\t\t\t\t\t\t<ul class=\"eael-team-member-social-profiles\">\n\t\t\t\t\t\t\t\t\t\t\t\t\t\t\t\t\t\t\t\t\t\t\t\t\t\t\t\t\t\t\t\t\t\t\t\t\t\t\t\t\t<li class=\"eael-team-member-social-link\">\n\t\t\t\t\t\t\t\t\t\t<a href=\"http:\/\/portal.uned.es\/portal\/page?_pageid=93,53675374&#038;_dad=portal&#038;_schema=PORTAL\" target=\"_blank\">\n\t\t\t\t\t\t\t\t\t\t\t\t\t\t\t\t\t\t\t\t\t\t\t<i aria-hidden=\"true\" class=\"fas fa-info-circle\"><\/i>\t\t\t\t\t\t\t\t\t\t\t\t\t\t\t\t\t\t\t\t\t<\/a>\n\t\t\t\t\t\t\t\t\t<\/li>\n\t\t\t\t\t\t\t\t\t\t\t\t\t\t\t\t\t\t\t\t\t<\/ul>\n\t\t\t\t\t\t\t\t\t\t<p class=\"eael-team-text\">Licenciado y Doctor en Ciencias Qu\u00edmicas (especialidad Qu\u00edmica-F\u00edsica) por la Universidad Complutense de Madrid (UCM, 2002). He realizado estancias postdoctorales en la Universidad de Waterloo, Canad\u00e1, y en la Universidad Tecnol\u00f3gica de Viena, Austria. He trabajado como investigador contratado Juan de la Cierva, JAE-doc y Ram\u00f3n y Cajal en el Instituto de Estructura de la Materia del CSIC. Mis investigaciones se centran en el estudio de hielos y agregados de inter\u00e9s atmosf\u00e9rico, astrof\u00edsico y nuevos materiales por diferentes t\u00e9cnicas experimentales (espectroscopia IR, Raman, espectrometr\u00eda de masas, TPD) y te\u00f3ricas (c\u00e1lculos ab initio en mol\u00e9culas, cl\u00fasters y s\u00f3lidos), adem\u00e1s del estudio te\u00f3rico de la naturaleza del enlace de hidr\u00f3geno y hal\u00f3geno.<\/p>\n\t\t\t\t\t\t\t<\/div>\n\t\t<\/div>\n\t<\/div>\n\t\t\t\t\t<\/div>\n\t\t\t\t<\/div>\n\t\t\t\t\t<\/div>\n\t\t<\/div>\n\t\t\t\t<div class=\"elementor-column elementor-col-25 elementor-top-column elementor-element elementor-element-e600f84\" data-id=\"e600f84\" data-element_type=\"column\" data-e-type=\"column\">\n\t\t\t<div class=\"elementor-widget-wrap elementor-element-populated\">\n\t\t\t\t\t\t<div class=\"elementor-element elementor-element-5da75b1 eael-team-align-eael-team-align-default elementor-widget elementor-widget-eael-team-member\" data-id=\"5da75b1\" data-element_type=\"widget\" data-e-type=\"widget\" data-widget_type=\"eael-team-member.default\">\n\t\t\t\t<div class=\"elementor-widget-container\">\n\t\t\t\t\t\n\n\t<div id=\"eael-team-member-5da75b1\" class=\"eael-team-item eael-team-members-simple \">\n\t\t<div class=\"eael-team-item-inner\">\n\t\t\t<div class=\"eael-team-image\">\n\t\t\t\t<figure>\n\t\t\t\t\t\t\t\t\t\t<img decoding=\"async\" src=\"https:\/\/blogs.uned.es\/modellinguned\/wp-content\/uploads\/sites\/263\/2021\/07\/alvarellos.jpg\" alt=\"\">\n\t\t\t\t\t\t\t\t\t<\/figure>\n\t\t\t\t\n\t\t\t\t\n\t\t\t<\/div>\n\n\t\t\t<div class=\"eael-team-content\">\n\t\t\t\t<h2 class=\"eael-team-member-name\">Dr. Jos\u00e9 Enrique Alvarellos Bermejo<\/h2><h3 class=\"eael-team-member-position\">Catedr\u00e1tico de Universidad<\/h3>\n\t\t\t\t\t\t\t\t\t\t\t\t\t\t\t<ul class=\"eael-team-member-social-profiles\">\n\t\t\t\t\t\t\t\t\t\t\t\t\t\t\t\t\t\t\t\t\t\t\t\t\t\t\t\t\t\t\t\t\t\t\t\t\t\t\t\t\t<li class=\"eael-team-member-social-link\">\n\t\t\t\t\t\t\t\t\t\t<a href=\"http:\/\/portal.uned.es\/portal\/page?_pageid=93,689843&#038;_dad=portal&#038;_schema=PORTAL\" target=\"_blank\">\n\t\t\t\t\t\t\t\t\t\t\t\t\t\t\t\t\t\t\t\t\t\t\t<i aria-hidden=\"true\" class=\"fas fa-info-circle\"><\/i>\t\t\t\t\t\t\t\t\t\t\t\t\t\t\t\t\t\t\t\t\t<\/a>\n\t\t\t\t\t\t\t\t\t<\/li>\n\t\t\t\t\t\t\t\t\t\t\t\t\t\t\t\t\t\t\t\t\t<\/ul>\n\t\t\t\t\t\t\t\t\t\t<p class=\"eael-team-text\">Licenciado en Ciencias F\u00edsicas por la Universidad Aut\u00f3noma de Madrid (UAM, 1977) y doctor en Ciencias F\u00edsicas por la misma universidad (1984). He sido becario posdoctoral dentro del Programa Cient\u00edfico de la OTAN en la Universidad de California Santa Barbara, profesor ayudante en la UAM, profesor encargado de curso en la Universidad de Santiago de Compostela (USC) y profesor titular de universidad tanto en la USC como en la UNED. Dentro de la F\u00edsica de la Materia Condensada te\u00f3rica, he trabajado en l\u00edneas de investigaci\u00f3n relacionadas con el desarrollo de funcionales de la densidad para los distintos t\u00e9rminos de la energ\u00eda en sistemas electr\u00f3nicos (especialmente funcionales cin\u00e9ticos), con el an\u00e1lisis de algunas propiedades que pudieran caracterizar la localizaci\u00f3n de los electrones y el enlace qu\u00edmico, el entrelazamiento y la correlaci\u00f3n electr\u00f3nica entre posiciones distantes, y el an\u00e1lisis de propiedades nanom\u00e9tricas emergentes.<\/p>\n\t\t\t\t\t\t\t<\/div>\n\t\t<\/div>\n\t<\/div>\n\t\t\t\t\t<\/div>\n\t\t\t\t<\/div>\n\t\t\t\t\t<\/div>\n\t\t<\/div>\n\t\t\t\t<div class=\"elementor-column elementor-col-25 elementor-top-column elementor-element elementor-element-954eae2\" data-id=\"954eae2\" data-element_type=\"column\" data-e-type=\"column\">\n\t\t\t<div class=\"elementor-widget-wrap elementor-element-populated\">\n\t\t\t\t\t\t<div class=\"elementor-element elementor-element-3aaab0e eael-team-align-eael-team-align-default elementor-widget elementor-widget-eael-team-member\" data-id=\"3aaab0e\" data-element_type=\"widget\" data-e-type=\"widget\" data-widget_type=\"eael-team-member.default\">\n\t\t\t\t<div class=\"elementor-widget-container\">\n\t\t\t\t\t\n\n\t<div id=\"eael-team-member-3aaab0e\" class=\"eael-team-item eael-team-members-simple \">\n\t\t<div class=\"eael-team-item-inner\">\n\t\t\t<div class=\"eael-team-image\">\n\t\t\t\t<figure>\n\t\t\t\t\t\t\t\t\t\t<img decoding=\"async\" src=\"https:\/\/blogs.uned.es\/modellinguned\/wp-content\/plugins\/elementor\/assets\/images\/placeholder.png\" alt=\"D. Manuel Pancorbo Castro\">\n\t\t\t\t\t\t\t\t\t<\/figure>\n\t\t\t\t\n\t\t\t\t\n\t\t\t<\/div>\n\n\t\t\t<div class=\"eael-team-content\">\n\t\t\t\t<h2 class=\"eael-team-member-name\">D. Manuel Pancorbo Castro<\/h2><h3 class=\"eael-team-member-position\">Profesor Titular de Escuela Universitaria<\/h3>\n\t\t\t\t\t\t\t\t\t\t\t\t\t\t\t<ul class=\"eael-team-member-social-profiles\">\n\t\t\t\t\t\t\t\t\t\t\t\t\t\t\t\t\t\t\t\t\t\t\t\t\t\t\t\t\t\t\t\t\t\t\t\t\t\t\t\t\t<li class=\"eael-team-member-social-link\">\n\t\t\t\t\t\t\t\t\t\t<a href=\"http:\/\/portal.uned.es\/portal\/page?_pageid=93,708522&#038;_dad=portal&#038;_schema=PORTAL\" target=\"_blank\">\n\t\t\t\t\t\t\t\t\t\t\t\t\t\t\t\t\t\t\t\t\t\t\t<i aria-hidden=\"true\" class=\"fas fa-info-circle\"><\/i>\t\t\t\t\t\t\t\t\t\t\t\t\t\t\t\t\t\t\t\t\t<\/a>\n\t\t\t\t\t\t\t\t\t<\/li>\n\t\t\t\t\t\t\t\t\t\t\t\t\t\t\t\t\t\t\t\t\t<\/ul>\n\t\t\t\t\t\t\t\t\t\t<p class=\"eael-team-text\">Licenciado en Ciencias F\u00edsicas por la Universidad Aut\u00f3noma de Madrid (UAM, 1988). Profesor del Departamento de F\u00edsica Interdisciplinar desde 1994 con docencia preferente en el \u00e1rea de Electromagnetismo. Actualmente con docencia en el Grado en F\u00edsica, Grado en Ambientales, M\u00e1ster de F\u00edsica M\u00e9dica y M\u00e1ster de Formaci\u00f3n del Profesorado. L\u00edneas de investigaci\u00f3n: microrreolog\u00eda con pinzas \u00f3pticas; investigaci\u00f3n educativa en Electromagnetismo. Otras actividades: divulgaci\u00f3n cient\u00edfica en cursos de verano y mediante proyectos de la FECYT.<\/p>\n\t\t\t\t\t\t\t<\/div>\n\t\t<\/div>\n\t<\/div>\n\t\t\t\t\t<\/div>\n\t\t\t\t<\/div>\n\t\t\t\t\t<\/div>\n\t\t<\/div>\n\t\t\t\t<div class=\"elementor-column elementor-col-25 elementor-top-column elementor-element elementor-element-bd0d20c\" data-id=\"bd0d20c\" data-element_type=\"column\" data-e-type=\"column\">\n\t\t\t<div class=\"elementor-widget-wrap elementor-element-populated\">\n\t\t\t\t\t\t<div class=\"elementor-element elementor-element-6319139 eael-team-align-eael-team-align-default elementor-widget elementor-widget-eael-team-member\" data-id=\"6319139\" data-element_type=\"widget\" data-e-type=\"widget\" data-widget_type=\"eael-team-member.default\">\n\t\t\t\t<div class=\"elementor-widget-container\">\n\t\t\t\t\t\n\n\t<div id=\"eael-team-member-6319139\" class=\"eael-team-item eael-team-members-simple \">\n\t\t<div class=\"eael-team-item-inner\">\n\t\t\t<div class=\"eael-team-image\">\n\t\t\t\t<figure>\n\t\t\t\t\t\t\t\t\t\t<img decoding=\"async\" src=\"https:\/\/blogs.uned.es\/modellinguned\/wp-content\/uploads\/sites\/263\/2021\/07\/toledano.jpg\" alt=\"\">\n\t\t\t\t\t\t\t\t\t<\/figure>\n\t\t\t\t\n\t\t\t\t\n\t\t\t<\/div>\n\n\t\t\t<div class=\"eael-team-content\">\n\t\t\t\t<h2 class=\"eael-team-member-name\">D. \u00d3scar Toledano Sanz<\/h2><h3 class=\"eael-team-member-position\">Contratado predoctoral<\/h3>\n\t\t\t\t\t\t\t\t\t\t\t\t\t\t<p class=\"eael-team-text\">Graduado en F\u00edsica por la UNED (2017), y M\u00e1ster de F\u00edsica de Sistemas Complejos (2018) y M\u00e1ster de Formaci\u00f3n del Profesorado (2021) en la misma universidad. Actualmente se encuentra realizando su tesis doctoral, la cual trata sobre el estudio de las monocapas de Langmuir y las transiciones de fase en sistemas bidimensionales mediante simulaciones computacionales, entre las cuales cabe destacar los c\u00e1lculos DFT y de tipo Monte Carlo (para los cuales ha desarrollado un software espec\u00edfico).<\/p>\n\t\t\t\t\t\t\t<\/div>\n\t\t<\/div>\n\t<\/div>\n\t\t\t\t\t<\/div>\n\t\t\t\t<\/div>\n\t\t\t\t\t<\/div>\n\t\t<\/div>\n\t\t\t\t\t<\/div>\n\t\t<\/section>\n\t\t\t\t<section class=\"elementor-section elementor-top-section elementor-element elementor-element-f637f07 elementor-section-boxed elementor-section-height-default elementor-section-height-default\" data-id=\"f637f07\" data-element_type=\"section\" data-e-type=\"section\">\n\t\t\t\t\t\t<div class=\"elementor-container elementor-column-gap-default\">\n\t\t\t\t\t<div class=\"elementor-column elementor-col-100 elementor-top-column elementor-element elementor-element-d936cc8\" data-id=\"d936cc8\" data-element_type=\"column\" data-e-type=\"column\">\n\t\t\t<div class=\"elementor-widget-wrap elementor-element-populated\">\n\t\t\t\t\t\t<div class=\"elementor-element elementor-element-3bdf9a2 elementor-widget elementor-widget-spacer\" data-id=\"3bdf9a2\" data-element_type=\"widget\" data-e-type=\"widget\" data-widget_type=\"spacer.default\">\n\t\t\t\t<div class=\"elementor-widget-container\">\n\t\t\t\t\t\t\t<div class=\"elementor-spacer\">\n\t\t\t<div class=\"elementor-spacer-inner\"><\/div>\n\t\t<\/div>\n\t\t\t\t\t\t<\/div>\n\t\t\t\t<\/div>\n\t\t\t\t<div class=\"elementor-element elementor-element-a651628 elementor-align-center elementor-widget elementor-widget-button\" data-id=\"a651628\" data-element_type=\"widget\" data-e-type=\"widget\" data-widget_type=\"button.default\">\n\t\t\t\t<div class=\"elementor-widget-container\">\n\t\t\t\t\t\t\t\t\t<div class=\"elementor-button-wrapper\">\n\t\t\t\t\t<a class=\"elementor-button elementor-button-link elementor-size-sm\" href=\"https:\/\/blogs.uned.es\/modellinguned\/\">\n\t\t\t\t\t\t<span class=\"elementor-button-content-wrapper\">\n\t\t\t\t\t\t\t\t\t<span class=\"elementor-button-text\">Volver al inicio<\/span>\n\t\t\t\t\t<\/span>\n\t\t\t\t\t<\/a>\n\t\t\t\t<\/div>\n\t\t\t\t\t\t\t\t<\/div>\n\t\t\t\t<\/div>\n\t\t\t\t\t<\/div>\n\t\t<\/div>\n\t\t\t\t\t<\/div>\n\t\t<\/section>\n\t\t\t\t<\/div>\n\t\t","protected":false},"excerpt":{"rendered":"<p>Qui\u00e9nes somos Presentaci\u00f3n El grupo Modelling-UNED nace en el a\u00f1o 2018 en el seno de la Facultad de Ciencias de la UNED y est\u00e1 formado por un grupo de profesores e investigadores de esta facultad. El objetivo de este grupo es entender la fenomenolog\u00eda f\u00edsico-qu\u00edmica de determinados sistemas a trav\u00e9s de diferentes simulaciones basadas principalmente en tres herramientas te\u00f3ricas y computacionales: simulaciones cl\u00e1sicas basadas en el m\u00e9todo de Metr\u00f3polis Monte Carlo m\u00e9todos ab initio basados en Teor\u00eda de Funcionales de la Densidad (DFT) m\u00e9todos ab initio basados en la determinaci\u00f3n de la funci\u00f3n de onda \u03a8 Miembros Los miembros de Modelling-UNED pertenecen adem\u00e1s al Grupo de Innovaci\u00f3n Docente en F\u00edsica (GIDF) de la UNED (GID2016-25),\u00a0donde dentro de sus objetivos est\u00e1 la implantaci\u00f3n de herramientas transversales a diferentes asignaturas, entre ellas las de simulaci\u00f3n y modelado. Como actividad del grupo, en el curso 2019-20 este grupo llev\u00f3 a cabo un Proyecto&hellip;<\/p>\n<p> <a class=\"more-link\" href=\"https:\/\/blogs.uned.es\/modellinguned\/quienes\/\">Leer m\u00e1s<\/a><\/p>\n","protected":false},"author":7385,"featured_media":0,"parent":0,"menu_order":1,"comment_status":"closed","ping_status":"closed","template":"","meta":{"footnotes":""},"class_list":["post-31","page","type-page","status-publish"],"_links":{"self":[{"href":"https:\/\/blogs.uned.es\/modellinguned\/wp-json\/wp\/v2\/pages\/31","targetHints":{"allow":["GET"]}}],"collection":[{"href":"https:\/\/blogs.uned.es\/modellinguned\/wp-json\/wp\/v2\/pages"}],"about":[{"href":"https:\/\/blogs.uned.es\/modellinguned\/wp-json\/wp\/v2\/types\/page"}],"author":[{"embeddable":true,"href":"https:\/\/blogs.uned.es\/modellinguned\/wp-json\/wp\/v2\/users\/7385"}],"replies":[{"embeddable":true,"href":"https:\/\/blogs.uned.es\/modellinguned\/wp-json\/wp\/v2\/comments?post=31"}],"version-history":[{"count":70,"href":"https:\/\/blogs.uned.es\/modellinguned\/wp-json\/wp\/v2\/pages\/31\/revisions"}],"predecessor-version":[{"id":1409,"href":"https:\/\/blogs.uned.es\/modellinguned\/wp-json\/wp\/v2\/pages\/31\/revisions\/1409"}],"wp:attachment":[{"href":"https:\/\/blogs.uned.es\/modellinguned\/wp-json\/wp\/v2\/media?parent=31"}],"curies":[{"name":"wp","href":"https:\/\/api.w.org\/{rel}","templated":true}]}}