{"id":14545,"date":"2026-01-19T15:36:13","date_gmt":"2026-01-19T15:36:13","guid":{"rendered":"https:\/\/blogs.uned.es\/metis\/?page_id=14545"},"modified":"2026-01-19T15:36:27","modified_gmt":"2026-01-19T15:36:27","slug":"14545-2","status":"publish","type":"page","link":"https:\/\/blogs.uned.es\/metis\/14545-2\/","title":{"rendered":"Xavier Donato"},"content":{"rendered":"\n<p><strong>Xavier de Donato: Mujeres anal\u00edticas: la contribuci\u00f3n de las fil\u00f3sofas a los inicios y la gestaci\u00f3n de la filosof\u00eda anal\u00edtica<\/strong><\/p>\n\n\n\n<p>Martes 10 marzo 2026 @11:30 (CET)<br><a href=\"https:\/\/www.google.com\/maps\/place\/UNED+-+Humanidades\/@40.4366067,-3.7379162,17z\/data=!3m2!4b1!5s0xd4228238189d7b7:0x62044c79ae77dfac!4m6!3m5!1s0xd42295f507d8465:0xc8bff2c2c262c868!8m2!3d40.4366067!4d-3.7353359!16s%2Fg%2F11d_d4qny9?entry=ttu\">Sala B, Edificio de Humanidades, UNED<\/a>\u00a0&amp;\u00a0<a href=\"https:\/\/blogs.uned.es\/metis\/contact\/\">online<\/a><\/p>\n\n\n\n<p><em>Resumen<\/em><br>A pesar de lo que pudiera parecer, la participaci\u00f3n de las mujeres fil\u00f3sofas en la filosof\u00eda anal\u00edtica ha sido constante y desde sus inicios, aunque, afortunadamente, su presencia e influencia en las \u00faltimas d\u00e9cadas est\u00e1 muy extendida en todo el mundo, y se puede decir que va en aumento. Lo que quiz\u00e1 no es tan conocido es que su contribuci\u00f3n espec\u00edficamente en los inicios y durante la fase de gestaci\u00f3n de la filosof\u00eda anal\u00edtica fue muy importante y, de hecho, crucial para su difusi\u00f3n y desarrollo, as\u00ed como para la propia gestaci\u00f3n de la filosof\u00eda de la ciencia como disciplina. \u00bfHa existido acaso un silenciamiento de la participaci\u00f3n de la mujer en el movimiento filos\u00f3fico anal\u00edtico y en la filosof\u00eda de la ciencia? Mi hip\u00f3tesis es que s\u00ed. Y ello debido a las inercias culturales y sociales que han rodeado siempre el proceso de liberaci\u00f3n y conquista de derechos de las mujeres, incluyendo a las acad\u00e9micas, lo que ha contribuido no poco a opacar sus importantes aportaciones en un per\u00edodo clave de la historia del pensamiento filos\u00f3fico y cient\u00edfico.<\/p>\n\n\n\n<p><em>Bio<\/em><br>Xavier de Donato es profesor titular del \u00e1rea de L\u00f3gica y Filosof\u00eda de la Ciencia en la Universidad de Santiago de Compostela, donde actualmente es decano de la Facultad de Filosof\u00eda. Desde 2025 es el presidente de la Red Espa\u00f1ola de Filosof\u00eda de la Inteligencia Artificial (reFIA). Tambi\u00e9n es miembro del Instituto de Humanidades de esta misma universidad y forma parte de su comit\u00e9 cient\u00edfico. Es autor de m\u00faltiples art\u00edculos y cap\u00edtulos de libros sobre su especialidad en revistas como Erkenntnis, Synthese, Journal for General Philosophy of Science, Theoria (Suecia), Theoria (Espa\u00f1a), Argumentation, Ratio, etc., y editoriales como Springer, Rodopi o Siglo XXI, entre otras. Es miembro del grupo de investigaci\u00f3n de referencia competitiva Discurso e Identidady ha coordinado varios proyectos de investigaci\u00f3n sobre temas relacionados con su \u00e1rea de investigaci\u00f3n. Sus actuales l\u00edneas de investigaci\u00f3n son la (meta)ontolog\u00eda, la ingenier\u00eda conceptual, la filosof\u00eda de las ciencias cognitivas, la filosof\u00eda de la IA y la teor\u00eda de la argumentaci\u00f3n.<\/p>\n","protected":false},"excerpt":{"rendered":"<p>Xavier de Donato: Mujeres anal\u00edticas: la contribuci\u00f3n de las fil\u00f3sofas a los inicios y la gestaci\u00f3n de la filosof\u00eda anal\u00edtica Martes 10 marzo 2026 @11:30 (CET)Sala B, Edificio de Humanidades, UNED\u00a0&amp;\u00a0online ResumenA pesar de lo que pudiera parecer, la participaci\u00f3n de las mujeres fil\u00f3sofas en la filosof\u00eda anal\u00edtica ha sido constante y desde sus inicios, [&hellip;]<\/p>\n","protected":false},"author":7949,"featured_media":0,"parent":0,"menu_order":0,"comment_status":"closed","ping_status":"closed","template":"","meta":{"footnotes":""},"class_list":["post-14545","page","type-page","status-publish","hentry"],"_links":{"self":[{"href":"https:\/\/blogs.uned.es\/metis\/wp-json\/wp\/v2\/pages\/14545","targetHints":{"allow":["GET"]}}],"collection":[{"href":"https:\/\/blogs.uned.es\/metis\/wp-json\/wp\/v2\/pages"}],"about":[{"href":"https:\/\/blogs.uned.es\/metis\/wp-json\/wp\/v2\/types\/page"}],"author":[{"embeddable":true,"href":"https:\/\/blogs.uned.es\/metis\/wp-json\/wp\/v2\/users\/7949"}],"replies":[{"embeddable":true,"href":"https:\/\/blogs.uned.es\/metis\/wp-json\/wp\/v2\/comments?post=14545"}],"version-history":[{"count":2,"href":"https:\/\/blogs.uned.es\/metis\/wp-json\/wp\/v2\/pages\/14545\/revisions"}],"predecessor-version":[{"id":14549,"href":"https:\/\/blogs.uned.es\/metis\/wp-json\/wp\/v2\/pages\/14545\/revisions\/14549"}],"wp:attachment":[{"href":"https:\/\/blogs.uned.es\/metis\/wp-json\/wp\/v2\/media?parent=14545"}],"curies":[{"name":"wp","href":"https:\/\/api.w.org\/{rel}","templated":true}]}}