{"id":13523,"date":"2025-01-22T12:48:59","date_gmt":"2025-01-22T12:48:59","guid":{"rendered":"https:\/\/blogs.uned.es\/metis\/?page_id=13523"},"modified":"2025-01-22T12:48:59","modified_gmt":"2025-01-22T12:48:59","slug":"marco-portillo","status":"publish","type":"page","link":"https:\/\/blogs.uned.es\/metis\/marco-portillo\/","title":{"rendered":"Marco Portillo"},"content":{"rendered":"\n<p><strong>Marco Portillo (UNED): El problema del pasado: Una respuesta desde la ontolog\u00eda hist\u00f3rica<\/strong><\/p>\n\n\n\n<p>Mi\u00e9rcoles 5 de febrero de 2025 @16:00 (CET)<br><a href=\"https:\/\/maps.app.goo.gl\/Vpn2WznNc6VnYpf47\">Sala 0.6, Edificio de Humanidades, UNED<\/a>\u00a0&amp; <a href=\"https:\/\/teams.microsoft.com\/l\/meetup-join\/19%3ameeting_ZjRhY2JkOTItZjU0Ny00NGQzLWI4MDctNGY2MGExYTA3NDAz%40thread.v2\/0?context=%7b%22Tid%22%3a%22b5587048-a070-43ad-b654-20a31e9b2d99%22%2c%22Oid%22%3a%22dd26482a-d355-4016-8fe6-210273122db9%22%7d\">online<\/a><\/p>\n\n\n\n<p><em>Abstract<\/em><br>Denomino el Problema del pasado a la cuesti\u00f3n sobre el fundamento ontol\u00f3gico y epistemol\u00f3gico de nuestra imagen hist\u00f3rica del pasado. Por un lado, el pasado es literalmente imposible de experimentar. Por otro lado, la explicaci\u00f3n hist\u00f3rica tiene un car\u00e1cter narrativo que implica una circularidad. Si el pasado es la suma de eventos, objetos, relaciones, categor\u00edas, y escenarios que inferimos desde los objetos presentes que nos lega el pasado (ruinas, restos, textos, etc.), puede que el realismo en historia sea especialmente endeble respecto a otras ciencias sociales que observan e interact\u00faan directamente con sus objetos de estudio. Mi propuesta consiste en enmarcar este problema en el debate cl\u00e1sico del realismo cient\u00edfico, observar alternativas disponibles e intentar ofrecer una respuesta desde el marco general del trabajo de Ian Hacking (1983, 1991, 1995, 2002). Adem\u00e1s, quiero explorar de qu\u00e9 modo este problema conecta los debates en filosof\u00eda de la historia y la filosof\u00eda de la ciencia con la ontolog\u00eda temporal.<\/p>\n\n\n\n<p><em>Bio<\/em><br><a href=\"https:\/\/bsky.app\/profile\/raciondeser.bsky.social\">Marco Portillo<\/a> es doctorando en Filosof\u00eda de la Ciencia por la UNED y la Universidad de Mil\u00e1n, bajo la direcci\u00f3n de los profesores Jes\u00fas Zamora Bonilla y Giuliano Torrengo. Es contratado FPI de la Comunidad de Madrid en el Departamento de L\u00f3gica, Historia y Filosof\u00eda de la Ciencia de la UNED, miembro del grupo de investigaci\u00f3n <a href=\"https:\/\/blogs.uned.es\/metis\/\">METIS<\/a> (Madrid) y del <a href=\"https:\/\/bsky.app\/profile\/cptmilano.bsky.social\">Centre for Philosophy of Time<\/a> (Mil\u00e1n). Se est\u00e1 formando en las \u00e1reas de filosof\u00eda del tiempo, ontolog\u00eda, metaf\u00edsica, filosof\u00eda de la ciencia y filosof\u00eda de la historia. Su investigaci\u00f3n doctoral trata de comprender la naturaleza del futuro y los problemas que se derivan de nuestras concepciones del mismo.<\/p>\n\n\n\n<p><em>Comentador<\/em><br>Jos\u00e9 Alejandro Fern\u00e1ndez Cuesta (UCM)<\/p>\n","protected":false},"excerpt":{"rendered":"<p>Marco Portillo (UNED): El problema del pasado: Una respuesta desde la ontolog\u00eda hist\u00f3rica Mi\u00e9rcoles 5 de febrero de 2025 @16:00 (CET)Sala 0.6, Edificio de Humanidades, UNED\u00a0&amp; online AbstractDenomino el Problema del pasado a la cuesti\u00f3n sobre el fundamento ontol\u00f3gico y epistemol\u00f3gico de nuestra imagen hist\u00f3rica del pasado. Por un lado, el pasado es literalmente imposible [&hellip;]<\/p>\n","protected":false},"author":7965,"featured_media":0,"parent":0,"menu_order":0,"comment_status":"closed","ping_status":"closed","template":"","meta":{"footnotes":""},"class_list":["post-13523","page","type-page","status-publish","hentry"],"_links":{"self":[{"href":"https:\/\/blogs.uned.es\/metis\/wp-json\/wp\/v2\/pages\/13523","targetHints":{"allow":["GET"]}}],"collection":[{"href":"https:\/\/blogs.uned.es\/metis\/wp-json\/wp\/v2\/pages"}],"about":[{"href":"https:\/\/blogs.uned.es\/metis\/wp-json\/wp\/v2\/types\/page"}],"author":[{"embeddable":true,"href":"https:\/\/blogs.uned.es\/metis\/wp-json\/wp\/v2\/users\/7965"}],"replies":[{"embeddable":true,"href":"https:\/\/blogs.uned.es\/metis\/wp-json\/wp\/v2\/comments?post=13523"}],"version-history":[{"count":3,"href":"https:\/\/blogs.uned.es\/metis\/wp-json\/wp\/v2\/pages\/13523\/revisions"}],"predecessor-version":[{"id":13529,"href":"https:\/\/blogs.uned.es\/metis\/wp-json\/wp\/v2\/pages\/13523\/revisions\/13529"}],"wp:attachment":[{"href":"https:\/\/blogs.uned.es\/metis\/wp-json\/wp\/v2\/media?parent=13523"}],"curies":[{"name":"wp","href":"https:\/\/api.w.org\/{rel}","templated":true}]}}

<p><strong>Marco Portillo (UNED): El problema del pasado: Una respuesta desde la ontología histórica</strong></p>



<p>Miércoles 5 de febrero de 2025 @16:00 (CET)<br><a href="https://maps.app.goo.gl/Vpn2WznNc6VnYpf47">Sala 0.6, Edificio de Humanidades, UNED</a> &amp; <a href="https://teams.microsoft.com/l/meetup-join/19%3ameeting_ZjRhY2JkOTItZjU0Ny00NGQzLWI4MDctNGY2MGExYTA3NDAz%40thread.v2/0?context=%7b%22Tid%22%3a%22b5587048-a070-43ad-b654-20a31e9b2d99%22%2c%22Oid%22%3a%22dd26482a-d355-4016-8fe6-210273122db9%22%7d">online</a></p>



<p><em>Abstract</em><br>Denomino el Problema del pasado a la cuestión sobre el fundamento ontológico y epistemológico de nuestra imagen histórica del pasado. Por un lado, el pasado es literalmente imposible de experimentar. Por otro lado, la explicación histórica tiene un carácter narrativo que implica una circularidad. Si el pasado es la suma de eventos, objetos, relaciones, categorías, y escenarios que inferimos desde los objetos presentes que nos lega el pasado (ruinas, restos, textos, etc.), puede que el realismo en historia sea especialmente endeble respecto a otras ciencias sociales que observan e interactúan directamente con sus objetos de estudio. Mi propuesta consiste en enmarcar este problema en el debate clásico del realismo científico, observar alternativas disponibles e intentar ofrecer una respuesta desde el marco general del trabajo de Ian Hacking (1983, 1991, 1995, 2002). Además, quiero explorar de qué modo este problema conecta los debates en filosofía de la historia y la filosofía de la ciencia con la ontología temporal.</p>



<p><em>Bio</em><br><a href="https://bsky.app/profile/raciondeser.bsky.social">Marco Portillo</a> es doctorando en Filosofía de la Ciencia por la UNED y la Universidad de Milán, bajo la dirección de los profesores Jesús Zamora Bonilla y Giuliano Torrengo. Es contratado FPI de la Comunidad de Madrid en el Departamento de Lógica, Historia y Filosofía de la Ciencia de la UNED, miembro del grupo de investigación <a href="https://blogs.uned.es/metis/">METIS</a> (Madrid) y del <a href="https://bsky.app/profile/cptmilano.bsky.social">Centre for Philosophy of Time</a> (Milán). Se está formando en las áreas de filosofía del tiempo, ontología, metafísica, filosofía de la ciencia y filosofía de la historia. Su investigación doctoral trata de comprender la naturaleza del futuro y los problemas que se derivan de nuestras concepciones del mismo.</p>



<p><em>Comentador</em><br>José Alejandro Fernández Cuesta (UCM)</p>

<p>Marco Portillo (UNED): El problema del pasado: Una respuesta desde la ontología histórica Miércoles 5 de febrero de 2025 @16:00 (CET)Sala 0.6, Edificio de Humanidades, UNED &amp; online AbstractDenomino el Problema del pasado a la cuestión sobre el fundamento ontológico y epistemológico de nuestra imagen histórica del pasado. Por un lado, el pasado es literalmente imposible [&hellip;]</p>
