{"id":13215,"date":"2024-11-12T14:38:41","date_gmt":"2024-11-12T14:38:41","guid":{"rendered":"https:\/\/blogs.uned.es\/metis\/?page_id=13215"},"modified":"2024-11-18T10:03:52","modified_gmt":"2024-11-18T10:03:52","slug":"13215-2","status":"publish","type":"page","link":"https:\/\/blogs.uned.es\/metis\/13215-2\/","title":{"rendered":"Irene Coulon"},"content":{"rendered":"\n<p><strong>Irene Coulon (UPV\/EHU): Sexo y g\u00e9nero en la medicina del sue\u00f1o: Un an\u00e1lisis cr\u00edtico de los desaf\u00edos conceptuales y \u00e9ticos<\/strong><\/p>\n\n\n\n<p>Mi\u00e9rcoles 18 de diciembre de 2024 @16:00 (CET)<br><a href=\"https:\/\/maps.app.goo.gl\/Vpn2WznNc6VnYpf47\">Sala 0.6, Edificio de Humanidades, UNED<\/a> &amp; <a href=\"https:\/\/teams.microsoft.com\/l\/meetup-join\/19%3ameeting_NDg1MWJjMTUtM2U2ZC00YTA3LWE4YjgtOTk0MDQwOGE2Y2Jm%40thread.v2\/0?context=%7b%22Tid%22%3a%22b5587048-a070-43ad-b654-20a31e9b2d99%22%2c%22Oid%22%3a%22dd26482a-d355-4016-8fe6-210273122db9%22%7d\">online<\/a><\/p>\n\n\n\n<p><em>Abstract<\/em><br>En los \u00faltimos diez a\u00f1os, la medicina del sue\u00f1o ha incorporado de manera creciente las variables de &#8220;sexo&#8221; y &#8220;g\u00e9nero&#8221; en su investigaci\u00f3n, siguiendo las directrices de la Uni\u00f3n Europea (2013). Si bien este enfoque representa un avance significativo respecto a la medicina tradicionalmente androc\u00e9ntrica, conlleva ciertos desaf\u00edos conceptuales, metodol\u00f3gicos y \u00e9ticos que requieren un an\u00e1lisis cr\u00edtico. Este estudio tiene como objetivo examinar el uso de los conceptos de &#8220;sexo&#8221; y &#8220;g\u00e9nero&#8221; en la medicina del sue\u00f1o contempor\u00e1nea, a trav\u00e9s del an\u00e1lisis cualitativo de una selecci\u00f3n representativa de art\u00edculos publicados en la revista acad\u00e9mica Sleep. El an\u00e1lisis se enfoca en dos problem\u00e1ticas clave. En primer lugar, la confusi\u00f3n terminol\u00f3gica entre &#8220;sexo&#8221; y &#8220;g\u00e9nero&#8221;, un fen\u00f3meno especialmente com\u00fan en la biomedicina (Callaghan 2021; van den Hurk et al. 2022). Aunque estos conceptos est\u00e1n interrelacionados, es esencial diferenciarlos como herramientas heur\u00edsticas en la investigaci\u00f3n cient\u00edfica (Krieger 2003). En segundo lugar, se analiza la tendencia hacia una interpretaci\u00f3n esencialista del sexo (Richardson 2022). El notable aumento en estudios que reportan diferencias sexuales (Maney y Rich-Edwards 2023) ha venido acompa\u00f1ado de pr\u00e1cticas problem\u00e1ticas, como el tratamiento del sexo como una categor\u00eda binaria omnipresente (Richardson 2022), el uso de m\u00e9todos estad\u00edsticos que inducen a error (Maney y Rich-Edwards 2023), y la subestimaci\u00f3n de variaciones significativas dentro de cada sexo (DiMarco et al. 2022). Este trabajo se propone analizar c\u00f3mo la medicina del sue\u00f1o est\u00e1 incorporando las variables de sexo y g\u00e9nero, con el fin de comprender su impacto normativo general y, en especial, su influencia en las campa\u00f1as de salud p\u00fablica relacionadas con el sue\u00f1o.<\/p>\n\n\n\n<p><em>Bio<\/em><br>Irene Coulon es investigadora predoctoral en el Departamento de Filosof\u00eda de la Universidad del Pa\u00eds Vasco (UPV\/EHU), con financiaci\u00f3n del Programa Predoctoral del Gobierno Vasco. Estudi\u00f3 el grado de Filosof\u00eda en la UPV\/EHU y complet\u00f3 la doble titulaci\u00f3n Erasmus Mundus Master\u2019s Degree in Women\u2019s and Gender Studies por la Universidad de Oviedo y la Universidad de Utrecht. Actualmente, investiga sobre la producci\u00f3n de conocimiento alrededor del sue\u00f1o, examinando especialmente la dimensi\u00f3n normativa de la biomedicina.<\/p>\n\n\n\n<p><em>Comentadora<\/em><br>Irene Ad\u00e1n S\u00e1nchez-Infantes (UCM)<\/p>\n","protected":false},"excerpt":{"rendered":"<p>Irene Coulon (UPV\/EHU): Sexo y g\u00e9nero en la medicina del sue\u00f1o: Un an\u00e1lisis cr\u00edtico de los desaf\u00edos conceptuales y \u00e9ticos Mi\u00e9rcoles 18 de diciembre de 2024 @16:00 (CET)Sala 0.6, Edificio de Humanidades, UNED &amp; online AbstractEn los \u00faltimos diez a\u00f1os, la medicina del sue\u00f1o ha incorporado de manera creciente las variables de &#8220;sexo&#8221; y &#8220;g\u00e9nero&#8221; [&hellip;]<\/p>\n","protected":false},"author":7965,"featured_media":0,"parent":0,"menu_order":0,"comment_status":"closed","ping_status":"closed","template":"","meta":{"footnotes":""},"class_list":["post-13215","page","type-page","status-publish","hentry"],"_links":{"self":[{"href":"https:\/\/blogs.uned.es\/metis\/wp-json\/wp\/v2\/pages\/13215","targetHints":{"allow":["GET"]}}],"collection":[{"href":"https:\/\/blogs.uned.es\/metis\/wp-json\/wp\/v2\/pages"}],"about":[{"href":"https:\/\/blogs.uned.es\/metis\/wp-json\/wp\/v2\/types\/page"}],"author":[{"embeddable":true,"href":"https:\/\/blogs.uned.es\/metis\/wp-json\/wp\/v2\/users\/7965"}],"replies":[{"embeddable":true,"href":"https:\/\/blogs.uned.es\/metis\/wp-json\/wp\/v2\/comments?post=13215"}],"version-history":[{"count":3,"href":"https:\/\/blogs.uned.es\/metis\/wp-json\/wp\/v2\/pages\/13215\/revisions"}],"predecessor-version":[{"id":13247,"href":"https:\/\/blogs.uned.es\/metis\/wp-json\/wp\/v2\/pages\/13215\/revisions\/13247"}],"wp:attachment":[{"href":"https:\/\/blogs.uned.es\/metis\/wp-json\/wp\/v2\/media?parent=13215"}],"curies":[{"name":"wp","href":"https:\/\/api.w.org\/{rel}","templated":true}]}}

<p><strong>Irene Coulon (UPV/EHU): Sexo y género en la medicina del sueño: Un análisis crítico de los desafíos conceptuales y éticos</strong></p>



<p>Miércoles 18 de diciembre de 2024 @16:00 (CET)<br><a href="https://maps.app.goo.gl/Vpn2WznNc6VnYpf47">Sala 0.6, Edificio de Humanidades, UNED</a> &amp; <a href="https://teams.microsoft.com/l/meetup-join/19%3ameeting_NDg1MWJjMTUtM2U2ZC00YTA3LWE4YjgtOTk0MDQwOGE2Y2Jm%40thread.v2/0?context=%7b%22Tid%22%3a%22b5587048-a070-43ad-b654-20a31e9b2d99%22%2c%22Oid%22%3a%22dd26482a-d355-4016-8fe6-210273122db9%22%7d">online</a></p>



<p><em>Abstract</em><br>En los últimos diez años, la medicina del sueño ha incorporado de manera creciente las variables de &#8220;sexo&#8221; y &#8220;género&#8221; en su investigación, siguiendo las directrices de la Unión Europea (2013). Si bien este enfoque representa un avance significativo respecto a la medicina tradicionalmente androcéntrica, conlleva ciertos desafíos conceptuales, metodológicos y éticos que requieren un análisis crítico. Este estudio tiene como objetivo examinar el uso de los conceptos de &#8220;sexo&#8221; y &#8220;género&#8221; en la medicina del sueño contemporánea, a través del análisis cualitativo de una selección representativa de artículos publicados en la revista académica Sleep. El análisis se enfoca en dos problemáticas clave. En primer lugar, la confusión terminológica entre &#8220;sexo&#8221; y &#8220;género&#8221;, un fenómeno especialmente común en la biomedicina (Callaghan 2021; van den Hurk et al. 2022). Aunque estos conceptos están interrelacionados, es esencial diferenciarlos como herramientas heurísticas en la investigación científica (Krieger 2003). En segundo lugar, se analiza la tendencia hacia una interpretación esencialista del sexo (Richardson 2022). El notable aumento en estudios que reportan diferencias sexuales (Maney y Rich-Edwards 2023) ha venido acompañado de prácticas problemáticas, como el tratamiento del sexo como una categoría binaria omnipresente (Richardson 2022), el uso de métodos estadísticos que inducen a error (Maney y Rich-Edwards 2023), y la subestimación de variaciones significativas dentro de cada sexo (DiMarco et al. 2022). Este trabajo se propone analizar cómo la medicina del sueño está incorporando las variables de sexo y género, con el fin de comprender su impacto normativo general y, en especial, su influencia en las campañas de salud pública relacionadas con el sueño.</p>



<p><em>Bio</em><br>Irene Coulon es investigadora predoctoral en el Departamento de Filosofía de la Universidad del País Vasco (UPV/EHU), con financiación del Programa Predoctoral del Gobierno Vasco. Estudió el grado de Filosofía en la UPV/EHU y completó la doble titulación Erasmus Mundus Master’s Degree in Women’s and Gender Studies por la Universidad de Oviedo y la Universidad de Utrecht. Actualmente, investiga sobre la producción de conocimiento alrededor del sueño, examinando especialmente la dimensión normativa de la biomedicina.</p>



<p><em>Comentadora</em><br>Irene Adán Sánchez-Infantes (UCM)</p>

<p>Irene Coulon (UPV/EHU): Sexo y género en la medicina del sueño: Un análisis crítico de los desafíos conceptuales y éticos Miércoles 18 de diciembre de 2024 @16:00 (CET)Sala 0.6, Edificio de Humanidades, UNED &amp; online AbstractEn los últimos diez años, la medicina del sueño ha incorporado de manera creciente las variables de &#8220;sexo&#8221; y &#8220;género&#8221; [&hellip;]</p>
