{"id":12489,"date":"2023-12-11T15:23:09","date_gmt":"2023-12-11T15:23:09","guid":{"rendered":"https:\/\/blogs.uned.es\/metis\/?page_id=12489"},"modified":"2025-01-14T14:36:54","modified_gmt":"2025-01-14T14:36:54","slug":"12489-2","status":"publish","type":"page","link":"https:\/\/blogs.uned.es\/metis\/seminar\/12489-2\/","title":{"rendered":"Jos\u00e9 Alejandro Fern\u00e1ndez Cuesta"},"content":{"rendered":"\n<p><strong>Jos\u00e9 Alejandro Fern\u00e1ndez Cuesta: Quantum-logical propositions and philosophical implications<\/strong><\/p>\n\n\n\n<p>Tuesday May 28 2024 @12:00 (CEST)<br><a href=\"https:\/\/www.google.com\/maps\/place\/UNED+-+Humanidades\/@40.4366067,-3.7379162,17z\/data=!3m2!4b1!5s0xd4228238189d7b7:0x62044c79ae77dfac!4m6!3m5!1s0xd42295f507d8465:0xc8bff2c2c262c868!8m2!3d40.4366067!4d-3.7353359!16s%2Fg%2F11d_d4qny9?entry=ttu\">Sala B, Edificio de Humanidades, UNED<\/a>&nbsp;&amp;&nbsp;<a href=\"https:\/\/blogs.uned.es\/metis\/contact\/\">online<\/a><\/p>\n\n\n\n<p><em>Abstract<\/em><br>In this communication, after having mentioned the main formalisms and proposals called &#8220;quantum logics&#8221; (QL), the so-called QLs in the standard way will be introduced. This will be done from a philosophical perspective in order to underline the implications arising from the definition of &#8220;quantum propositions&#8221; (as a case study).&nbsp; For this purpose, the classical case of the logic-algebra-physics relation will be presented, explaining why it is less conflictive and what are the consequences of the above relation in the quantum one. In particular, two debates will be introduced. One considered settled, Putnam (1969), on the epistemological status of logic and another contemporary, Williamson (2018), on the relation between different non-classical logics and applied mathematics. It will be concluded that both debates are much closer than one might think at first and that the clarification of the meaning of quantum logics is still an open debate with great implications in the philosophy of logic and mathematics (and not only in philosophy of physics, of science, epistemology, metaphysics or applied logic).&nbsp;<\/p>\n\n\n\n<p><em>Bio<\/em><br><a href=\"https:\/\/produccioncientifica.ucm.es\/investigadores\/1293231\/publicaciones\">Jos\u00e9 Alejandro Fern\u00e1ndez Cuesta<\/a> actualmente es contratado predoctoral Santander-UCM para realizar su tesis sobre<em>l\u00f3gicas cu\u00e1nticas<\/em>.\u00a0Ha sido profesor asociado en la Universidad Rey Juan Carlos, donde imparti\u00f3 las asignaturas de L\u00f3gica Formal en diferentes grados. Sus l\u00edneas de investigaci\u00f3n se centran en el estudio de la filosof\u00eda de la l\u00f3gica y la fundamentaci\u00f3n y aplicaci\u00f3n de diferentes lenguajes no-cl\u00e1sicos (especialmente sem\u00e1nticas cu\u00e1nticas y modales).\u00a0<\/p>\n","protected":false},"excerpt":{"rendered":"<p>Jos\u00e9 Alejandro Fern\u00e1ndez Cuesta: Quantum-logical propositions and philosophical implications Tuesday May 28 2024 @12:00 (CEST)Sala B, Edificio de Humanidades, UNED&nbsp;&amp;&nbsp;online AbstractIn this communication, after having mentioned the main formalisms and proposals called &#8220;quantum logics&#8221; (QL), the so-called QLs in the standard way will be introduced. This will be done from a philosophical perspective in order [&hellip;]<\/p>\n","protected":false},"author":7717,"featured_media":0,"parent":11563,"menu_order":0,"comment_status":"closed","ping_status":"closed","template":"","meta":{"footnotes":""},"class_list":["post-12489","page","type-page","status-publish","hentry"],"_links":{"self":[{"href":"https:\/\/blogs.uned.es\/metis\/wp-json\/wp\/v2\/pages\/12489","targetHints":{"allow":["GET"]}}],"collection":[{"href":"https:\/\/blogs.uned.es\/metis\/wp-json\/wp\/v2\/pages"}],"about":[{"href":"https:\/\/blogs.uned.es\/metis\/wp-json\/wp\/v2\/types\/page"}],"author":[{"embeddable":true,"href":"https:\/\/blogs.uned.es\/metis\/wp-json\/wp\/v2\/users\/7717"}],"replies":[{"embeddable":true,"href":"https:\/\/blogs.uned.es\/metis\/wp-json\/wp\/v2\/comments?post=12489"}],"version-history":[{"count":4,"href":"https:\/\/blogs.uned.es\/metis\/wp-json\/wp\/v2\/pages\/12489\/revisions"}],"predecessor-version":[{"id":13381,"href":"https:\/\/blogs.uned.es\/metis\/wp-json\/wp\/v2\/pages\/12489\/revisions\/13381"}],"up":[{"embeddable":true,"href":"https:\/\/blogs.uned.es\/metis\/wp-json\/wp\/v2\/pages\/11563"}],"wp:attachment":[{"href":"https:\/\/blogs.uned.es\/metis\/wp-json\/wp\/v2\/media?parent=12489"}],"curies":[{"name":"wp","href":"https:\/\/api.w.org\/{rel}","templated":true}]}}

José Alejandro Fernández Cuesta

<p><strong>José Alejandro Fernández Cuesta: Quantum-logical propositions and philosophical implications</strong></p>



<p>Tuesday May 28 2024 @12:00 (CEST)<br><a href="https://www.google.com/maps/place/UNED+-+Humanidades/@40.4366067,-3.7379162,17z/data=!3m2!4b1!5s0xd4228238189d7b7:0x62044c79ae77dfac!4m6!3m5!1s0xd42295f507d8465:0xc8bff2c2c262c868!8m2!3d40.4366067!4d-3.7353359!16s%2Fg%2F11d_d4qny9?entry=ttu">Sala B, Edificio de Humanidades, UNED</a>&nbsp;&amp;&nbsp;<a href="https://blogs.uned.es/metis/contact/">online</a></p>



<p><em>Abstract</em><br>In this communication, after having mentioned the main formalisms and proposals called &#8220;quantum logics&#8221; (QL), the so-called QLs in the standard way will be introduced. This will be done from a philosophical perspective in order to underline the implications arising from the definition of &#8220;quantum propositions&#8221; (as a case study).&nbsp; For this purpose, the classical case of the logic-algebra-physics relation will be presented, explaining why it is less conflictive and what are the consequences of the above relation in the quantum one. In particular, two debates will be introduced. One considered settled, Putnam (1969), on the epistemological status of logic and another contemporary, Williamson (2018), on the relation between different non-classical logics and applied mathematics. It will be concluded that both debates are much closer than one might think at first and that the clarification of the meaning of quantum logics is still an open debate with great implications in the philosophy of logic and mathematics (and not only in philosophy of physics, of science, epistemology, metaphysics or applied logic).&nbsp;</p>



<p><em>Bio</em><br><a href="https://produccioncientifica.ucm.es/investigadores/1293231/publicaciones">José Alejandro Fernández Cuesta</a> actualmente es contratado predoctoral Santander-UCM para realizar su tesis sobre<em>lógicas cuánticas</em>. Ha sido profesor asociado en la Universidad Rey Juan Carlos, donde impartió las asignaturas de Lógica Formal en diferentes grados. Sus líneas de investigación se centran en el estudio de la filosofía de la lógica y la fundamentación y aplicación de diferentes lenguajes no-clásicos (especialmente semánticas cuánticas y modales). </p>

<p>José Alejandro Fernández Cuesta: Quantum-logical propositions and philosophical implications Tuesday May 28 2024 @12:00 (CEST)Sala B, Edificio de Humanidades, UNED&nbsp;&amp;&nbsp;online AbstractIn this communication, after having mentioned the main formalisms and proposals called &#8220;quantum logics&#8221; (QL), the so-called QLs in the standard way will be introduced. This will be done from a philosophical perspective in order [&hellip;]</p>
