{"id":12227,"date":"2023-09-18T16:18:17","date_gmt":"2023-09-18T16:18:17","guid":{"rendered":"https:\/\/blogs.uned.es\/metis\/?page_id=12227"},"modified":"2023-09-18T16:18:31","modified_gmt":"2023-09-18T16:18:31","slug":"12227-2","status":"publish","type":"page","link":"https:\/\/blogs.uned.es\/metis\/seminar\/12227-2\/","title":{"rendered":"MJ Garc\u00eda-Encinas"},"content":{"rendered":"\n<p><strong>Mar\u00eda Jos\u00e9 Garc\u00eda-Encinas: Sobre la necesidad de origen y la diferencia entre obras de arte y artefactos<\/strong><\/p>\n\n\n\n<p>Tuesday October 24 2023 @12:00 (CEST)<br><a href=\"https:\/\/www.google.com\/maps\/place\/UNED+-+Humanidades\/@40.4366067,-3.7379162,17z\/data=!3m2!4b1!5s0xd4228238189d7b7:0x62044c79ae77dfac!4m6!3m5!1s0xd42295f507d8465:0xc8bff2c2c262c868!8m2!3d40.4366067!4d-3.7353359!16s%2Fg%2F11d_d4qny9?entry=ttu\">Sala B, Edificio de Humanidades, UNED<\/a> &amp; <a href=\"https:\/\/blogs.uned.es\/metis\/contact\/\" data-type=\"page\" data-id=\"11553\">online<\/a><\/p>\n\n\n\n<p><em>Abstract<\/em><br>Comenzando con la paradoja del Barco de Teseo, aunque sin resolverla directamente, quiero mostrar que esconde claves importantes que pueden ayudarnos a distinguir entre artefactos y obras de arte como tipos de ontolog\u00edas diferentes. Considerando esta paradoja, por tanto, intentar\u00e9 defender que las condiciones de individuaci\u00f3n, las propiedades esenciales, y las propiedades (o relaciones) necesarias de las cosas (materiales o no) no son siempre coincidentes. Por ejemplo, en el caso del Barco, el origen material que es necesario, seg\u00fan Kripke, para que un objeto sea el que es, no forma sin embargo parte de su esencia. Mi prop\u00f3sito es defender que estas distinciones muestran que artefactos y obras de arte son diferentes tipos de entidades: Tanto sus propiedades necesarias, como esenciales y sus condiciones de individuaci\u00f3n son de tipos diferentes.<\/p>\n\n\n\n<p><em>Bio<\/em><br><a href=\"https:\/\/wpd.ugr.es\/~filolab\/wordpress\/quienes-somos-nueva\/investigadores-asociados\/maria-jose-garcia-encinas\/\">Mar\u00eda Jos\u00e9 Garc\u00eda-Encinas<\/a> es profesora de filosof\u00eda en la Universidad de Granada. Ha trabajado principalmente en metaf\u00edsica anal\u00edtica (causalidad, leyes, propiedades, identidad), animando la constituci\u00f3n de esta especialidad en Espa\u00f1a. Ha sido tambi\u00e9n editora de Theor\u00eda.<\/p>\n","protected":false},"excerpt":{"rendered":"<p>Mar\u00eda Jos\u00e9 Garc\u00eda-Encinas: Sobre la necesidad de origen y la diferencia entre obras de arte y artefactos Tuesday October 24 2023 @12:00 (CEST)Sala B, Edificio de Humanidades, UNED &amp; online AbstractComenzando con la paradoja del Barco de Teseo, aunque sin resolverla directamente, quiero mostrar que esconde claves importantes que pueden ayudarnos a distinguir entre artefactos [&hellip;]<\/p>\n","protected":false},"author":7717,"featured_media":0,"parent":11563,"menu_order":0,"comment_status":"closed","ping_status":"closed","template":"","meta":{"footnotes":""},"class_list":["post-12227","page","type-page","status-publish","hentry"],"_links":{"self":[{"href":"https:\/\/blogs.uned.es\/metis\/wp-json\/wp\/v2\/pages\/12227","targetHints":{"allow":["GET"]}}],"collection":[{"href":"https:\/\/blogs.uned.es\/metis\/wp-json\/wp\/v2\/pages"}],"about":[{"href":"https:\/\/blogs.uned.es\/metis\/wp-json\/wp\/v2\/types\/page"}],"author":[{"embeddable":true,"href":"https:\/\/blogs.uned.es\/metis\/wp-json\/wp\/v2\/users\/7717"}],"replies":[{"embeddable":true,"href":"https:\/\/blogs.uned.es\/metis\/wp-json\/wp\/v2\/comments?post=12227"}],"version-history":[{"count":2,"href":"https:\/\/blogs.uned.es\/metis\/wp-json\/wp\/v2\/pages\/12227\/revisions"}],"predecessor-version":[{"id":12231,"href":"https:\/\/blogs.uned.es\/metis\/wp-json\/wp\/v2\/pages\/12227\/revisions\/12231"}],"up":[{"embeddable":true,"href":"https:\/\/blogs.uned.es\/metis\/wp-json\/wp\/v2\/pages\/11563"}],"wp:attachment":[{"href":"https:\/\/blogs.uned.es\/metis\/wp-json\/wp\/v2\/media?parent=12227"}],"curies":[{"name":"wp","href":"https:\/\/api.w.org\/{rel}","templated":true}]}}