{"id":11563,"date":"2022-09-19T09:56:49","date_gmt":"2022-09-19T09:56:49","guid":{"rendered":"https:\/\/blogs.uned.es\/plantillapruebas\/?page_id=11563"},"modified":"2026-03-13T06:48:20","modified_gmt":"2026-03-13T06:48:20","slug":"seminar","status":"publish","type":"page","link":"https:\/\/blogs.uned.es\/metis\/seminar\/","title":{"rendered":"seminar"},"content":{"rendered":"\n<p>METIS hosts a weekly seminar series, alternating between internal and external speakers. Talks are held on Tuesdays at 11:30 (CET) in Sala B, Edificio de Humanidades, UNED. They are also streamed. If you&#8217;d like to attend online, <a href=\"https:\/\/blogs.uned.es\/metis\/contact\/\" data-type=\"page\" data-id=\"11553\">get in touch<\/a>. Alternatively, you can just <a href=\"https:\/\/goo.gl\/maps\/KNh5oR3u9u1RSce8A\">show up<\/a>.<\/p>\n\n\n\n<p>The seminar is currently coordinated by <a href=\"https:\/\/www.uned.es\/universidad\/docentes\/filosofia\/paloma-atencia-linares.html\">Paloma Atencia-Linares<\/a> and <a href=\"https:\/\/sites.google.com\/view\/claudiapicazo\" target=\"_blank\" rel=\"noreferrer noopener\">Claudia Picazo<\/a>.<\/p>\n\n\n\n<p><a href=\"https:\/\/blogs.uned.es\/metis\/12933-2\/\" data-type=\"page\" data-id=\"12933\" target=\"_blank\" rel=\"noreferrer noopener\">Here<\/a> you can find an archive of calendars for our previously hosted talks and <a href=\"https:\/\/canal.uned.es\/series\/651cfc3432e2ca416961cd88\" target=\"_blank\" rel=\"noreferrer noopener\">here<\/a> you can access video recordings of our seminar.<\/p>\n\n\n\n<p>This is the calendar for the academic year 2025\/2026:<\/p>\n\n\n\n<p>September 30: Michela Massimi (Edinburgh): <a href=\"https:\/\/blogs.uned.es\/metis\/14177-2\/\" target=\"_blank\" rel=\"noreferrer noopener\">Local coastal communities and their ways of knowing. Ocean tales from the past and looking into the future<\/a><\/p>\n\n\n\n<p>October 7: Gabriel Corda (Buenos Aires): <a href=\"https:\/\/blogs.uned.es\/metis\/14087-2\/\" target=\"_blank\" rel=\"noreferrer noopener\">Hacia un modelo multidimensional de la memoria epis\u00f3dica<\/a><\/p>\n\n\n\n<p>October 14: Santiago Echeverri (UNAM): <a href=\"https:\/\/blogs.uned.es\/metis\/14093-2\/\" target=\"_blank\" rel=\"noreferrer noopener\">Error possibilities and the ethics of belief<\/a><\/p>\n\n\n\n<p>October 21: Mar\u00eda Caama\u00f1o (Valladolid): <a href=\"https:\/\/blogs.uned.es\/metis\/14103-2\/\" target=\"_blank\" rel=\"noreferrer noopener\">Confronting underdetermination in social science<\/a><\/p>\n\n\n\n<p>October 28: Manuel Almagro (Valencia): <a href=\"https:\/\/blogs.uned.es\/metis\/14203-2\/\" target=\"_blank\" rel=\"noreferrer noopener\">Public opinion polarization and resistance<\/a><\/p>\n\n\n\n<p>November 4: Laura Herrero (UNED): <a href=\"https:\/\/blogs.uned.es\/metis\/14225-2\/\" target=\"_blank\" rel=\"noreferrer noopener\">La locura como motivo filos\u00f3fico, perspectiva desde la modernidad<\/a><\/p>\n\n\n\n<p>November 11: Josh Shepherd (UAB): <a href=\"https:\/\/blogs.uned.es\/metis\/14113-2\/\" target=\"_blank\" rel=\"noreferrer noopener\">Creative agency and agentive fragmentation<\/a><\/p>\n\n\n\n<p>November 18: Miguel Mu\u00f1oz P\u00e9rez &amp; Umberto Rivieccio (UNED): <br><a href=\"https:\/\/blogs.uned.es\/metis\/14189-2\/\" target=\"_blank\" rel=\"noreferrer noopener\">Algunas observaciones sobre l\u00f3gicas de condicionales indicativos<\/a><\/p>\n\n\n\n<p>November 25: David Bordonaba &amp; Antonio Blanco Salgueiro (UCM): <a href=\"https:\/\/blogs.uned.es\/metis\/14125-2\/\" target=\"_blank\" rel=\"noreferrer noopener\">C\u00f3mo decir \u201cdiego\u201d donde dije \u201cdigo\u201d (hacia una teor\u00eda de la desrealizatividad)<\/a><\/p>\n\n\n\n<p>December 2: Jorge Ramos (UNED): <a href=\"https:\/\/blogs.uned.es\/metis\/14135-2\/\" target=\"_blank\" rel=\"noreferrer noopener\">La metaf\u00edsica de la biolog\u00eda desde la pr\u00e1ctica cient\u00edfica biol\u00f3gica<\/a><\/p>\n\n\n\n<p>December 9: Aida Roige (UV): <a href=\"https:\/\/blogs.uned.es\/metis\/14143-2\/\" target=\"_blank\" rel=\"noreferrer noopener\">Special science kinds from a mechanistic standpoint<\/a><\/p>\n\n\n\n<p>December 16: <a href=\"https:\/\/blogs.uned.es\/metis\/14215-2\/\" target=\"_blank\" rel=\"noreferrer noopener\">Workshop on authorship, creation, and normativity<\/a><\/p>\n\n\n\n<p>January 13: Paula Olmos (UAM): <a href=\"https:\/\/blogs.uned.es\/metis\/14151-2\/\" target=\"_blank\" rel=\"noreferrer noopener\">Una revisi\u00f3n razonista, holista y particularista de los dispositivos argumentativos<\/a><\/p>\n\n\n\n<p>January 27: Agata B\u0105k (UNED): <a href=\"https:\/\/blogs.uned.es\/metis\/14239-2\/\" target=\"_blank\" rel=\"noreferrer noopener\">Im-pacientes: \u00bfes relevante el conocimiento de los pacientes para el avance del conocimiento?<\/a><\/p>\n\n\n\n<p>February 10: Losner Briones (UNED): <a href=\"https:\/\/blogs.uned.es\/metis\/14515-2\/\" data-type=\"page\" data-id=\"14515\">Extrapolaci\u00f3n causal pluralista en las ciencias de la salud: Una actualizaci\u00f3n mecanicista (con Guillermo Mar\u00edn Penella)<\/a><\/p>\n\n\n\n<p>February 17: Carlo Martini (Milan): <a href=\"https:\/\/blogs.uned.es\/metis\/14527-2\/\" data-type=\"page\" data-id=\"14527\">Pseudoscience and science disinformation: Rethinking the problem of demarcation from the ground up<\/a><\/p>\n\n\n\n<p>February 24: Laura Menatti (Paris 1): <a href=\"https:\/\/blogs.uned.es\/metis\/14661-2\/\" data-type=\"page\" data-id=\"14661\">Salutogenesis and salutogenic environments \u2013 new philosophical perspectives to understand the relationship between health and environment<\/a><\/p>\n\n\n\n<p>March 3: Laura Nu\u00f1o de la Rosa (CSIC): <a href=\"https:\/\/blogs.uned.es\/metis\/14535-2\/\" data-type=\"page\" data-id=\"14535\">From Kinds to Characters: Rethinking the Concept of Sex in Evolutionary Biology<\/a><\/p>\n\n\n\n<p>March 10: Xavier de Donato Rodr\u00edguez (Santiago de Compostela):  <a href=\"https:\/\/blogs.uned.es\/metis\/14545-2\/\" data-type=\"page\" data-id=\"14545\">Mujeres anal\u00edticas: la contribuci\u00f3n de las fil\u00f3sofas a los inicios y la gestaci\u00f3n de la filosof\u00eda anal\u00edtica<\/a><\/p>\n\n\n\n<p>March 17: Miguel Borrajo (UAM): <a href=\"https:\/\/blogs.uned.es\/metis\/14597-2\/\" data-type=\"page\" data-id=\"14597\">L\u00edmites conceptuales de la traducci\u00f3n autom\u00e1tica en comunicaci\u00f3n animal<\/a><\/p>\n\n\n\n<p>March 24: Ali Boyle (LSE): <a href=\"https:\/\/blogs.uned.es\/metis\/14565-2\/\" data-type=\"page\" data-id=\"14565\">Mental Time Travel and the Harm of Death<\/a><\/p>\n\n\n\n<p>April 7: Ignacio S\u00e1nchez-Moreno (UNED): <a href=\"https:\/\/blogs.uned.es\/metis\/14579-2\/\" data-type=\"page\" data-id=\"14579\">Coadaptaci\u00f3n pragm\u00e1tica y pidgins interespecie en la comunicaci\u00f3n entre humanos y animales no humanos<\/a><\/p>\n\n\n\n<p>April 14: Concha Mart\u00ednez Vidal (USC): <a href=\"https:\/\/blogs.uned.es\/metis\/14749-2\/\" data-type=\"page\" data-id=\"14749\">Inferentialism Naturalized, Anti-Exceptionalism and The Ineliminability of Perspective. The Case of Logic<\/a><\/p>\n\n\n\n<p>April 21: Giulia Lorenzi (UNED): <a href=\"https:\/\/blogs.uned.es\/metis\/14555-2\/\" data-type=\"page\" data-id=\"14555\">On the distinctiveness of listening to music<\/a><\/p>\n\n\n\n<p>April 28: Will Lowe: <a href=\"https:\/\/blogs.uned.es\/metis\/14701-2\/\" data-type=\"page\" data-id=\"14701\">Causal inference, between philosophy and the social sciences<\/a><\/p>\n\n\n\n<p>May 5: Steve Humbert-Droz (UAM): <a href=\"https:\/\/blogs.uned.es\/metis\/14605-2\/\" data-type=\"page\" data-id=\"14605\">Smart Creativity<\/a><\/p>\n\n\n\n<p>May 12: Dan Zeman (Porto): <a href=\"https:\/\/blogs.uned.es\/metis\/14615-2\/\" data-type=\"page\" data-id=\"14615\">Four Recent Issues in the Theory of Slurs<\/a><\/p>\n\n\n\n<p>May 19: Marco Portillo (UNED): <a href=\"https:\/\/blogs.uned.es\/metis\/14681-2\/\" data-type=\"page\" data-id=\"14681\">Branching Time as the Metaphysics of Biological Temporality<\/a><\/p>\n\n\n\n<p>June 2: Fabrice Correia (Geneva): <a href=\"https:\/\/blogs.uned.es\/metis\/14671-2\/\" data-type=\"page\" data-id=\"14671\">Location as a topic-neutral concept<\/a><\/p>\n\n\n\n<p>June 16: Ignasi Gil (UCM-UNED): <a href=\"https:\/\/blogs.uned.es\/metis\/14627-2\/\" data-type=\"page\" data-id=\"14627\">The Epistemic and Zetetic Irrationality of Incessant Checking in OCD<\/a><\/p>\n\n\n\n<p><\/p>\n","protected":false},"excerpt":{"rendered":"<p>METIS hosts a weekly seminar series, alternating between internal and external speakers. Talks are held on Tuesdays at 11:30 (CET) in Sala B, Edificio de Humanidades, UNED. They are also streamed. If you&#8217;d like to attend online, get in touch. Alternatively, you can just show up. The seminar is currently coordinated by Paloma Atencia-Linares and [&hellip;]<\/p>\n","protected":false},"author":7717,"featured_media":0,"parent":0,"menu_order":0,"comment_status":"closed","ping_status":"closed","template":"","meta":{"footnotes":""},"class_list":["post-11563","page","type-page","status-publish","hentry"],"_links":{"self":[{"href":"https:\/\/blogs.uned.es\/metis\/wp-json\/wp\/v2\/pages\/11563","targetHints":{"allow":["GET"]}}],"collection":[{"href":"https:\/\/blogs.uned.es\/metis\/wp-json\/wp\/v2\/pages"}],"about":[{"href":"https:\/\/blogs.uned.es\/metis\/wp-json\/wp\/v2\/types\/page"}],"author":[{"embeddable":true,"href":"https:\/\/blogs.uned.es\/metis\/wp-json\/wp\/v2\/users\/7717"}],"replies":[{"embeddable":true,"href":"https:\/\/blogs.uned.es\/metis\/wp-json\/wp\/v2\/comments?post=11563"}],"version-history":[{"count":159,"href":"https:\/\/blogs.uned.es\/metis\/wp-json\/wp\/v2\/pages\/11563\/revisions"}],"predecessor-version":[{"id":14755,"href":"https:\/\/blogs.uned.es\/metis\/wp-json\/wp\/v2\/pages\/11563\/revisions\/14755"}],"wp:attachment":[{"href":"https:\/\/blogs.uned.es\/metis\/wp-json\/wp\/v2\/media?parent=11563"}],"curies":[{"name":"wp","href":"https:\/\/api.w.org\/{rel}","templated":true}]}}

<p>METIS hosts a weekly seminar series, alternating between internal and external speakers. Talks are held on Tuesdays at 11:30 (CET) in Sala B, Edificio de Humanidades, UNED. They are also streamed. If you&#8217;d like to attend online, <a href="https://blogs.uned.es/metis/contact/" data-type="page" data-id="11553">get in touch</a>. Alternatively, you can just <a href="https://goo.gl/maps/KNh5oR3u9u1RSce8A">show up</a>.</p>



<p>The seminar is currently coordinated by <a href="https://www.uned.es/universidad/docentes/filosofia/paloma-atencia-linares.html">Paloma Atencia-Linares</a> and <a href="https://sites.google.com/view/claudiapicazo" target="_blank" rel="noreferrer noopener">Claudia Picazo</a>.</p>



<p><a href="https://blogs.uned.es/metis/12933-2/" data-type="page" data-id="12933" target="_blank" rel="noreferrer noopener">Here</a> you can find an archive of calendars for our previously hosted talks and <a href="https://canal.uned.es/series/651cfc3432e2ca416961cd88" target="_blank" rel="noreferrer noopener">here</a> you can access video recordings of our seminar.</p>



<p>This is the calendar for the academic year 2025/2026:</p>



<p>September 30: Michela Massimi (Edinburgh): <a href="https://blogs.uned.es/metis/14177-2/" target="_blank" rel="noreferrer noopener">Local coastal communities and their ways of knowing. Ocean tales from the past and looking into the future</a></p>



<p>October 7: Gabriel Corda (Buenos Aires): <a href="https://blogs.uned.es/metis/14087-2/" target="_blank" rel="noreferrer noopener">Hacia un modelo multidimensional de la memoria episódica</a></p>



<p>October 14: Santiago Echeverri (UNAM): <a href="https://blogs.uned.es/metis/14093-2/" target="_blank" rel="noreferrer noopener">Error possibilities and the ethics of belief</a></p>



<p>October 21: María Caamaño (Valladolid): <a href="https://blogs.uned.es/metis/14103-2/" target="_blank" rel="noreferrer noopener">Confronting underdetermination in social science</a></p>



<p>October 28: Manuel Almagro (Valencia): <a href="https://blogs.uned.es/metis/14203-2/" target="_blank" rel="noreferrer noopener">Public opinion polarization and resistance</a></p>



<p>November 4: Laura Herrero (UNED): <a href="https://blogs.uned.es/metis/14225-2/" target="_blank" rel="noreferrer noopener">La locura como motivo filosófico, perspectiva desde la modernidad</a></p>



<p>November 11: Josh Shepherd (UAB): <a href="https://blogs.uned.es/metis/14113-2/" target="_blank" rel="noreferrer noopener">Creative agency and agentive fragmentation</a></p>



<p>November 18: Miguel Muñoz Pérez &amp; Umberto Rivieccio (UNED): <br><a href="https://blogs.uned.es/metis/14189-2/" target="_blank" rel="noreferrer noopener">Algunas observaciones sobre lógicas de condicionales indicativos</a></p>



<p>November 25: David Bordonaba &amp; Antonio Blanco Salgueiro (UCM): <a href="https://blogs.uned.es/metis/14125-2/" target="_blank" rel="noreferrer noopener">Cómo decir “diego” donde dije “digo” (hacia una teoría de la desrealizatividad)</a></p>



<p>December 2: Jorge Ramos (UNED): <a href="https://blogs.uned.es/metis/14135-2/" target="_blank" rel="noreferrer noopener">La metafísica de la biología desde la práctica científica biológica</a></p>



<p>December 9: Aida Roige (UV): <a href="https://blogs.uned.es/metis/14143-2/" target="_blank" rel="noreferrer noopener">Special science kinds from a mechanistic standpoint</a></p>



<p>December 16: <a href="https://blogs.uned.es/metis/14215-2/" target="_blank" rel="noreferrer noopener">Workshop on authorship, creation, and normativity</a></p>



<p>January 13: Paula Olmos (UAM): <a href="https://blogs.uned.es/metis/14151-2/" target="_blank" rel="noreferrer noopener">Una revisión razonista, holista y particularista de los dispositivos argumentativos</a></p>



<p>January 27: Agata Bąk (UNED): <a href="https://blogs.uned.es/metis/14239-2/" target="_blank" rel="noreferrer noopener">Im-pacientes: ¿es relevante el conocimiento de los pacientes para el avance del conocimiento?</a></p>



<p>February 10: Losner Briones (UNED): <a href="https://blogs.uned.es/metis/14515-2/" data-type="page" data-id="14515">Extrapolación causal pluralista en las ciencias de la salud: Una actualización mecanicista (con Guillermo Marín Penella)</a></p>



<p>February 17: Carlo Martini (Milan): <a href="https://blogs.uned.es/metis/14527-2/" data-type="page" data-id="14527">Pseudoscience and science disinformation: Rethinking the problem of demarcation from the ground up</a></p>



<p>February 24: Laura Menatti (Paris 1): <a href="https://blogs.uned.es/metis/14661-2/" data-type="page" data-id="14661">Salutogenesis and salutogenic environments – new philosophical perspectives to understand the relationship between health and environment</a></p>



<p>March 3: Laura Nuño de la Rosa (CSIC): <a href="https://blogs.uned.es/metis/14535-2/" data-type="page" data-id="14535">From Kinds to Characters: Rethinking the Concept of Sex in Evolutionary Biology</a></p>



<p>March 10: Xavier de Donato Rodríguez (Santiago de Compostela):  <a href="https://blogs.uned.es/metis/14545-2/" data-type="page" data-id="14545">Mujeres analíticas: la contribución de las filósofas a los inicios y la gestación de la filosofía analítica</a></p>



<p>March 17: Miguel Borrajo (UAM): <a href="https://blogs.uned.es/metis/14597-2/" data-type="page" data-id="14597">Límites conceptuales de la traducción automática en comunicación animal</a></p>



<p>March 24: Ali Boyle (LSE): <a href="https://blogs.uned.es/metis/14565-2/" data-type="page" data-id="14565">Mental Time Travel and the Harm of Death</a></p>



<p>April 7: Ignacio Sánchez-Moreno (UNED): <a href="https://blogs.uned.es/metis/14579-2/" data-type="page" data-id="14579">Coadaptación pragmática y pidgins interespecie en la comunicación entre humanos y animales no humanos</a></p>



<p>April 14: Concha Martínez Vidal (USC): <a href="https://blogs.uned.es/metis/14749-2/" data-type="page" data-id="14749">Inferentialism Naturalized, Anti-Exceptionalism and The Ineliminability of Perspective. The Case of Logic</a></p>



<p>April 21: Giulia Lorenzi (UNED): <a href="https://blogs.uned.es/metis/14555-2/" data-type="page" data-id="14555">On the distinctiveness of listening to music</a></p>



<p>April 28: Will Lowe: <a href="https://blogs.uned.es/metis/14701-2/" data-type="page" data-id="14701">Causal inference, between philosophy and the social sciences</a></p>



<p>May 5: Steve Humbert-Droz (UAM): <a href="https://blogs.uned.es/metis/14605-2/" data-type="page" data-id="14605">Smart Creativity</a></p>



<p>May 12: Dan Zeman (Porto): <a href="https://blogs.uned.es/metis/14615-2/" data-type="page" data-id="14615">Four Recent Issues in the Theory of Slurs</a></p>



<p>May 19: Marco Portillo (UNED): <a href="https://blogs.uned.es/metis/14681-2/" data-type="page" data-id="14681">Branching Time as the Metaphysics of Biological Temporality</a></p>



<p>June 2: Fabrice Correia (Geneva): <a href="https://blogs.uned.es/metis/14671-2/" data-type="page" data-id="14671">Location as a topic-neutral concept</a></p>



<p>June 16: Ignasi Gil (UCM-UNED): <a href="https://blogs.uned.es/metis/14627-2/" data-type="page" data-id="14627">The Epistemic and Zetetic Irrationality of Incessant Checking in OCD</a></p>



<p></p>
