{"id":51,"date":"2016-09-12T16:57:55","date_gmt":"2016-09-12T16:57:55","guid":{"rendered":"http:\/\/blogs.uned.es\/mbc\/?page_id=51"},"modified":"2017-04-25T15:15:51","modified_gmt":"2017-04-25T15:15:51","slug":"contacto","status":"publish","type":"page","link":"https:\/\/blogs.uned.es\/mbc\/contacto\/","title":{"rendered":"Contacta"},"content":{"rendered":"<p><img decoding=\"async\" class=\"alignnone wp-image-331\" src=\"http:\/\/blogs.uned.es\/mbc\/wp-content\/uploads\/sites\/31\/2017\/04\/contacta1-300x300.jpg\" alt=\"\" width=\"130\" height=\"130\" srcset=\"https:\/\/blogs.uned.es\/mbc\/wp-content\/uploads\/sites\/31\/2017\/04\/contacta1-300x300.jpg 300w, https:\/\/blogs.uned.es\/mbc\/wp-content\/uploads\/sites\/31\/2017\/04\/contacta1-150x150.jpg 150w, https:\/\/blogs.uned.es\/mbc\/wp-content\/uploads\/sites\/31\/2017\/04\/contacta1-768x768.jpg 768w, https:\/\/blogs.uned.es\/mbc\/wp-content\/uploads\/sites\/31\/2017\/04\/contacta1.jpg 1000w\" sizes=\"(max-width: 130px) 100vw, 130px\" \/><\/p>\n<p><span style=\"color: #008080\">\n<div class=\"wpcf7 no-js\" id=\"wpcf7-f255-o1\" lang=\"es-ES\" dir=\"ltr\" data-wpcf7-id=\"255\">\n<div class=\"screen-reader-response\"><p role=\"status\" aria-live=\"polite\" aria-atomic=\"true\"><\/p> <ul><\/ul><\/div>\n<form action=\"\/mbc\/wp-json\/wp\/v2\/pages\/51#wpcf7-f255-o1\" method=\"post\" class=\"wpcf7-form init\" aria-label=\"Formulario de contacto\" novalidate=\"novalidate\" data-status=\"init\">\n<fieldset class=\"hidden-fields-container\"><input type=\"hidden\" name=\"_wpcf7\" value=\"255\" \/><input type=\"hidden\" name=\"_wpcf7_version\" value=\"6.1.5\" \/><input type=\"hidden\" name=\"_wpcf7_locale\" value=\"es_ES\" \/><input type=\"hidden\" name=\"_wpcf7_unit_tag\" value=\"wpcf7-f255-o1\" \/><input type=\"hidden\" name=\"_wpcf7_container_post\" value=\"0\" \/><input type=\"hidden\" name=\"_wpcf7_posted_data_hash\" value=\"\" \/>\n<\/fieldset>\n<p><label> Nombre (requerido)<br \/>\n<span class=\"wpcf7-form-control-wrap\" data-name=\"your-name\"><input size=\"40\" maxlength=\"400\" class=\"wpcf7-form-control wpcf7-text wpcf7-validates-as-required\" aria-required=\"true\" aria-invalid=\"false\" value=\"\" type=\"text\" name=\"your-name\" \/><\/span> <\/label>\n<\/p>\n<p><label> Tu correo electr\u00f3nico (requerido)<br \/>\n<span class=\"wpcf7-form-control-wrap\" data-name=\"your-email\"><input size=\"40\" maxlength=\"400\" class=\"wpcf7-form-control wpcf7-email wpcf7-validates-as-required wpcf7-text wpcf7-validates-as-email\" aria-required=\"true\" aria-invalid=\"false\" value=\"\" type=\"email\" name=\"your-email\" \/><\/span> <\/label>\n<\/p>\n<p><label> Asunto<br \/>\n<span class=\"wpcf7-form-control-wrap\" data-name=\"your-subject\"><input size=\"40\" maxlength=\"400\" class=\"wpcf7-form-control wpcf7-text\" aria-invalid=\"false\" value=\"\" type=\"text\" name=\"your-subject\" \/><\/span> <\/label>\n<\/p>\n<p><label> Mensaje<br \/>\n<span class=\"wpcf7-form-control-wrap\" data-name=\"your-message\"><textarea cols=\"40\" rows=\"10\" maxlength=\"2000\" class=\"wpcf7-form-control wpcf7-textarea\" aria-invalid=\"false\" name=\"your-message\"><\/textarea><\/span> <\/label>\n<\/p>\n<p> He sido informado y acepto la <a href=\"http:\/\/portal.uned.es\/portal\/page?_pageid=93,24430792,93_24430793&_dad=portal&_schema=PORTAL\"><u>pol\u00edtica de privacidad*<\/u><\/a><span class=\"wpcf7-form-control-wrap\" data-name=\"privacidad\"><span class=\"wpcf7-form-control wpcf7-acceptance\"><span class=\"wpcf7-list-item\"><input type=\"checkbox\" name=\"privacidad\" value=\"1\" aria-invalid=\"false\" \/><\/span><\/span><\/span>\n<\/p>\n<p><input class=\"wpcf7-form-control wpcf7-submit has-spinner\" type=\"submit\" value=\"Enviar\" \/>\n<\/p><p style=\"display: none !important;\" class=\"akismet-fields-container\" data-prefix=\"_wpcf7_ak_\"><label>&#916;<textarea name=\"_wpcf7_ak_hp_textarea\" cols=\"45\" rows=\"8\" maxlength=\"100\"><\/textarea><\/label><input type=\"hidden\" id=\"ak_js_1\" name=\"_wpcf7_ak_js\" value=\"249\"\/><script>document.getElementById( \"ak_js_1\" ).setAttribute( \"value\", ( new Date() ).getTime() );<\/script><\/p><div class=\"wpcf7-response-output\" aria-hidden=\"true\"><\/div>\n<\/form>\n<\/div>\n<\/span><\/p>\n<p><span style=\"color: #008080\">COORDINADORA DEL PROYECTO:\u00a0<\/span>Mar\u00eda de la Fe Rodr\u00edguez Mu\u00f1oz<\/p>\n<p><span style=\"color: #008080\">EMAIL:\u00a0<\/span>\u00a0<span style=\"color: #000000\"><a style=\"color: #000000\" href=\"mailto:psicologiaperinatal@psi.uned.es\">psicologiaperinatal@psi.uned.es<\/a><\/span><\/p>\n<p><span style=\"color: #008080\">UBICACI\u00d3N:<\/span> Facultad de Psicolog\u00eda UNED. Despacho 219.C\/Juan del Rosal n\u00ba 10,<br \/>\n28043 Madrid.<\/p>\n<p><img fetchpriority=\"high\" decoding=\"async\" class=\"alignnone size-medium wp-image-103\" src=\"https:\/\/blogs.uned.es\/mbc\/wp-content\/uploads\/sites\/31\/2016\/09\/49213808-300x200.jpg\" alt=\"49213808\" width=\"300\" height=\"200\" srcset=\"https:\/\/blogs.uned.es\/mbc\/wp-content\/uploads\/sites\/31\/2016\/09\/49213808-300x200.jpg 300w, https:\/\/blogs.uned.es\/mbc\/wp-content\/uploads\/sites\/31\/2016\/09\/49213808.jpg 500w\" sizes=\"(max-width: 300px) 100vw, 300px\" \/><script><\/p>\n<p><\/script><\/p>\n","protected":false},"excerpt":{"rendered":"<p>COORDINADORA DEL PROYECTO:\u00a0Mar\u00eda de la Fe Rodr\u00edguez Mu\u00f1oz EMAIL:\u00a0\u00a0psicologiaperinatal@psi.uned.es UBICACI\u00d3N: Facultad de Psicolog\u00eda UNED. Despacho 219.C\/Juan del Rosal n\u00ba 10, 28043 Madrid.<\/p>\n","protected":false},"author":49,"featured_media":0,"parent":0,"menu_order":0,"comment_status":"closed","ping_status":"closed","template":"","meta":{"footnotes":""},"class_list":["post-51","page","type-page","status-publish","czr-hentry"],"_links":{"self":[{"href":"https:\/\/blogs.uned.es\/mbc\/wp-json\/wp\/v2\/pages\/51","targetHints":{"allow":["GET"]}}],"collection":[{"href":"https:\/\/blogs.uned.es\/mbc\/wp-json\/wp\/v2\/pages"}],"about":[{"href":"https:\/\/blogs.uned.es\/mbc\/wp-json\/wp\/v2\/types\/page"}],"author":[{"embeddable":true,"href":"https:\/\/blogs.uned.es\/mbc\/wp-json\/wp\/v2\/users\/49"}],"replies":[{"embeddable":true,"href":"https:\/\/blogs.uned.es\/mbc\/wp-json\/wp\/v2\/comments?post=51"}],"version-history":[{"count":4,"href":"https:\/\/blogs.uned.es\/mbc\/wp-json\/wp\/v2\/pages\/51\/revisions"}],"predecessor-version":[{"id":455,"href":"https:\/\/blogs.uned.es\/mbc\/wp-json\/wp\/v2\/pages\/51\/revisions\/455"}],"wp:attachment":[{"href":"https:\/\/blogs.uned.es\/mbc\/wp-json\/wp\/v2\/media?parent=51"}],"curies":[{"name":"wp","href":"https:\/\/api.w.org\/{rel}","templated":true}]}}