{"id":19,"date":"2019-10-09T10:30:03","date_gmt":"2019-10-09T08:30:03","guid":{"rendered":"http:\/\/blogs.uned.es\/koinonia\/?page_id=19"},"modified":"2021-07-24T10:36:51","modified_gmt":"2021-07-24T08:36:51","slug":"contacto","status":"publish","type":"page","link":"https:\/\/blogs.uned.es\/koinonia\/contacto\/","title":{"rendered":"Contacto"},"content":{"rendered":"\t\t<div data-elementor-type=\"wp-page\" data-elementor-id=\"19\" class=\"elementor elementor-19\">\n\t\t\t\t\t\t<section class=\"elementor-section elementor-top-section elementor-element elementor-element-2fd3db2 elementor-section-stretched elementor-section-full_width elementor-section-height-min-height elementor-section-height-default elementor-section-items-middle\" data-id=\"2fd3db2\" data-element_type=\"section\" data-e-type=\"section\" data-settings=\"{&quot;stretch_section&quot;:&quot;section-stretched&quot;,&quot;background_background&quot;:&quot;classic&quot;}\">\n\t\t\t\t\t\t<div class=\"elementor-container elementor-column-gap-default\">\n\t\t\t\t\t<div class=\"elementor-column elementor-col-100 elementor-top-column elementor-element elementor-element-9cf456b\" data-id=\"9cf456b\" data-element_type=\"column\" data-e-type=\"column\">\n\t\t\t<div class=\"elementor-widget-wrap elementor-element-populated\">\n\t\t\t\t\t\t<section class=\"elementor-section elementor-inner-section elementor-element elementor-element-fc0d28e elementor-section-boxed elementor-section-height-default elementor-section-height-default\" data-id=\"fc0d28e\" data-element_type=\"section\" data-e-type=\"section\">\n\t\t\t\t\t\t<div class=\"elementor-container elementor-column-gap-default\">\n\t\t\t\t\t<div class=\"elementor-column elementor-col-50 elementor-inner-column elementor-element elementor-element-7730391\" data-id=\"7730391\" data-element_type=\"column\" data-e-type=\"column\">\n\t\t\t<div class=\"elementor-widget-wrap\">\n\t\t\t\t\t\t\t<\/div>\n\t\t<\/div>\n\t\t\t\t<div class=\"elementor-column elementor-col-50 elementor-inner-column elementor-element elementor-element-f1a30af\" data-id=\"f1a30af\" data-element_type=\"column\" data-e-type=\"column\">\n\t\t\t<div class=\"elementor-widget-wrap elementor-element-populated\">\n\t\t\t\t\t\t<div class=\"elementor-element elementor-element-8ea7321 elementor-widget elementor-widget-heading\" data-id=\"8ea7321\" data-element_type=\"widget\" data-e-type=\"widget\" data-widget_type=\"heading.default\">\n\t\t\t\t<div class=\"elementor-widget-container\">\n\t\t\t\t\t<h2 class=\"elementor-heading-title elementor-size-default\">Contacto\n<\/h2>\t\t\t\t<\/div>\n\t\t\t\t<\/div>\n\t\t\t\t\t<\/div>\n\t\t<\/div>\n\t\t\t\t\t<\/div>\n\t\t<\/section>\n\t\t\t\t\t<\/div>\n\t\t<\/div>\n\t\t\t\t\t<\/div>\n\t\t<\/section>\n\t\t\t\t<section class=\"elementor-section elementor-top-section elementor-element elementor-element-3a62951 elementor-section-boxed elementor-section-height-default elementor-section-height-default\" data-id=\"3a62951\" data-element_type=\"section\" data-e-type=\"section\">\n\t\t\t\t\t\t<div class=\"elementor-container elementor-column-gap-default\">\n\t\t\t\t\t<div class=\"elementor-column elementor-col-100 elementor-top-column elementor-element elementor-element-3b89182\" data-id=\"3b89182\" data-element_type=\"column\" data-e-type=\"column\">\n\t\t\t<div class=\"elementor-widget-wrap elementor-element-populated\">\n\t\t\t\t\t\t<div class=\"elementor-element elementor-element-6bd9c9a elementor-widget elementor-widget-heading\" data-id=\"6bd9c9a\" data-element_type=\"widget\" data-e-type=\"widget\" data-widget_type=\"heading.default\">\n\t\t\t\t<div class=\"elementor-widget-container\">\n\t\t\t\t\t<h2 class=\"elementor-heading-title elementor-size-default\"><br>\u00bfD\u00f3nde estamos?<br><\/h2>\t\t\t\t<\/div>\n\t\t\t\t<\/div>\n\t\t\t\t\t<\/div>\n\t\t<\/div>\n\t\t\t\t\t<\/div>\n\t\t<\/section>\n\t\t\t\t<section class=\"elementor-section elementor-top-section elementor-element elementor-element-f65674c elementor-section-boxed elementor-section-height-default elementor-section-height-default\" data-id=\"f65674c\" data-element_type=\"section\" data-e-type=\"section\">\n\t\t\t\t\t\t<div class=\"elementor-container elementor-column-gap-default\">\n\t\t\t\t\t<div class=\"elementor-column elementor-col-100 elementor-top-column elementor-element elementor-element-94d2d62\" data-id=\"94d2d62\" data-element_type=\"column\" data-e-type=\"column\">\n\t\t\t<div class=\"elementor-widget-wrap elementor-element-populated\">\n\t\t\t\t\t\t<div class=\"elementor-element elementor-element-b52dd1a elementor-widget elementor-widget-google_maps\" data-id=\"b52dd1a\" data-element_type=\"widget\" data-e-type=\"widget\" data-widget_type=\"google_maps.default\">\n\t\t\t\t<div class=\"elementor-widget-container\">\n\t\t\t\t\t\t\t<div class=\"elementor-custom-embed\">\n\t\t\t<iframe loading=\"lazy\"\n\t\t\t\t\tsrc=\"https:\/\/maps.google.com\/maps?q=Calle%20del%20%20Obispo%20Trejo%202%20Madrid&#038;t=m&#038;z=14&#038;output=embed&#038;iwloc=near\"\n\t\t\t\t\ttitle=\"Calle del  Obispo Trejo 2 Madrid\"\n\t\t\t\t\taria-label=\"Calle del  Obispo Trejo 2 Madrid\"\n\t\t\t><\/iframe>\n\t\t<\/div>\n\t\t\t\t\t\t<\/div>\n\t\t\t\t<\/div>\n\t\t\t\t<div class=\"elementor-element elementor-element-b3abb6e elementor-widget elementor-widget-text-editor\" data-id=\"b3abb6e\" data-element_type=\"widget\" data-e-type=\"widget\" data-widget_type=\"text-editor.default\">\n\t\t\t\t<div class=\"elementor-widget-container\">\n\t\t\t\t\t\t\t\t\t<div style=\"color: #333333;font-family: Arial, Tahoma, Helvetica, FreeSans, sans-serif;font-size: 13px;text-align: center\"><strong>\u00a0<\/strong><\/div>\n<div style=\"color: #333333;font-family: Arial, Tahoma, Helvetica, FreeSans, sans-serif;font-size: 13px;text-align: center\"><strong>\u00a0C\u00d3MO CONTACTAR CON NOSOTROS<\/strong><\/div>\n<div style=\"color: #333333;font-family: Arial, Tahoma, Helvetica, FreeSans, sans-serif;font-size: 13px;text-align: center\"><strong>\u00a0<\/strong><\/div>\n<div style=\"color: #333333;font-family: Arial, Tahoma, Helvetica, FreeSans, sans-serif;font-size: 13px;text-align: center\"><strong>Direcci\u00f3n de correo postal:<\/strong><\/div>\n<div style=\"color: #333333;font-family: Arial, Tahoma, Helvetica, FreeSans, sans-serif;font-size: 13px;text-align: center\"><em>Koinon\u00eda. Grupo interdisciplinario de investigaci\u00f3n<\/em><\/div>\n<div style=\"color: #333333;font-family: Arial, Tahoma, Helvetica, FreeSans, sans-serif;font-size: 13px;text-align: center\">Departamento de Trabajo Social \u2013\u00a0Despacho 0.34<\/div>\n<div style=\"color: #333333;font-family: Arial, Tahoma, Helvetica, FreeSans, sans-serif;font-size: 13px;text-align: center\">Facultad de Derecho<\/div>\n<div style=\"color: #333333;font-family: Arial, Tahoma, Helvetica, FreeSans, sans-serif;font-size: 13px;text-align: center\">Universidad Nacional de Educaci\u00f3n a Distancia<\/div>\n<div style=\"color: #333333;font-family: Arial, Tahoma, Helvetica, FreeSans, sans-serif;font-size: 13px;text-align: center\">C\/ Obispo Trejo, 2\u00a0<\/div>\n<div style=\"color: #333333;font-family: Arial, Tahoma, Helvetica, FreeSans, sans-serif;font-size: 13px;text-align: center\">\n<p>28040 Madrid (Espa\u00f1a)\u00a0<\/p>\n<\/div>\n<div style=\"color: #333333;font-family: Arial, Tahoma, Helvetica, FreeSans, sans-serif;font-size: 13px;text-align: center\"><strong>Tel.<\/strong>: (+34) 91 398 85 82\u00a0<\/div>\n<div style=\"color: #333333;font-family: Arial, Tahoma, Helvetica, FreeSans, sans-serif;font-size: 13px;text-align: center\">\n<p><strong>Fax<\/strong>: (+34) 91 398 95 51\u00a0<\/p>\n<p><strong>Direcci\u00f3n correo electr\u00f3nico:<\/strong><\/p>\n<\/div>\n<div style=\"color: #333333;font-family: Arial, Tahoma, Helvetica, FreeSans, sans-serif;font-size: 13px;text-align: center\">\n<p>Correo-e:\u00a0<strong><a href=\"mailto:koinonia@der.uned.es\" target=\"_blank\" rel=\"noopener\">koinonia@der.uned.es<\/a><\/strong><\/p>\n<\/div>\n<div style=\"color: #333333;font-family: Arial, Tahoma, Helvetica, FreeSans, sans-serif;font-size: 13px;text-align: center\">Lista de distribuci\u00f3n:\u00a0<a style=\"color: #1a1a1a;font-weight: bold\" href=\"mailto:koinonia@listserv.uned.es\">koinonia@listserv.uned.es<\/a><\/div>\t\t\t\t\t\t\t\t<\/div>\n\t\t\t\t<\/div>\n\t\t\t\t\t<\/div>\n\t\t<\/div>\n\t\t\t\t\t<\/div>\n\t\t<\/section>\n\t\t\t\t<section class=\"elementor-section elementor-top-section elementor-element elementor-element-876408a elementor-section-boxed elementor-section-height-default elementor-section-height-default\" data-id=\"876408a\" data-element_type=\"section\" data-e-type=\"section\">\n\t\t\t\t\t\t<div class=\"elementor-container elementor-column-gap-default\">\n\t\t\t\t\t<div class=\"elementor-column elementor-col-100 elementor-top-column elementor-element elementor-element-f71c7b5\" data-id=\"f71c7b5\" data-element_type=\"column\" data-e-type=\"column\">\n\t\t\t<div class=\"elementor-widget-wrap elementor-element-populated\">\n\t\t\t\t\t\t<div class=\"elementor-element elementor-element-e8714ca elementor-widget elementor-widget-heading\" data-id=\"e8714ca\" data-element_type=\"widget\" data-e-type=\"widget\" data-widget_type=\"heading.default\">\n\t\t\t\t<div class=\"elementor-widget-container\">\n\t\t\t\t\t<h2 class=\"elementor-heading-title elementor-size-default\"><br>Formulario de contacto<br><\/h2>\t\t\t\t<\/div>\n\t\t\t\t<\/div>\n\t\t\t\t\t<\/div>\n\t\t<\/div>\n\t\t\t\t\t<\/div>\n\t\t<\/section>\n\t\t\t\t<section class=\"elementor-section elementor-top-section elementor-element elementor-element-9085452 .infocontacto elementor-section-boxed elementor-section-height-default elementor-section-height-default\" data-id=\"9085452\" data-element_type=\"section\" data-e-type=\"section\" id=\"infocontacto\">\n\t\t\t\t\t\t<div class=\"elementor-container elementor-column-gap-default\">\n\t\t\t\t\t<div class=\"elementor-column elementor-col-100 elementor-top-column elementor-element elementor-element-f269bc4\" data-id=\"f269bc4\" data-element_type=\"column\" data-e-type=\"column\">\n\t\t\t<div class=\"elementor-widget-wrap elementor-element-populated\">\n\t\t\t\t\t\t<div class=\"elementor-element elementor-element-34c76de elementor-widget elementor-widget-wpforms\" data-id=\"34c76de\" data-element_type=\"widget\" data-e-type=\"widget\" data-widget_type=\"wpforms.default\">\n\t\t\t\t<div class=\"elementor-widget-container\">\n\t\t\t\t\t<div class=\"wpforms-container wpforms-container-full\" id=\"wpforms-1615\"><form id=\"wpforms-form-1615\" class=\"wpforms-validate wpforms-form wpforms-ajax-form\" data-formid=\"1615\" method=\"post\" enctype=\"multipart\/form-data\" action=\"\/koinonia\/wp-json\/wp\/v2\/pages\/19\" data-token=\"be08c436184305f401978785438b5004\" data-token-time=\"1776268628\"><noscript class=\"wpforms-error-noscript\">Por favor, activa JavaScript en tu navegador para completar este formulario.<\/noscript><div class=\"wpforms-field-container\"><div id=\"wpforms-1615-field_0-container\" class=\"wpforms-field wpforms-field-name\" data-field-id=\"0\"><label class=\"wpforms-field-label\">Nombre: <span class=\"wpforms-required-label\">*<\/span><\/label><div class=\"wpforms-field-row wpforms-field-medium\"><div class=\"wpforms-field-row-block wpforms-first wpforms-one-half\"><input type=\"text\" id=\"wpforms-1615-field_0\" class=\"wpforms-field-name-first wpforms-field-required\" name=\"wpforms[fields][0][first]\" required><label for=\"wpforms-1615-field_0\" class=\"wpforms-field-sublabel after\">Nombre<\/label><\/div><div class=\"wpforms-field-row-block wpforms-one-half\"><input type=\"text\" id=\"wpforms-1615-field_0-last\" class=\"wpforms-field-name-last wpforms-field-required\" name=\"wpforms[fields][0][last]\" required><label for=\"wpforms-1615-field_0-last\" class=\"wpforms-field-sublabel after\">Apellidos<\/label><\/div><\/div><\/div><div id=\"wpforms-1615-field_1-container\" class=\"wpforms-field wpforms-field-email\" data-field-id=\"1\"><label class=\"wpforms-field-label\" for=\"wpforms-1615-field_1\">Correo-e \/ E-mail: <span class=\"wpforms-required-label\">*<\/span><\/label><input type=\"email\" id=\"wpforms-1615-field_1\" class=\"wpforms-field-medium wpforms-field-required\" name=\"wpforms[fields][1]\" spellcheck=\"false\" required><\/div><div id=\"wpforms-1615-field_4-container\" class=\"wpforms-field wpforms-field-text\" data-field-id=\"4\"><label class=\"wpforms-field-label\" for=\"wpforms-1615-field_4\">Tel\u00e9fono de contacto:<\/label><input type=\"text\" id=\"wpforms-1615-field_4\" class=\"wpforms-field-medium\" name=\"wpforms[fields][4]\" ><\/div><div id=\"wpforms-1615-field_5-container\" class=\"wpforms-field wpforms-field-text\" data-field-id=\"5\"><label class=\"wpforms-field-label\" for=\"wpforms-1615-field_5\">Asunto:<\/label><input type=\"text\" id=\"wpforms-1615-field_5\" class=\"wpforms-field-medium\" name=\"wpforms[fields][5]\" ><\/div><div id=\"wpforms-1615-field_2-container\" class=\"wpforms-field wpforms-field-textarea\" data-field-id=\"2\"><label class=\"wpforms-field-label\" for=\"wpforms-1615-field_2\">Comentario o Mensaje: <span class=\"wpforms-required-label\">*<\/span><\/label><textarea id=\"wpforms-1615-field_2\" class=\"wpforms-field-medium wpforms-field-required\" name=\"wpforms[fields][2]\" required><\/textarea><\/div><\/div><!-- .wpforms-field-container --><div class=\"wpforms-submit-container\" ><input type=\"hidden\" name=\"wpforms[id]\" value=\"1615\"><input type=\"hidden\" name=\"page_title\" value=\"\"><input type=\"hidden\" name=\"page_url\" value=\"https:\/\/blogs.uned.es\/koinonia\/wp-json\/wp\/v2\/pages\/19\"><input type=\"hidden\" name=\"url_referer\" value=\"\"><button type=\"submit\" name=\"wpforms[submit]\" id=\"wpforms-submit-1615\" class=\"wpforms-submit\" data-alt-text=\"Enviando...\" data-submit-text=\"Enviar\" aria-live=\"assertive\" value=\"wpforms-submit\">Enviar<\/button><img decoding=\"async\" src=\"https:\/\/blogs.uned.es\/koinonia\/wp-content\/plugins\/wpforms-lite\/assets\/images\/submit-spin.svg\" class=\"wpforms-submit-spinner\" style=\"display: none;\" width=\"26\" height=\"26\" alt=\"Cargando\"><\/div><\/form><\/div>  <!-- .wpforms-container -->\t\t\t\t<\/div>\n\t\t\t\t<\/div>\n\t\t\t\t\t<\/div>\n\t\t<\/div>\n\t\t\t\t\t<\/div>\n\t\t<\/section>\n\t\t\t\t<\/div>\n\t\t","protected":false},"excerpt":{"rendered":"<p>Contacto \u00bfD\u00f3nde estamos? \u00a0 \u00a0C\u00d3MO CONTACTAR CON NOSOTROS \u00a0 Direcci\u00f3n de correo postal: Koinon\u00eda. Grupo interdisciplinario de investigaci\u00f3n Departamento de Trabajo Social \u2013\u00a0Despacho 0.34 Facultad de Derecho Universidad Nacional de Educaci\u00f3n a Distancia C\/ Obispo Trejo, 2\u00a0 28040 Madrid (Espa\u00f1a)\u00a0 Tel.: (+34) 91 398 85 82\u00a0 Fax: (+34) 91 398 95 51\u00a0 Direcci\u00f3n correo electr\u00f3nico: Correo-e:\u00a0koinonia@der.uned.es Lista de distribuci\u00f3n:\u00a0koinonia@listserv.uned.es Formulario de contacto<\/p>\n","protected":false},"author":7479,"featured_media":0,"parent":0,"menu_order":0,"comment_status":"closed","ping_status":"closed","template":"","meta":{"footnotes":""},"class_list":["post-19","page","type-page","status-publish"],"_links":{"self":[{"href":"https:\/\/blogs.uned.es\/koinonia\/wp-json\/wp\/v2\/pages\/19","targetHints":{"allow":["GET"]}}],"collection":[{"href":"https:\/\/blogs.uned.es\/koinonia\/wp-json\/wp\/v2\/pages"}],"about":[{"href":"https:\/\/blogs.uned.es\/koinonia\/wp-json\/wp\/v2\/types\/page"}],"author":[{"embeddable":true,"href":"https:\/\/blogs.uned.es\/koinonia\/wp-json\/wp\/v2\/users\/7479"}],"replies":[{"embeddable":true,"href":"https:\/\/blogs.uned.es\/koinonia\/wp-json\/wp\/v2\/comments?post=19"}],"version-history":[{"count":36,"href":"https:\/\/blogs.uned.es\/koinonia\/wp-json\/wp\/v2\/pages\/19\/revisions"}],"predecessor-version":[{"id":1627,"href":"https:\/\/blogs.uned.es\/koinonia\/wp-json\/wp\/v2\/pages\/19\/revisions\/1627"}],"wp:attachment":[{"href":"https:\/\/blogs.uned.es\/koinonia\/wp-json\/wp\/v2\/media?parent=19"}],"curies":[{"name":"wp","href":"https:\/\/api.w.org\/{rel}","templated":true}]}}