{"id":13297,"date":"2025-02-05T15:25:35","date_gmt":"2025-02-05T15:25:35","guid":{"rendered":"https:\/\/blogs.uned.es\/intervencionsocioeducativa\/?page_id=13297"},"modified":"2026-03-17T09:25:44","modified_gmt":"2026-03-17T09:25:44","slug":"margarita-vasco-gonzalez","status":"publish","type":"page","link":"https:\/\/blogs.uned.es\/intervencionsocioeducativa\/margarita-vasco-gonzalez\/","title":{"rendered":"Margarita Vasco Gonz\u00e1lez"},"content":{"rendered":"\n<div class=\"wp-block-columns is-layout-flex wp-container-core-columns-is-layout-28f84493 wp-block-columns-is-layout-flex\">\n<div class=\"wp-block-column is-layout-flow wp-block-column-is-layout-flow\">\n<figure class=\"wp-block-image size-full\"><img loading=\"lazy\" decoding=\"async\" width=\"225\" height=\"225\" src=\"https:\/\/blogs.uned.es\/intervencionsocioeducativa\/wp-content\/uploads\/sites\/395\/2026\/03\/descarga.png\" alt=\"\" class=\"wp-image-13489\" srcset=\"https:\/\/blogs.uned.es\/intervencionsocioeducativa\/wp-content\/uploads\/sites\/395\/2026\/03\/descarga.png 225w, https:\/\/blogs.uned.es\/intervencionsocioeducativa\/wp-content\/uploads\/sites\/395\/2026\/03\/descarga-150x150.png 150w\" sizes=\"auto, (max-width: 225px) 100vw, 225px\" \/><\/figure>\n<\/div>\n\n\n\n<div class=\"wp-block-column is-layout-flow wp-block-column-is-layout-flow\">\n<p><\/p>\n\n\n\n<p><\/p>\n\n\n\n<p class=\"has-medium-font-size\"><strong>MARGARITA VASCO GONZ\u00c1LEZ <\/strong><\/p>\n\n\n\n<p><a href=\"mailto:margarita.vasco@urjc.es\">margarita.vasco@urjc.es<\/a><\/p>\n<\/div>\n<\/div>\n\n\n\n<p>Profesora en el Departamento de Ciencias de la Educaci\u00f3n en la Facultad de Ciencias de la Educaci\u00f3n, Deporte y Estudios Intermedios en la Universidad Rey Juan Carlos. M\u00e1ster en Intervenci\u00f3n Educativa en contextos sociales por la Universidad Nacional de Educaci\u00f3n a Distancia en la que tambi\u00e9n adquiri\u00f3 el Grado de Doctora con una calificaci\u00f3n de Cum Laude. Es, adem\u00e1s, T\u00e9cnico superior en educaci\u00f3n infantil y maestra de educaci\u00f3n Primaria.<\/p>\n\n\n\n<p>Como profesora, su trayectoria comenz\u00f3 en 2005. Desde entonces, ha impartido clases en todos los niveles educativos desde educaci\u00f3n Infantil, Primaria y Formaci\u00f3n Profesional hasta llegar, en 2020, a la docencia universitaria en la que ha sido docente, tanto en asignaturas de Grado como de M\u00e1ster, todas vinculadas a la educaci\u00f3n y formaci\u00f3n de futuros profesionales: Organizaci\u00f3n escolar, Lectoescritura, Estrategias did\u00e1cticas para la equidad en las&nbsp;relaciones humanas,&nbsp;&nbsp;Educaci\u00f3n, cultura y sociedad, Relaciones psicosociales en el aula, Pr\u00e1cticum, &nbsp;Principios de la educaci\u00f3n en la sociedad digital, Diagn\u00f3stico psicopedag\u00f3gico del \u00e1mbito social y comunitario y Dise\u00f1o del curr\u00edculo de Formaci\u00f3n y orientaci\u00f3n Laboral.<\/p>\n\n\n\n<p>Como investigadora ha participado en varios proyectos competitivos I+D+i y en proyectos de innovaci\u00f3n educativa junto al Grupo de Innovaci\u00f3n docente (GI17),<\/p>\n\n\n\n<p>Sus l\u00edneas de investigaci\u00f3n se centran en: Tecnolog\u00edas de Informaci\u00f3n y comunicaci\u00f3n aplicadas a distintos contextos educativos, Did\u00e1ctica y organizaci\u00f3n escolar, as\u00ed como el estudio de la juventud en contextos de vulnerabilidad y su transici\u00f3n a la vida adulta.<\/p>\n\n\n\n<p>Cuenta con diversos cap\u00edtulos de libro y art\u00edculos publicados en revistas evaluadas en rankings como JCR, SJR y Scopus. Ha participado como secretaria, ponente o comit\u00e9 cient\u00edfico en m\u00e1s de una decena de seminarios, cursos, congresos cient\u00edficos y conferencias tanto nacionales e internacionales.<\/p>\n\n\n\n<div style=\"height:29px\" aria-hidden=\"true\" class=\"wp-block-spacer\"><\/div>\n\n\n\n<div class=\"wp-block-columns is-layout-flex wp-container-core-columns-is-layout-28f84493 wp-block-columns-is-layout-flex\">\n<div class=\"wp-block-column is-layout-flow wp-block-column-is-layout-flow\">\n<figure class=\"wp-block-image aligncenter size-full is-resized\"><a href=\"https:\/\/orcid.org\/0000-0002-4211-7499\"><img loading=\"lazy\" decoding=\"async\" width=\"225\" height=\"225\" src=\"http:\/\/blogs.uned.es\/intervencionsocioeducativa\/wp-content\/uploads\/sites\/395\/2023\/03\/descarga.png\" alt=\"\" class=\"wp-image-12033\" style=\"width:76px;height:auto\" srcset=\"https:\/\/blogs.uned.es\/intervencionsocioeducativa\/wp-content\/uploads\/sites\/395\/2023\/03\/descarga.png 225w, https:\/\/blogs.uned.es\/intervencionsocioeducativa\/wp-content\/uploads\/sites\/395\/2023\/03\/descarga-150x150.png 150w\" sizes=\"auto, (max-width: 225px) 100vw, 225px\" \/><\/a><\/figure>\n<\/div>\n\n\n\n<div class=\"wp-block-column is-layout-flow wp-block-column-is-layout-flow\">\n<figure class=\"wp-block-image aligncenter size-full is-resized\"><a href=\"https:\/\/portalcientifico.uam.es\/es\/ipublic\/researcher\/332673\"><img loading=\"lazy\" decoding=\"async\" width=\"225\" height=\"225\" src=\"http:\/\/blogs.uned.es\/intervencionsocioeducativa\/wp-content\/uploads\/sites\/395\/2023\/03\/descarga-1.png\" alt=\"\" class=\"wp-image-12035\" style=\"width:91px;height:auto\" srcset=\"https:\/\/blogs.uned.es\/intervencionsocioeducativa\/wp-content\/uploads\/sites\/395\/2023\/03\/descarga-1.png 225w, https:\/\/blogs.uned.es\/intervencionsocioeducativa\/wp-content\/uploads\/sites\/395\/2023\/03\/descarga-1-150x150.png 150w\" sizes=\"auto, (max-width: 225px) 100vw, 225px\" \/><\/a><\/figure>\n<\/div>\n<\/div>\n\n\n\n<div style=\"height:30px\" aria-hidden=\"true\" class=\"wp-block-spacer\"><\/div>\n\n\n\n<div class=\"wp-block-buttons is-layout-flex wp-block-buttons-is-layout-flex\">\n<div class=\"wp-block-button\"><a class=\"wp-block-button__link has-light-green-cyan-background-color has-background wp-element-button\" href=\"https:\/\/blogs.uned.es\/intervencionsocioeducativa\/equipo\/\">Volver a Equipo<\/a><\/div>\n<\/div>\n","protected":false},"excerpt":{"rendered":"<p>MARGARITA VASCO GONZ\u00c1LEZ margarita.vasco@urjc.es Profesora en el Departamento de Ciencias de la Educaci\u00f3n en la Facultad de Ciencias de la Educaci\u00f3n, Deporte y Estudios Intermedios en la Universidad Rey Juan Carlos. M\u00e1ster en Intervenci\u00f3n Educativa en contextos sociales por la Universidad Nacional de Educaci\u00f3n a Distancia en la que tambi\u00e9n adquiri\u00f3 el Grado de Doctora [&hellip;]<\/p>\n","protected":false},"author":7637,"featured_media":0,"parent":0,"menu_order":0,"comment_status":"closed","ping_status":"closed","template":"","meta":{"footnotes":""},"class_list":["post-13297","page","type-page","status-publish","hentry"],"_links":{"self":[{"href":"https:\/\/blogs.uned.es\/intervencionsocioeducativa\/wp-json\/wp\/v2\/pages\/13297","targetHints":{"allow":["GET"]}}],"collection":[{"href":"https:\/\/blogs.uned.es\/intervencionsocioeducativa\/wp-json\/wp\/v2\/pages"}],"about":[{"href":"https:\/\/blogs.uned.es\/intervencionsocioeducativa\/wp-json\/wp\/v2\/types\/page"}],"author":[{"embeddable":true,"href":"https:\/\/blogs.uned.es\/intervencionsocioeducativa\/wp-json\/wp\/v2\/users\/7637"}],"replies":[{"embeddable":true,"href":"https:\/\/blogs.uned.es\/intervencionsocioeducativa\/wp-json\/wp\/v2\/comments?post=13297"}],"version-history":[{"count":4,"href":"https:\/\/blogs.uned.es\/intervencionsocioeducativa\/wp-json\/wp\/v2\/pages\/13297\/revisions"}],"predecessor-version":[{"id":13493,"href":"https:\/\/blogs.uned.es\/intervencionsocioeducativa\/wp-json\/wp\/v2\/pages\/13297\/revisions\/13493"}],"wp:attachment":[{"href":"https:\/\/blogs.uned.es\/intervencionsocioeducativa\/wp-json\/wp\/v2\/media?parent=13297"}],"curies":[{"name":"wp","href":"https:\/\/api.w.org\/{rel}","templated":true}]}}