{"id":13237,"date":"2024-11-30T13:42:44","date_gmt":"2024-11-30T13:42:44","guid":{"rendered":"https:\/\/blogs.uned.es\/intervencionsocioeducativa\/?page_id=13237"},"modified":"2025-02-05T15:36:57","modified_gmt":"2025-02-05T15:36:57","slug":"antonio-martinez-raya","status":"publish","type":"page","link":"https:\/\/blogs.uned.es\/intervencionsocioeducativa\/antonio-martinez-raya\/","title":{"rendered":"Antonio Mart\u00ednez Raya"},"content":{"rendered":"\n<div class=\"wp-block-media-text is-stacked-on-mobile\" style=\"grid-template-columns:34% auto\"><figure class=\"wp-block-media-text__media\"><img loading=\"lazy\" decoding=\"async\" width=\"886\" height=\"769\" src=\"https:\/\/blogs.uned.es\/intervencionsocioeducativa\/wp-content\/uploads\/sites\/395\/2025\/02\/SFS24582.jpg\" alt=\"\" class=\"wp-image-13315 size-full\" srcset=\"https:\/\/blogs.uned.es\/intervencionsocioeducativa\/wp-content\/uploads\/sites\/395\/2025\/02\/SFS24582.jpg 886w, https:\/\/blogs.uned.es\/intervencionsocioeducativa\/wp-content\/uploads\/sites\/395\/2025\/02\/SFS24582-300x260.jpg 300w, https:\/\/blogs.uned.es\/intervencionsocioeducativa\/wp-content\/uploads\/sites\/395\/2025\/02\/SFS24582-768x667.jpg 768w\" sizes=\"auto, (max-width: 886px) 100vw, 886px\" \/><\/figure><div class=\"wp-block-media-text__content\">\n<p><strong>ANTONIO MART\u00cdNEZ RAYA<\/strong><\/p>\n\n\n\n<p>\u2709<a href=\"mailto:amartinez@cee.uned.es\">amartinez@cee.uned.es<\/a><\/p>\n<\/div><\/div>\n\n\n\n<p>Dr. Antonio Mart\u00ednez Raya posee un DOCTORADO EN UNI\u00d3N EUROPEA por la UNED (EQF nivel 8). Asimismo, \u00e9l es INGENIERO AERON\u00c1UTICO (EQF nivel 7) con intensificaci\u00f3n en aeronaves y veh\u00edculos espaciales por la Universidad Polit\u00e9cnica de Madrid (UPM), adem\u00e1s de titulado por la Universidad Nacional de Educaci\u00f3n a Distancia (UNED) en GRADO EN ECONOM\u00cdA (EQF nivel 6) y M\u00c1STER EN UNI\u00d3N EUROPEA (EQF nivel 7) con especialidad en econ\u00f3micas\/pol\u00edticas. Tambi\u00e9n, ha trabajado como gestor de proyectos industriales en entornos internacionales con alto componente multidisciplinar para empresas multinacionales l\u00edderes en su sector. Asimismo, aporta un amplio abanico de competencias ling\u00fc\u00edsticas, tales como ingl\u00e9s, alem\u00e1n, franc\u00e9s e italiano, junto a un variado conocimiento de diversas culturas.<\/p>\n\n\n\n<div class=\"wp-block-columns is-layout-flex wp-container-core-columns-is-layout-28f84493 wp-block-columns-is-layout-flex\">\n<div class=\"wp-block-column is-layout-flow wp-block-column-is-layout-flow\">\n<figure class=\"wp-block-image size-full is-resized\"><a href=\"https:\/\/portalcientifico.upm.es\/es\/ipublic\/researcher\/335896\"><img loading=\"lazy\" decoding=\"async\" width=\"225\" height=\"225\" src=\"http:\/\/blogs.uned.es\/intervencionsocioeducativa\/wp-content\/uploads\/sites\/395\/2023\/03\/descarga-1.png\" alt=\"\" class=\"wp-image-12035\" style=\"width:125px;height:auto\" srcset=\"https:\/\/blogs.uned.es\/intervencionsocioeducativa\/wp-content\/uploads\/sites\/395\/2023\/03\/descarga-1.png 225w, https:\/\/blogs.uned.es\/intervencionsocioeducativa\/wp-content\/uploads\/sites\/395\/2023\/03\/descarga-1-150x150.png 150w\" sizes=\"auto, (max-width: 225px) 100vw, 225px\" \/><\/a><\/figure>\n<\/div>\n\n\n\n<div class=\"wp-block-column is-layout-flow wp-block-column-is-layout-flow\"><\/div>\n\n\n\n<div class=\"wp-block-column is-layout-flow wp-block-column-is-layout-flow\">\n<figure class=\"wp-block-image size-full is-resized\"><a href=\"https:\/\/orcid.org\/0000-0002-4878-396X\"><img loading=\"lazy\" decoding=\"async\" width=\"225\" height=\"225\" src=\"http:\/\/blogs.uned.es\/intervencionsocioeducativa\/wp-content\/uploads\/sites\/395\/2023\/03\/descarga.png\" alt=\"\" class=\"wp-image-12033\" style=\"width:110px;height:auto\" srcset=\"https:\/\/blogs.uned.es\/intervencionsocioeducativa\/wp-content\/uploads\/sites\/395\/2023\/03\/descarga.png 225w, https:\/\/blogs.uned.es\/intervencionsocioeducativa\/wp-content\/uploads\/sites\/395\/2023\/03\/descarga-150x150.png 150w\" sizes=\"auto, (max-width: 225px) 100vw, 225px\" \/><\/a><\/figure>\n<\/div>\n<\/div>\n\n\n\n<div style=\"height:34px\" aria-hidden=\"true\" class=\"wp-block-spacer\"><\/div>\n\n\n\n<div class=\"wp-block-buttons is-layout-flex wp-block-buttons-is-layout-flex\">\n<div class=\"wp-block-button is-style-fill\"><a class=\"wp-block-button__link has-light-green-cyan-background-color has-background wp-element-button\" href=\"https:\/\/blogs.uned.es\/intervencionsocioeducativa\/equipo\/\">Volver a Equipo<\/a><\/div>\n<\/div>\n\n\n\n<p><\/p>\n","protected":false},"excerpt":{"rendered":"<p>ANTONIO MART\u00cdNEZ RAYA \u2709amartinez@cee.uned.es Dr. Antonio Mart\u00ednez Raya posee un DOCTORADO EN UNI\u00d3N EUROPEA por la UNED (EQF nivel 8). Asimismo, \u00e9l es INGENIERO AERON\u00c1UTICO (EQF nivel 7) con intensificaci\u00f3n en aeronaves y veh\u00edculos espaciales por la Universidad Polit\u00e9cnica de Madrid (UPM), adem\u00e1s de titulado por la Universidad Nacional de Educaci\u00f3n a Distancia (UNED) en [&hellip;]<\/p>\n","protected":false},"author":7637,"featured_media":0,"parent":0,"menu_order":0,"comment_status":"closed","ping_status":"closed","template":"","meta":{"footnotes":""},"class_list":["post-13237","page","type-page","status-publish","hentry"],"_links":{"self":[{"href":"https:\/\/blogs.uned.es\/intervencionsocioeducativa\/wp-json\/wp\/v2\/pages\/13237","targetHints":{"allow":["GET"]}}],"collection":[{"href":"https:\/\/blogs.uned.es\/intervencionsocioeducativa\/wp-json\/wp\/v2\/pages"}],"about":[{"href":"https:\/\/blogs.uned.es\/intervencionsocioeducativa\/wp-json\/wp\/v2\/types\/page"}],"author":[{"embeddable":true,"href":"https:\/\/blogs.uned.es\/intervencionsocioeducativa\/wp-json\/wp\/v2\/users\/7637"}],"replies":[{"embeddable":true,"href":"https:\/\/blogs.uned.es\/intervencionsocioeducativa\/wp-json\/wp\/v2\/comments?post=13237"}],"version-history":[{"count":3,"href":"https:\/\/blogs.uned.es\/intervencionsocioeducativa\/wp-json\/wp\/v2\/pages\/13237\/revisions"}],"predecessor-version":[{"id":13319,"href":"https:\/\/blogs.uned.es\/intervencionsocioeducativa\/wp-json\/wp\/v2\/pages\/13237\/revisions\/13319"}],"wp:attachment":[{"href":"https:\/\/blogs.uned.es\/intervencionsocioeducativa\/wp-json\/wp\/v2\/media?parent=13237"}],"curies":[{"name":"wp","href":"https:\/\/api.w.org\/{rel}","templated":true}]}}