{"id":12903,"date":"2024-02-01T15:19:29","date_gmt":"2024-02-01T15:19:29","guid":{"rendered":"https:\/\/blogs.uned.es\/intervencionsocioeducativa\/?page_id=12903"},"modified":"2024-02-01T15:42:44","modified_gmt":"2024-02-01T15:42:44","slug":"pablo-alvarez-perez","status":"publish","type":"page","link":"https:\/\/blogs.uned.es\/intervencionsocioeducativa\/pablo-alvarez-perez\/","title":{"rendered":"Pablo \u00c1lvarez P\u00e9rez"},"content":{"rendered":"\n<div class=\"wp-block-columns is-layout-flex wp-container-core-columns-is-layout-28f84493 wp-block-columns-is-layout-flex\">\n<div class=\"wp-block-column is-layout-flow wp-block-column-is-layout-flow\" style=\"flex-basis:33.33%\">\n<figure class=\"wp-block-image size-full\"><img loading=\"lazy\" decoding=\"async\" width=\"225\" height=\"224\" src=\"https:\/\/blogs.uned.es\/intervencionsocioeducativa\/wp-content\/uploads\/sites\/395\/2024\/02\/download.png\" alt=\"\" class=\"wp-image-12905\" srcset=\"https:\/\/blogs.uned.es\/intervencionsocioeducativa\/wp-content\/uploads\/sites\/395\/2024\/02\/download.png 225w, https:\/\/blogs.uned.es\/intervencionsocioeducativa\/wp-content\/uploads\/sites\/395\/2024\/02\/download-150x150.png 150w\" sizes=\"auto, (max-width: 225px) 100vw, 225px\" \/><\/figure>\n<\/div>\n\n\n\n<div class=\"wp-block-column is-layout-flow wp-block-column-is-layout-flow\" style=\"flex-basis:66.66%\">\n<p class=\"has-large-font-size\"><strong>PABLO \u00c1LVAREZ P\u00c9REZ<\/strong><\/p>\n\n\n\n<p>\u2709 pablo.alvarez@iscte-iul.pt <\/p>\n<\/div>\n<\/div>\n\n\n\n<p class=\"has-text-align-left\">Doctor con menci\u00f3n internacional por la Universidad de Huelva (UHU) en el Departamento de Sociolog\u00eda y Trabajo Social. Profesor Titular en Trabajo Social en el Iscte-Instituto Universitario de Lisboa (Portugal), impartiendo diversas Unidades Curriculares en la Licenciatura, Maestr\u00eda y Doctorado en el \u00e1mbito del Trabajo Social. Director del M\u00e1ster en Trabajo Social del Iscte. Investigador integrado en el CIES-Iscte. Las \u00e1reas de inter\u00e9s para la investigaci\u00f3n est\u00e1n relacionadas con las migraciones (interculturalidad, superdiversidad, herencia cultural en ni\u00f1os), Formaci\u00f3n en Trabajo Social; Exclusi\u00f3n Social, Derechos Humanos y Trabajo Social; y Trabajo Social Digital.<\/p>\n\n\n\n<div style=\"height:30px\" aria-hidden=\"true\" class=\"wp-block-spacer\"><\/div>\n\n\n\n<div class=\"wp-block-columns is-layout-flex wp-container-core-columns-is-layout-28f84493 wp-block-columns-is-layout-flex\">\n<div class=\"wp-block-column is-vertically-aligned-center is-layout-flow wp-block-column-is-layout-flow\">\n<figure class=\"wp-block-image aligncenter size-full is-resized\"><a href=\"https:\/\/orcid.org\/0000-0003-2550-788X\"><img loading=\"lazy\" decoding=\"async\" width=\"225\" height=\"225\" src=\"http:\/\/blogs.uned.es\/intervencionsocioeducativa\/wp-content\/uploads\/sites\/395\/2023\/03\/descarga.png\" alt=\"\" class=\"wp-image-12033\" style=\"width:72px;height:auto\" srcset=\"https:\/\/blogs.uned.es\/intervencionsocioeducativa\/wp-content\/uploads\/sites\/395\/2023\/03\/descarga.png 225w, https:\/\/blogs.uned.es\/intervencionsocioeducativa\/wp-content\/uploads\/sites\/395\/2023\/03\/descarga-150x150.png 150w\" sizes=\"auto, (max-width: 225px) 100vw, 225px\" \/><\/a><\/figure>\n<\/div>\n\n\n\n<div class=\"wp-block-column is-layout-flow wp-block-column-is-layout-flow\">\n<figure class=\"wp-block-image aligncenter size-full is-resized\"><a href=\"https:\/\/twitter.com\/pabloalvarezprz?lang=es\"><img loading=\"lazy\" decoding=\"async\" width=\"250\" height=\"202\" src=\"https:\/\/blogs.uned.es\/intervencionsocioeducativa\/wp-content\/uploads\/sites\/395\/2024\/02\/images.png\" alt=\"\" class=\"wp-image-12915\" style=\"width:106px;height:auto\" \/><\/a><\/figure>\n<\/div>\n\n\n\n<div class=\"wp-block-column is-layout-flow wp-block-column-is-layout-flow\">\n<figure class=\"wp-block-image aligncenter size-full is-resized\"><a href=\"https:\/\/scholar.google.com\/citations?hl=es&amp;view_op=list_works&amp;gmla=AJsN-F5sJ79NLgKBPYQMCqACxlZu_ZDQUjmPt0gePwsNZY6e8aHlrrrj2irYjAMY1_YI4IcJ2t2r5dzWZ7vbwqywcKczOF-wwh7QoapN1pgtrh8PEpLYmcYQXfao2vKHmqxhC-9MkoaE&amp;user=xVOsN2YAAAAJ\"><img loading=\"lazy\" decoding=\"async\" width=\"225\" height=\"225\" src=\"http:\/\/blogs.uned.es\/intervencionsocioeducativa\/wp-content\/uploads\/sites\/395\/2023\/03\/descarga-1.png\" alt=\"\" class=\"wp-image-12035\" style=\"width:90px;height:auto\" srcset=\"https:\/\/blogs.uned.es\/intervencionsocioeducativa\/wp-content\/uploads\/sites\/395\/2023\/03\/descarga-1.png 225w, https:\/\/blogs.uned.es\/intervencionsocioeducativa\/wp-content\/uploads\/sites\/395\/2023\/03\/descarga-1-150x150.png 150w\" sizes=\"auto, (max-width: 225px) 100vw, 225px\" \/><\/a><\/figure>\n<\/div>\n<\/div>\n\n\n\n<div style=\"height:40px\" aria-hidden=\"true\" class=\"wp-block-spacer\"><\/div>\n\n\n\n<div class=\"wp-block-buttons is-layout-flex wp-block-buttons-is-layout-flex\">\n<div class=\"wp-block-button is-style-fill\"><a class=\"wp-block-button__link has-vivid-green-cyan-background-color has-background wp-element-button\" href=\"https:\/\/blogs.uned.es\/intervencionsocioeducativa\/equipo\/\">Volver a equipo<\/a><\/div>\n<\/div>\n","protected":false},"excerpt":{"rendered":"<p>PABLO \u00c1LVAREZ P\u00c9REZ \u2709 pablo.alvarez@iscte-iul.pt Doctor con menci\u00f3n internacional por la Universidad de Huelva (UHU) en el Departamento de Sociolog\u00eda y Trabajo Social. Profesor Titular en Trabajo Social en el Iscte-Instituto Universitario de Lisboa (Portugal), impartiendo diversas Unidades Curriculares en la Licenciatura, Maestr\u00eda y Doctorado en el \u00e1mbito del Trabajo Social. Director del M\u00e1ster en [&hellip;]<\/p>\n","protected":false},"author":7637,"featured_media":0,"parent":0,"menu_order":0,"comment_status":"closed","ping_status":"closed","template":"","meta":{"footnotes":""},"class_list":["post-12903","page","type-page","status-publish","hentry"],"_links":{"self":[{"href":"https:\/\/blogs.uned.es\/intervencionsocioeducativa\/wp-json\/wp\/v2\/pages\/12903","targetHints":{"allow":["GET"]}}],"collection":[{"href":"https:\/\/blogs.uned.es\/intervencionsocioeducativa\/wp-json\/wp\/v2\/pages"}],"about":[{"href":"https:\/\/blogs.uned.es\/intervencionsocioeducativa\/wp-json\/wp\/v2\/types\/page"}],"author":[{"embeddable":true,"href":"https:\/\/blogs.uned.es\/intervencionsocioeducativa\/wp-json\/wp\/v2\/users\/7637"}],"replies":[{"embeddable":true,"href":"https:\/\/blogs.uned.es\/intervencionsocioeducativa\/wp-json\/wp\/v2\/comments?post=12903"}],"version-history":[{"count":9,"href":"https:\/\/blogs.uned.es\/intervencionsocioeducativa\/wp-json\/wp\/v2\/pages\/12903\/revisions"}],"predecessor-version":[{"id":12939,"href":"https:\/\/blogs.uned.es\/intervencionsocioeducativa\/wp-json\/wp\/v2\/pages\/12903\/revisions\/12939"}],"wp:attachment":[{"href":"https:\/\/blogs.uned.es\/intervencionsocioeducativa\/wp-json\/wp\/v2\/media?parent=12903"}],"curies":[{"name":"wp","href":"https:\/\/api.w.org\/{rel}","templated":true}]}}