{"id":12623,"date":"2023-03-21T17:03:47","date_gmt":"2023-03-21T17:03:47","guid":{"rendered":"https:\/\/blogs.uned.es\/intervencionsocioeducativa\/?page_id=12623"},"modified":"2023-03-21T17:08:04","modified_gmt":"2023-03-21T17:08:04","slug":"jornada-2021-d","status":"publish","type":"page","link":"https:\/\/blogs.uned.es\/intervencionsocioeducativa\/jornada-2021-d\/","title":{"rendered":"Jornada 2021 d"},"content":{"rendered":"\n<div class=\"wp-block-cover alignfull\"><span aria-hidden=\"true\" class=\"wp-block-cover__background has-background-dim\"><\/span><img loading=\"lazy\" decoding=\"async\" width=\"1240\" height=\"378\" class=\"wp-block-cover__image-background wp-image-12555\" alt=\"\" src=\"http:\/\/blogs.uned.es\/intervencionsocioeducativa\/wp-content\/uploads\/sites\/395\/2023\/03\/Encabezado-UNED-2.jpg\" data-object-fit=\"cover\" srcset=\"https:\/\/blogs.uned.es\/intervencionsocioeducativa\/wp-content\/uploads\/sites\/395\/2023\/03\/Encabezado-UNED-2.jpg 1240w, https:\/\/blogs.uned.es\/intervencionsocioeducativa\/wp-content\/uploads\/sites\/395\/2023\/03\/Encabezado-UNED-2-300x91.jpg 300w, https:\/\/blogs.uned.es\/intervencionsocioeducativa\/wp-content\/uploads\/sites\/395\/2023\/03\/Encabezado-UNED-2-1024x312.jpg 1024w, https:\/\/blogs.uned.es\/intervencionsocioeducativa\/wp-content\/uploads\/sites\/395\/2023\/03\/Encabezado-UNED-2-768x234.jpg 768w\" sizes=\"auto, (max-width: 1240px) 100vw, 1240px\" \/><div class=\"wp-block-cover__inner-container is-layout-flow wp-block-cover-is-layout-flow\">\n<p class=\"has-text-align-center has-large-font-size\"><strong>III Reuni\u00f3n Cient\u00edfica de la Red OcioGune<\/strong><\/p>\n\n\n\n<p class=\"has-text-align-center\" style=\"font-size:1.5rem\">Jornada Cient\u00edfica \u201cEl papel de las editoriales en la transferencia social del conocimiento\u201d<\/p>\n\n\n\n<p class=\"has-text-align-center has-small-font-size\">Facultad de Educaci\u00f3n. UNED. Modalidad online.<\/p>\n\n\n\n<p class=\"has-text-align-center has-small-font-size\">12 de marzo de 2021<\/p>\n<\/div><\/div>\n\n\n\n<p><strong>Presentaci\u00f3n<\/strong><\/p>\n\n\n\n<p>La UNED celebra la Jornada Cient\u00edfica \u201cEl papel de las editoriales en la<br>transferencia social del conocimiento\u201d en la Facultad de Educaci\u00f3n y<br>en modalidad online por iniciativa del grupo de investigaci\u00f3n<br>Contextos-ISE: Intervenci\u00f3n Socioeducativa. Este evento de<br>divulgaci\u00f3n cient\u00edfica se encuadra en el marco de la III Reuni\u00f3n<br>Cient\u00edfica de la Red OcioGune. Esta Red de Excelencia tiene como<br>compromiso el estudio del Ocio para el desarrollo humano y<br>pretende la promoci\u00f3n del bienestar social, la cultura de la<br>investigaci\u00f3n y el logro de los ODS.<br>La Jornada tiene el objetivo principal de presentar a los investigadores<br>y a la comunidad universitaria el papel protagonista que ejercen las<br>editoriales en algo tan esencial como es la transferencia social del<br>conocimiento. Difundir los resultados de investigaci\u00f3n a la sociedad,<br>captar y canalizar el talento de los investigadores supone un reto<br>compartido para las editoriales cient\u00edficas y tambi\u00e9n para las<br>universidades.<br>As\u00ed, en esta Jornada se cuenta con un programa en el que diferentes<br>expertos, editores y acad\u00e9micos aportan su punto de vista sobre los<br>retos, inquietudes y tendencias que afrontan en la actualidad las<br>editoriales, las universidades y los investigadores.<\/p>\n\n\n\n<p><strong>Dirigen<\/strong><\/p>\n\n\n\n<ul class=\"wp-block-list\">\n<li><strong>\u00c1ngel De Juanas Oliva. <\/strong>Universidad Nacional de Educaci\u00f3n a Distancia.<\/li>\n\n\n\n<li><strong>Francisco Javier Garc\u00eda Castilla. <\/strong>Universidad Nacional de Educaci\u00f3n a Distancia<\/li>\n<\/ul>\n\n\n\n<p><strong>Ponentes<\/strong><\/p>\n\n\n\n<ul class=\"wp-block-list\">\n<li><strong>D.\u00aa Ana Isabel Gonz\u00e1lez Gonz\u00e1lez.<\/strong> Presidenta de la Uni\u00f3n de Editoriales Universitarias Espa\u00f1olas. UNE<\/li>\n\n\n\n<li><strong>D. Joaqu\u00edn Le\u00f3n Mar\u00edn<\/strong>, Director Fundaci\u00f3n Dialnet. Universidad de La Rioja<\/li>\n\n\n\n<li><strong>D. Alexis Moreno Pulido<\/strong>. Coordinador \u00c1rea de Biblioteca Campus Norte y Apoyo a la Docencia e Investigaci\u00f3n. UNED<\/li>\n\n\n\n<li><strong>D.\u00aa M.\u00aa del Carmen Jord\u00e1n Crist\u00f3bal<\/strong>. Jefe de Secci\u00f3n Proyectos Editoriales. UNED.<\/li>\n\n\n\n<li><strong>D. Manuel Le\u00f3n Urrutia<\/strong>. Director Editorial (Octaedro).<\/li>\n\n\n\n<li><strong>D.\u00aa Nuria Belloso<\/strong>. Editora (Editorial S\u00edntesis).<\/li>\n\n\n\n<li><strong>D. Sixto Jansa Anadon<\/strong>. Director de la OTRI. Servicio de Investigaci\u00f3n, Transferencia y Divulgaci\u00f3n Cient\u00edfica. UNED.<\/li>\n\n\n\n<li><strong>D.\u00aa Cristina Gonz\u00e1lez Gaya.<\/strong> Directora Escuela Internacional de Doctorado de la UNED.<\/li>\n\n\n\n<li><strong>D. Carlos El\u00edas P\u00e9rez.<\/strong> Catedr\u00e1tico de Periodismo. Universidad Carlos III de Madrid.<\/li>\n\n\n\n<li><strong>D. Valerio Rocco Lozano<\/strong>. Director C\u00edrculo de Bellas Artes de Madrid. Profesor de Filosof\u00eda, Universidad Aut\u00f3noma de Madrid.<\/li>\n\n\n\n<li><strong>D. Fernando D\u00edez Ruiz<\/strong>. Director de DEIKER-OTRI. Universidad de Deusto<\/li>\n<\/ul>\n\n\n\n<div style=\"height:30px\" aria-hidden=\"true\" class=\"wp-block-spacer\"><\/div>\n\n\n\n<div class=\"wp-block-buttons is-content-justification-center is-layout-flex wp-container-core-buttons-is-layout-a89b3969 wp-block-buttons-is-layout-flex\">\n<div class=\"wp-block-button\"><a class=\"wp-block-button__link has-vivid-red-background-color has-background wp-element-button\" href=\"https:\/\/canal.uned.es\/video\/604f1c90b60923778e112cd2\">Acceso a los videos del evento<\/a><\/div>\n<\/div>\n\n\n\n<div style=\"height:30px\" aria-hidden=\"true\" class=\"wp-block-spacer\"><\/div>\n\n\n\n<div class=\"wp-block-buttons is-layout-flex wp-block-buttons-is-layout-flex\">\n<div class=\"wp-block-button\"><a class=\"wp-block-button__link has-vivid-green-cyan-background-color has-background wp-element-button\" href=\"https:\/\/blogs.uned.es\/intervencionsocioeducativa\/eventos-cientificos\/\">Volver a eventos cient\u00edficos<\/a><\/div>\n<\/div>\n","protected":false},"excerpt":{"rendered":"<p>Presentaci\u00f3n La UNED celebra la Jornada Cient\u00edfica \u201cEl papel de las editoriales en latransferencia social del conocimiento\u201d en la Facultad de Educaci\u00f3n yen modalidad online por iniciativa del grupo de investigaci\u00f3nContextos-ISE: Intervenci\u00f3n Socioeducativa. Este evento dedivulgaci\u00f3n cient\u00edfica se encuadra en el marco de la III Reuni\u00f3nCient\u00edfica de la Red OcioGune. Esta Red de Excelencia tiene [&hellip;]<\/p>\n","protected":false},"author":7637,"featured_media":0,"parent":0,"menu_order":0,"comment_status":"closed","ping_status":"closed","template":"","meta":{"footnotes":""},"class_list":["post-12623","page","type-page","status-publish","hentry"],"_links":{"self":[{"href":"https:\/\/blogs.uned.es\/intervencionsocioeducativa\/wp-json\/wp\/v2\/pages\/12623","targetHints":{"allow":["GET"]}}],"collection":[{"href":"https:\/\/blogs.uned.es\/intervencionsocioeducativa\/wp-json\/wp\/v2\/pages"}],"about":[{"href":"https:\/\/blogs.uned.es\/intervencionsocioeducativa\/wp-json\/wp\/v2\/types\/page"}],"author":[{"embeddable":true,"href":"https:\/\/blogs.uned.es\/intervencionsocioeducativa\/wp-json\/wp\/v2\/users\/7637"}],"replies":[{"embeddable":true,"href":"https:\/\/blogs.uned.es\/intervencionsocioeducativa\/wp-json\/wp\/v2\/comments?post=12623"}],"version-history":[{"count":1,"href":"https:\/\/blogs.uned.es\/intervencionsocioeducativa\/wp-json\/wp\/v2\/pages\/12623\/revisions"}],"predecessor-version":[{"id":12625,"href":"https:\/\/blogs.uned.es\/intervencionsocioeducativa\/wp-json\/wp\/v2\/pages\/12623\/revisions\/12625"}],"wp:attachment":[{"href":"https:\/\/blogs.uned.es\/intervencionsocioeducativa\/wp-json\/wp\/v2\/media?parent=12623"}],"curies":[{"name":"wp","href":"https:\/\/api.w.org\/{rel}","templated":true}]}}