{"id":12513,"date":"2023-03-21T15:02:49","date_gmt":"2023-03-21T15:02:49","guid":{"rendered":"https:\/\/blogs.uned.es\/intervencionsocioeducativa\/?page_id=12513"},"modified":"2023-03-21T15:02:51","modified_gmt":"2023-03-21T15:02:51","slug":"c2018","status":"publish","type":"page","link":"https:\/\/blogs.uned.es\/intervencionsocioeducativa\/c2018\/","title":{"rendered":"C2018"},"content":{"rendered":"\n<p>L\u00f3pez, A. de Lucas, F. (2018). Personas refugiadas en la UE: perfiles incompletos para la intervenci\u00f3n social. En Pastos, E. &amp;Cabello, M.L. (Coord.). <em>Trabajo Social Hoy. Retos y desaf\u00edos del Trabajo Social en el siglo XXI. 81. <\/em>Dykinson.<\/p>\n\n\n\n<p>Yonkova, N. &amp; Kirwan, G. (2018) Human Trafficking and Gender Based Violence: From Life and Limb to Hearts and Minds. In: Stephanie Holt, Carolina Overlien, John Devaney (eds), <em>Responding to Domestic Violence: Emerging Challenges for Policy, Practice and Research in Europe.<\/em> Jessica Kingsley.<\/p>\n\n\n\n<div style=\"height:30px\" aria-hidden=\"true\" class=\"wp-block-spacer\"><\/div>\n\n\n\n<div class=\"wp-block-buttons is-layout-flex wp-block-buttons-is-layout-flex\">\n<div class=\"wp-block-button\"><a class=\"wp-block-button__link has-vivid-green-cyan-background-color has-background wp-element-button\" href=\"https:\/\/blogs.uned.es\/intervencionsocioeducativa\/capitulos-de-libro\/\">Volver a cap\u00edtulos de libro<\/a><\/div>\n<\/div>\n","protected":false},"excerpt":{"rendered":"<p>L\u00f3pez, A. de Lucas, F. (2018). Personas refugiadas en la UE: perfiles incompletos para la intervenci\u00f3n social. En Pastos, E. &amp;Cabello, M.L. (Coord.). Trabajo Social Hoy. Retos y desaf\u00edos del Trabajo Social en el siglo XXI. 81. Dykinson. Yonkova, N. &amp; Kirwan, G. (2018) Human Trafficking and Gender Based Violence: From Life and Limb to [&hellip;]<\/p>\n","protected":false},"author":7637,"featured_media":0,"parent":0,"menu_order":0,"comment_status":"closed","ping_status":"closed","template":"","meta":{"footnotes":""},"class_list":["post-12513","page","type-page","status-publish","hentry"],"_links":{"self":[{"href":"https:\/\/blogs.uned.es\/intervencionsocioeducativa\/wp-json\/wp\/v2\/pages\/12513","targetHints":{"allow":["GET"]}}],"collection":[{"href":"https:\/\/blogs.uned.es\/intervencionsocioeducativa\/wp-json\/wp\/v2\/pages"}],"about":[{"href":"https:\/\/blogs.uned.es\/intervencionsocioeducativa\/wp-json\/wp\/v2\/types\/page"}],"author":[{"embeddable":true,"href":"https:\/\/blogs.uned.es\/intervencionsocioeducativa\/wp-json\/wp\/v2\/users\/7637"}],"replies":[{"embeddable":true,"href":"https:\/\/blogs.uned.es\/intervencionsocioeducativa\/wp-json\/wp\/v2\/comments?post=12513"}],"version-history":[{"count":1,"href":"https:\/\/blogs.uned.es\/intervencionsocioeducativa\/wp-json\/wp\/v2\/pages\/12513\/revisions"}],"predecessor-version":[{"id":12515,"href":"https:\/\/blogs.uned.es\/intervencionsocioeducativa\/wp-json\/wp\/v2\/pages\/12513\/revisions\/12515"}],"wp:attachment":[{"href":"https:\/\/blogs.uned.es\/intervencionsocioeducativa\/wp-json\/wp\/v2\/media?parent=12513"}],"curies":[{"name":"wp","href":"https:\/\/api.w.org\/{rel}","templated":true}]}}