{"id":12243,"date":"2023-03-16T15:04:05","date_gmt":"2023-03-16T15:04:05","guid":{"rendered":"https:\/\/blogs.uned.es\/intervencionsocioeducativa\/?page_id=12243"},"modified":"2023-03-16T15:08:22","modified_gmt":"2023-03-16T15:08:22","slug":"aida-lopez-serrano","status":"publish","type":"page","link":"https:\/\/blogs.uned.es\/intervencionsocioeducativa\/aida-lopez-serrano\/","title":{"rendered":"Aida L\u00f3pez Serrano"},"content":{"rendered":"\n<div class=\"wp-block-columns is-layout-flex wp-container-core-columns-is-layout-28f84493 wp-block-columns-is-layout-flex\">\n<div class=\"wp-block-column is-layout-flow wp-block-column-is-layout-flow\" style=\"flex-basis:33.33%\">\n<figure class=\"wp-block-image size-full\"><img loading=\"lazy\" decoding=\"async\" width=\"292\" height=\"172\" src=\"https:\/\/blogs.uned.es\/intervencionsocioeducativa\/wp-content\/uploads\/sites\/395\/2023\/03\/UNIR.png\" alt=\"\" class=\"wp-image-12245\" \/><\/figure>\n<\/div>\n\n\n\n<div class=\"wp-block-column is-layout-flow wp-block-column-is-layout-flow\" style=\"flex-basis:66.66%\">\n<p class=\"has-large-font-size\"><strong>AIDA L\u00d3PEZ SERRANO<\/strong><\/p>\n\n\n\n<p>\u2709aida.lopezserrano@unir.net<\/p>\n<\/div>\n<\/div>\n\n\n\n<p>Doctora en Sociolog\u00eda por el programa de Metodolog\u00eda y Comunicaci\u00f3n de la Universidad Complutense de Madrid. Licenciada en Sociolog\u00eda por la misma universidad. Trabaja como profesora el Departamento de Trabajo Social y el Departamento de Econom\u00eda y Filosof\u00eda de la Facultad de Humanidades de UNIR (Universidad Internacional de la Rioja), en cuyo departamento de tecnolog\u00eda ITED ( http:\/\/research.unir.net\/ited\/) es investigadora senior de proyectos y experta en desarrollo de competencias digitales, competencias blandas e inclusi\u00f3n social y laboral y gamificaci\u00f3n para distintos colectivos, entre ellos los j\u00f3venes. Adem\u00e1s, ha sido docente invitada en la Universidad Nacional del Noroeste de la Provincia de Buenos Aires, UNNOBA en el Departamento de Ciencias Sociales y Human\u00edsticas (Argentina). En Universidad Polit\u00e9cnica de Ambato (Ecuador) fue profesora invitada del m\u00f3dulo de violencia de g\u00e9nero. En la actualidad, participa como docente en un m\u00e1ster de Intervenci\u00f3n Social, en el que se abordan estrategias de intervenci\u00f3n para la integraci\u00f3n y participaci\u00f3n en la sociedad de los j\u00f3venes. Forma parte del grupo de investigaci\u00f3n Intervenci\u00f3n Socioeducativa en Contextos Sociales de la UNED y es miembro de OcioGune, red de excelencia investigadora (RED2018-102625-T), desde 2022 (https:\/\/ociogune.unirioja.es\/).<\/p>\n\n\n\n<p>Ha dirigido m\u00e1s de 50 trabajos fin de grado, 32 trabajos fin de m\u00e1ster y actualmente dirige 8. Ha participado en 7 proyectos europeos como investigadora senior. Tambi\u00e9n ha trabajado como investigadora senior en la Consejer\u00eda de Inmigraci\u00f3n y Consejer\u00eda de Asuntos Sociales y Familia de la Comunidad de Madrid, donde ha participado en el an\u00e1lisis de datos, estrategias y dise\u00f1o de Planes de integraci\u00f3n social, as\u00ed como en los procesos de evaluaci\u00f3n y programas del Ayuntamiento de Pozuelo de Alarc\u00f3n, en donde trabaj\u00f3 en el Observatorio de Empleo, con acciones dirigidas a la integraci\u00f3n sociolaboral de j\u00f3venes. Ha participado en varios congresos internacionales, en los que ha abordado tem\u00e1ticas de inclusi\u00f3n social, migraciones, menores no acompa\u00f1ados, violencia de g\u00e9nero y gamificaci\u00f3n. Entre sus publicaciones destacan tres libros y varios cap\u00edtulos de libros y art\u00edculos de alto impacto (JCR, SRJ). Entre sus temas de inter\u00e9s y l\u00edneas de investigaci\u00f3n giran en torno se centran competencias y contenidos digitales, educaci\u00f3n y empleo para los j\u00f3venes, as\u00ed como inclusi\u00f3n social en los distintos \u00e1mbitos de la vida donde emplean su tiempo, entre los que se encuentra el ocio, articulado en principio del bienestar y los valores sociales. En esta l\u00ednea de intereses, viene desarrollando su experiencia acad\u00e9mica y profesional en la valoraci\u00f3n de los riesgos de exclusi\u00f3n social, las intervenciones sociales desde el trabajo y la educaci\u00f3n sociales, y servicios sociales, para el dise\u00f1o de planes y proyectos de inclusi\u00f3n social de personas y colectivos en riesgo o situaci\u00f3n de exclusi\u00f3n social.<\/p>\n\n\n\n<div class=\"wp-block-columns is-layout-flex wp-container-core-columns-is-layout-28f84493 wp-block-columns-is-layout-flex\">\n<div class=\"wp-block-column is-layout-flow wp-block-column-is-layout-flow\">\n<figure class=\"wp-block-image aligncenter size-thumbnail is-resized\"><img decoding=\"async\" src=\"https:\/\/blogs.uned.es\/intervencionsocioeducativa\/wp-content\/uploads\/sites\/395\/2023\/03\/descarga-1-150x150.png\" alt=\"\" class=\"wp-image-12035\" width=\"96\" srcset=\"https:\/\/blogs.uned.es\/intervencionsocioeducativa\/wp-content\/uploads\/sites\/395\/2023\/03\/descarga-1-150x150.png 150w, https:\/\/blogs.uned.es\/intervencionsocioeducativa\/wp-content\/uploads\/sites\/395\/2023\/03\/descarga-1.png 225w\" sizes=\"(max-width: 150px) 100vw, 150px\" \/><\/figure>\n<\/div>\n<\/div>\n\n\n\n<div class=\"wp-block-buttons is-layout-flex wp-block-buttons-is-layout-flex\">\n<div class=\"wp-block-button\"><a class=\"wp-block-button__link has-vivid-green-cyan-background-color has-background wp-element-button\" href=\"https:\/\/blogs.uned.es\/intervencionsocioeducativa\/equipo\/\">Volver a equipo<\/a><\/div>\n<\/div>\n","protected":false},"excerpt":{"rendered":"<p>AIDA L\u00d3PEZ SERRANO \u2709aida.lopezserrano@unir.net Doctora en Sociolog\u00eda por el programa de Metodolog\u00eda y Comunicaci\u00f3n de la Universidad Complutense de Madrid. Licenciada en Sociolog\u00eda por la misma universidad. Trabaja como profesora el Departamento de Trabajo Social y el Departamento de Econom\u00eda y Filosof\u00eda de la Facultad de Humanidades de UNIR (Universidad Internacional de la Rioja), en [&hellip;]<\/p>\n","protected":false},"author":7637,"featured_media":0,"parent":0,"menu_order":0,"comment_status":"closed","ping_status":"closed","template":"","meta":{"footnotes":""},"class_list":["post-12243","page","type-page","status-publish","hentry"],"_links":{"self":[{"href":"https:\/\/blogs.uned.es\/intervencionsocioeducativa\/wp-json\/wp\/v2\/pages\/12243","targetHints":{"allow":["GET"]}}],"collection":[{"href":"https:\/\/blogs.uned.es\/intervencionsocioeducativa\/wp-json\/wp\/v2\/pages"}],"about":[{"href":"https:\/\/blogs.uned.es\/intervencionsocioeducativa\/wp-json\/wp\/v2\/types\/page"}],"author":[{"embeddable":true,"href":"https:\/\/blogs.uned.es\/intervencionsocioeducativa\/wp-json\/wp\/v2\/users\/7637"}],"replies":[{"embeddable":true,"href":"https:\/\/blogs.uned.es\/intervencionsocioeducativa\/wp-json\/wp\/v2\/comments?post=12243"}],"version-history":[{"count":5,"href":"https:\/\/blogs.uned.es\/intervencionsocioeducativa\/wp-json\/wp\/v2\/pages\/12243\/revisions"}],"predecessor-version":[{"id":12259,"href":"https:\/\/blogs.uned.es\/intervencionsocioeducativa\/wp-json\/wp\/v2\/pages\/12243\/revisions\/12259"}],"wp:attachment":[{"href":"https:\/\/blogs.uned.es\/intervencionsocioeducativa\/wp-json\/wp\/v2\/media?parent=12243"}],"curies":[{"name":"wp","href":"https:\/\/api.w.org\/{rel}","templated":true}]}}