{"id":177,"date":"2018-01-31T11:04:02","date_gmt":"2018-01-31T11:04:02","guid":{"rendered":"http:\/\/blogs.uned.es\/inooc\/?page_id=177"},"modified":"2023-10-16T15:20:11","modified_gmt":"2023-10-16T15:20:11","slug":"participations","status":"publish","type":"page","link":"https:\/\/blogs.uned.es\/inooc\/en\/participations\/","title":{"rendered":"Participations"},"content":{"rendered":"<p><strong>Recent participations<\/strong><\/p>\n<p>The updated and complete information on the participations is available in <a href=\"_wp_link_placeholder\" data-wplink-edit=\"true\">Mercedes Alonso-Ramos ResearhGate profile<\/a> (INOOC coordinator)<\/p>\n<p><strong>2018<\/strong><\/p>\n<p>\u201cInnovative Social Approach in the Nuclear Sector: a MOOC on Nuclear Safety Culture within H2020 ANNETTE Project\u201d Mercedes Alonso-Ramos, \u00c1ngeles S\u00e1nchez-Elvira, Javier Sanz Gozalo, David Abarca Ahijado, \u00c1lvaro Pablo Mu\u00f1oz Rodrigo, Fernando Gonz\u00e1lez Gonz\u00e1lez, Tiberio Feliz Murias &amp; Manuel Castro. IEEE Learning with MOOCS 2018 congress, Madrid, 26-28 sept 2018.<\/p>\n<p>\u00abNOOCs para una Cultura de Seguridad. Una propuesta innovadora del Proyecto ANNETTE-Horizonte 2020\u00bb Mercedes Alonso-Ramos, \u00c1ngeles S\u00e1nchez-Elvira, Javier Sanz Gozalo, David Abarca Ahijado, \u00c1lvaro Pablo Mu\u00f1oz Rodrigo, Fernando Gonz\u00e1lez Gonz\u00e1lez, Tiberio Feliz Murias &amp; Manuel Castro. 44\u00aa Spanish Nuclear Society Annual Meeting, \u00c1vila, Spain, 26-28 sept 2018.<\/p>\n<p><strong>2016<\/strong><\/p>\n<p>Alonso, M. and Mart\u00edn, S. (2016).\u00a0\u00a08th ENEN Special Event.\u00a0<em>Sustainable education in nuclear engineering in a changing world: the role of open education (as MOOCs) and blended learning<\/em>. <em>\u201c<\/em>E-learning and MOOCs for nuclear education and training<em>\u201d<\/em>. JRC Geel, Belgium, 3-3-2016<\/p>\n<p>Alonso-Ramos, M., S\u00e1nchez-Elvira Paniagua, A., Merino Moreno, and Gonz\u00e1lez Aure, N. (2016).\u00a0<em><a href=\"https:\/\/inis.iaea.org\/search\/search.aspx?orig_q=RN:48052778\">Design and Implementation of an Online Course on Nuclear Knowledge Management in Spanish<\/a><\/em>. Third International Conference on Knowledge Nuclear Management. IAEA, 7-11 Noviembre, Vienna<\/p>\n<p>Alonso-Ramos, M., S\u00e1nchez-Elvira Paniagua, A., Mart\u00edn, S., Castro Gil, M. and Sanz Gozalo, J. (2016). <a href=\"https:\/\/inis.iaea.org\/search\/search.aspx?orig_q=RN:48052779\"><em>Digital Innovation and Nuclear Engineering Education in UNED: Challenges, Trends and Opportunities<\/em><\/a>. Third International Conference on Knowledge Nuclear Management. IAEA, 7-11 Noviembre, Vienna<\/p>\n<p>Alonso-Ramos, M., Benavent Sendra, J., S\u00e1nchez-Elvira Paniagua, A., Castro Gil, M. (2016).\u00a0<em>Co-creaci\u00f3n de contenidos en abierto con metodolog\u00eda de MOOCs con alumnos de ingenier\u00eda industrial sobre el accidente de Fukushima\u00a0\u00bb\/ MOOC methodology co-creation of open contents on Fukushima accident with Energy Engineering students<\/em>, VIII Jornadas de Redes de Investigaci\u00f3n en Innovaci\u00f3n Docente de la UNED\/VIII Conference of UNED Research Networks on Academic Innovation. Instituto Universitario de Educaci\u00f3n a Distancia (IUED). Madrid, 15-16 June 2016.<\/p>\n<p>Alonso-Ramos, M., Bravo Calvo, S., de la Rosa, S., Mu\u00f1oz S\u00e1nchez, S., Merino Moreno, C., Gonz\u00e1lez Aure, N., S\u00e1nchez-Elvira Paniagua, A., Castro Gil, M. (2016).\u00a0<em>Trabajos fin de <\/em>carrera<em> en Ingenier\u00eda Industrial <\/em>convertidos<em> en <\/em>una ruta hacia<em> la innovaci\u00f3n y la profesionalizaci\u00f3n\u00bb\/ Pathway towards innovation and <\/em>professionalization<em> during the development of final projects in Industrial Engineering<\/em>,\u00a0 VIII Jornadas de Redes de Investigaci\u00f3n en Innovaci\u00f3n Docente de la UNED\/VIII Conference of UNED Research Networks on Academic Innovation. Instituto Universitario de Educaci\u00f3n a Distancia (IUED). Madrid, 15-16 June 2016.<\/p>\n<p>Alonso-Ramos, M., S\u00e1nchez-Elvira Paniagua, A., Mart\u00edn,\u00a0 S., Benavent Sendra, J., Bravo Calvo, S. de la Rosa, S. Mu\u00f1oz S\u00e1nchez, S., Sanz Gozalo, J., Castro Gil, M., Merino Moreno, C., Gonz\u00e1lez Aure, N. (2016) I<em>nnovating nuclear engineering education and training through open and online culture.\u00a0<\/em>NESTet2016 (Nuclear Education and Training). European Nuclear Society (ENS). Berlin, May 2016.<\/p>\n<p>Alonso-Ramos, M.; Martin S.; Albert, M.J.; Mori\u00f1igo, B.; Rodriguez, M.; Castro, M. (2016). <em>Computer Science MOOCs: a Methodology for the Recording of Videos<\/em>\u00a0\u00bb EDUCON2016. Proceedings in IEEE Xplore\u00d2. Abu Dhabi. UAE.<\/p>\n<p>S\u00e1nchez-Elvira Paniagua, A.(2016). <em>e-Learning and MOOCs in ANNETTE<\/em>. ANNETTE project kick-off meeting, Pisa, Italy, 9-10 February.<\/p>\n<p>S\u00e1nchez-Elvira Paniagua, A.(2016). <em>Digital Learning for XXI century learners. An introduction to Sustainable education in nuclear engineering in a changing world: the role of open education (as MOOCs) and blended learning. 8th ENEN Special Event<\/em> \u201cE-learning and MOOCs for nuclear education and training\u201d. JRC Geel, Belgium, 3-3-2016<\/p>\n<p>S\u00e1nchez-Elvira Paniagua, A.(2016). <em>Enhanced teaching and learning experiences for XXI Century teachers and learners<\/em>. Satellite event E-learning in Support of Education and Training November 9th. Third International Conference on Knowledge Nuclear Management. IAEA, 7-11 Noviembre, Vienna<\/p>\n<p><strong>2015<\/strong><\/p>\n<p>Alonso-Ramos, M., Benavent Sendra, J., S\u00e1nchez-Elvira Paniagua, A., Barea, F.,\u00a0 Sanz Gozalo, J.,, Castro, M. (2015). <em>Aplicaci\u00f3n de las\u00a0<\/em>nuevas<em>\u00a0metodolog\u00edas y\u00a0<\/em>herramientas<em>\u00a0para el\u00a0<\/em>aprendizaje<em>\u00a0en la elaboraci\u00f3n de un\u00a0<\/em>curso<em>\u00a0online en\u00a0<\/em>abierto<em>\u00a0<\/em>sobre<em>\u00a0el\u00a0<\/em>accidente<em>\u00a0nuclear de Fukushima Dai-ichi \/<\/em>Aplication<em>\u00a0of new\u00a0methodologies\u00a0and learning tools for an open online course on Fukushima Dai-ichi nuclear accident<\/em>. 41st Annual Meeting of the Spanish Nuclear Society (SNE). A Coru\u00f1a 23-25\u00a0September2015.\u00a0 \u00a0<a href=\"https:\/\/canal.uned.es\/mmobj\/index\/id\/45034\">https:\/\/canal.uned.es\/mmobj\/index\/id\/45034<\/a><\/p>\n<p>Alonso-Ramos, M., Merino, C., Gonz\u00e1lez, N., Plaz, R., Conde Collado, J.,\u00a0 Bravo Calvo, S., Mu\u00f1oz S\u00e1nchez, S., de la Rosa, S., S\u00e1nchez-Elvira Paniagua, A., Sanz Gozalo, J., Castro, M. (2015).\u00a0<em>Dise\u00f1o de un curso online sobre Gesti\u00f3n del Conocimiento en las organizaciones del sector nuclear\u00a0\u00bb\/Design of an online course on Knowledge Management in organizations of the nuclear sector<\/em>. 41st Annual Meeting of the Spanish Nuclear Society (SNE). A Coru\u00f1a 23-25 September 2015.\u00a0<a href=\"https:\/\/canal.uned.es\/mmobj\/index\/id\/45035\">https:\/\/canal.uned.es\/mmobj\/index\/id\/45035<\/a><\/p>\n<p>Alonso-Ramos M., S\u00e1nchez-Elvira Paniagua A., Merino, C., Gonz\u00e1lez, N., Plaz, R.,\u00a0 Benavent Sendra, J., Bravo Calvo, S.,\u00a0 Mu\u00f1oz, S., de la Rosa, S., Sanz Gozalo J. Castro Gil Manuel (2015). <em>Innovating nuclear engineering education through open and online culture<\/em>. The Online, Open and Flexible Higher Education Conference 2015: Transforming Higher Education in the 21st century; \u201cInnovating pathways to Learning and Continuous Professional Education\u201d. European Association of Distance Teaching Universities (EADTU). Hagen (Alemania) 29-30 October 2015.<\/p>\n<p><strong>2014<\/strong><\/p>\n<p>Alonso-Ramos, M., Benavent-Sendra, J., Bravo-Calvo, S., Gonz\u00e1lez-Romero, E.M., S\u00e1nchez-Elvira Paniagua, A., Martin, S., Castro Gil M., Sanz Gozalo, J.\/2014). <em>MOOCs in Nuclear Engineering &#8211; Challenges and Opportunities. ECO Project 1st International Conference<\/em> \u00ab\u00a0MOOCs\u00a0: Present and Future. International Perspectives\u00a0\u00bb. UNED. Madrid 28-30 nov 2014. <a href=\"http:\/\/youtu.be\/Y1dlmN22s1Y\">http:\/\/youtu.be\/Y1dlmN22s1Y<\/a> y <a href=\"https:\/\/canal.uned.es\/serial\/index\/id\/1318\">https:\/\/canal.uned.es\/serial\/index\/id\/1318<\/a><\/p>\n<p>M., Alonso-Ramos, Fern\u00e1ndez-Luna, A.J., Gonz\u00e1lez-Romero, E.M., S\u00e1nchez-Elvira Paniagua, A., Castro Gil, M., Ogando, F., Sanz Gozalo, J., Martin, S. (2014). <em>Nuevas herramientas para la comunicaci\u00f3n en el campo nuclear: los MOOCs (Cursos Online Masivos en Abierto). Aplicaci\u00f3n a la transmutaci\u00f3n nuclear\u201d.<\/em>\u00a040\u00aa Reuni\u00f3n Anual de la SNE, Sociedad Nuclear Espa\u00f1ola. Valencia 1-3\/ October 2014.\u00a0\u00a0<a href=\"http:\/\/youtu.be\/mNHXpahVS14\">http:\/\/youtu.be\/mNHXpahVS14<\/a>\u00a0\u00a0<a href=\"https:\/\/canal.uned.es\/serial\/index\/id\/1318\">https:\/\/canal.uned.es\/serial\/index\/id\/1318<\/a>.<\/p>\n<p>Alonso-Ramos, M., Fern\u00e1ndez-Luna, A.J., Gonz\u00e1lez-Romero, E.M.,\u00a0 S\u00e1nchez-Elvira Paniagua, A., Castro Gil, M., Ogando, F., Sanz Gozalo, S., Martin, S. (2014). <em>Redesign of a Pilot International Online Course on Accelerator Driven Systems for Nuclear Transmutation to implement a Massive Open Online Course<\/em>\u201d, <em>I<\/em>IYNC (International Youth Nuclear Congress). Burgos, 6-11 July 2014.https:\/\/canal.uned.es\/serial\/index\/id\/1318<\/p>\n","protected":false},"excerpt":{"rendered":"<p>Recent participations The updated and complete information on the participations is available in Mercedes Alonso-Ramos ResearhGate profile (INOOC coordinator) 2018 \u201cInnovative Social Approach in the Nuclear Sector: a MOOC on Nuclear Safety Culture within H2020 ANNETTE Project\u201d Mercedes Alonso-Ramos, \u00c1ngeles S\u00e1nchez-Elvira, Javier Sanz Gozalo, David Abarca Ahijado, \u00c1lvaro Pablo Mu\u00f1oz Rodrigo, Fernando Gonz\u00e1lez Gonz\u00e1lez, Tiberio Feliz Murias &amp; Manuel Castro. IEEE Learning with MOOCS 2018 congress, Madrid, 26-28 sept 2018. \u00abNOOCs para una Cultura de Seguridad. Una propuesta innovadora del Proyecto ANNETTE-Horizonte 2020\u00bb Mercedes Alonso-Ramos, \u00c1ngeles S\u00e1nchez-Elvira, Javier Sanz Gozalo, David Abarca Ahijado, \u00c1lvaro Pablo Mu\u00f1oz Rodrigo, Fernando Gonz\u00e1lez Gonz\u00e1lez, Tiberio Feliz Murias &amp; Manuel Castro. 44\u00aa Spanish Nuclear Society Annual Meeting, \u00c1vila, Spain, 26-28 sept 2018. 2016 Alonso, M. and Mart\u00edn, S. (2016).\u00a0\u00a08th ENEN Special Event.\u00a0Sustainable education in nuclear engineering in a changing world: the role of open education (as MOOCs) and blended learning. \u201cE-learning and MOOCs for nuclear&hellip;<\/p>\n<p> <a class=\"more-link\" href=\"https:\/\/blogs.uned.es\/inooc\/en\/participations\/\">Leer m\u00e1s<\/a><\/p>\n","protected":false},"author":225,"featured_media":0,"parent":0,"menu_order":0,"comment_status":"closed","ping_status":"closed","template":"","meta":{"footnotes":""},"class_list":["post-177","page","type-page","status-publish"],"_links":{"self":[{"href":"https:\/\/blogs.uned.es\/inooc\/wp-json\/wp\/v2\/pages\/177","targetHints":{"allow":["GET"]}}],"collection":[{"href":"https:\/\/blogs.uned.es\/inooc\/wp-json\/wp\/v2\/pages"}],"about":[{"href":"https:\/\/blogs.uned.es\/inooc\/wp-json\/wp\/v2\/types\/page"}],"author":[{"embeddable":true,"href":"https:\/\/blogs.uned.es\/inooc\/wp-json\/wp\/v2\/users\/225"}],"replies":[{"embeddable":true,"href":"https:\/\/blogs.uned.es\/inooc\/wp-json\/wp\/v2\/comments?post=177"}],"version-history":[{"count":12,"href":"https:\/\/blogs.uned.es\/inooc\/wp-json\/wp\/v2\/pages\/177\/revisions"}],"predecessor-version":[{"id":811,"href":"https:\/\/blogs.uned.es\/inooc\/wp-json\/wp\/v2\/pages\/177\/revisions\/811"}],"wp:attachment":[{"href":"https:\/\/blogs.uned.es\/inooc\/wp-json\/wp\/v2\/media?parent=177"}],"curies":[{"name":"wp","href":"https:\/\/api.w.org\/{rel}","templated":true}]}}