{"id":919,"date":"2025-10-20T20:52:26","date_gmt":"2025-10-20T18:52:26","guid":{"rendered":"https:\/\/blogs.uned.es\/ideaal\/?page_id=919"},"modified":"2026-01-19T19:11:06","modified_gmt":"2026-01-19T18:11:06","slug":"publicaciones","status":"publish","type":"page","link":"https:\/\/blogs.uned.es\/ideaal\/publicaciones\/","title":{"rendered":"Publicaciones"},"content":{"rendered":"\t\t<div data-elementor-type=\"wp-page\" data-elementor-id=\"919\" class=\"elementor elementor-919\">\n\t\t\t\t\t\t<section class=\"elementor-section elementor-top-section elementor-element elementor-element-592165f5 elementor-section-stretched elementor-section-height-min-height elementor-section-content-middle elementor-section-boxed elementor-section-height-default elementor-section-items-middle\" data-id=\"592165f5\" data-element_type=\"section\" data-e-type=\"section\" data-settings=\"{&quot;stretch_section&quot;:&quot;section-stretched&quot;,&quot;background_background&quot;:&quot;classic&quot;}\">\n\t\t\t\t\t\t<div class=\"elementor-container elementor-column-gap-default\">\n\t\t\t\t\t<div class=\"elementor-column elementor-col-100 elementor-top-column elementor-element elementor-element-411f537\" data-id=\"411f537\" data-element_type=\"column\" data-e-type=\"column\">\n\t\t\t<div class=\"elementor-widget-wrap elementor-element-populated\">\n\t\t\t\t\t\t<section class=\"elementor-section elementor-inner-section elementor-element elementor-element-20fa62c5 elementor-section-boxed elementor-section-height-default elementor-section-height-default\" data-id=\"20fa62c5\" data-element_type=\"section\" data-e-type=\"section\">\n\t\t\t\t\t\t<div class=\"elementor-container elementor-column-gap-default\">\n\t\t\t\t\t<div class=\"elementor-column elementor-col-50 elementor-inner-column elementor-element elementor-element-15f1bec1\" data-id=\"15f1bec1\" data-element_type=\"column\" data-e-type=\"column\">\n\t\t\t<div class=\"elementor-widget-wrap\">\n\t\t\t\t\t\t\t<\/div>\n\t\t<\/div>\n\t\t\t\t<div class=\"elementor-column elementor-col-50 elementor-inner-column elementor-element elementor-element-3d7a0971\" data-id=\"3d7a0971\" data-element_type=\"column\" data-e-type=\"column\">\n\t\t\t<div class=\"elementor-widget-wrap elementor-element-populated\">\n\t\t\t\t\t\t<div class=\"elementor-element elementor-element-532d1b03 elementor-widget elementor-widget-heading\" data-id=\"532d1b03\" data-element_type=\"widget\" data-e-type=\"widget\" data-widget_type=\"heading.default\">\n\t\t\t\t<div class=\"elementor-widget-container\">\n\t\t\t\t\t<h4 class=\"elementor-heading-title elementor-size-xxl\">Publicaciones<\/h4>\t\t\t\t<\/div>\n\t\t\t\t<\/div>\n\t\t\t\t\t<\/div>\n\t\t<\/div>\n\t\t\t\t\t<\/div>\n\t\t<\/section>\n\t\t\t\t\t<\/div>\n\t\t<\/div>\n\t\t\t\t\t<\/div>\n\t\t<\/section>\n\t\t\t\t<section class=\"elementor-section elementor-top-section elementor-element elementor-element-8b8d78c elementor-section-boxed elementor-section-height-default elementor-section-height-default\" data-id=\"8b8d78c\" data-element_type=\"section\" data-e-type=\"section\">\n\t\t\t\t\t\t<div class=\"elementor-container elementor-column-gap-default\">\n\t\t\t\t\t<div class=\"elementor-column elementor-col-100 elementor-top-column elementor-element elementor-element-158254e\" data-id=\"158254e\" data-element_type=\"column\" data-e-type=\"column\">\n\t\t\t<div class=\"elementor-widget-wrap elementor-element-populated\">\n\t\t\t\t\t\t<div class=\"elementor-element elementor-element-e200380 elementor-widget elementor-widget-spacer\" data-id=\"e200380\" data-element_type=\"widget\" data-e-type=\"widget\" data-widget_type=\"spacer.default\">\n\t\t\t\t<div class=\"elementor-widget-container\">\n\t\t\t\t\t\t\t<div class=\"elementor-spacer\">\n\t\t\t<div class=\"elementor-spacer-inner\"><\/div>\n\t\t<\/div>\n\t\t\t\t\t\t<\/div>\n\t\t\t\t<\/div>\n\t\t\t\t\t<\/div>\n\t\t<\/div>\n\t\t\t\t\t<\/div>\n\t\t<\/section>\n\t\t\t\t<section class=\"elementor-section elementor-top-section elementor-element elementor-element-6fde2799 elementor-section-boxed elementor-section-height-default elementor-section-height-default\" data-id=\"6fde2799\" data-element_type=\"section\" data-e-type=\"section\">\n\t\t\t\t\t\t<div class=\"elementor-container elementor-column-gap-default\">\n\t\t\t\t\t<div class=\"elementor-column elementor-col-100 elementor-top-column elementor-element elementor-element-4bb8f2ec\" data-id=\"4bb8f2ec\" data-element_type=\"column\" data-e-type=\"column\">\n\t\t\t<div class=\"elementor-widget-wrap elementor-element-populated\">\n\t\t\t\t\t\t<div class=\"elementor-element elementor-element-70cc0b6c elementor-tabs-view-horizontal elementor-widget elementor-widget-tabs\" data-id=\"70cc0b6c\" data-element_type=\"widget\" data-e-type=\"widget\" data-widget_type=\"tabs.default\">\n\t\t\t\t<div class=\"elementor-widget-container\">\n\t\t\t\t\t\t\t<div class=\"elementor-tabs\">\n\t\t\t<div class=\"elementor-tabs-wrapper\" role=\"tablist\" >\n\t\t\t\t\t\t\t\t\t<div id=\"elementor-tab-title-1891\" class=\"elementor-tab-title elementor-tab-desktop-title\" aria-selected=\"true\" data-tab=\"1\" role=\"tab\" tabindex=\"0\" aria-controls=\"elementor-tab-content-1891\" aria-expanded=\"false\">2024<\/div>\n\t\t\t\t\t\t\t\t\t<div id=\"elementor-tab-title-1892\" class=\"elementor-tab-title elementor-tab-desktop-title\" aria-selected=\"false\" data-tab=\"2\" role=\"tab\" tabindex=\"-1\" aria-controls=\"elementor-tab-content-1892\" aria-expanded=\"false\">2022<\/div>\n\t\t\t\t\t\t\t\t\t<div id=\"elementor-tab-title-1893\" class=\"elementor-tab-title elementor-tab-desktop-title\" aria-selected=\"false\" data-tab=\"3\" role=\"tab\" tabindex=\"-1\" aria-controls=\"elementor-tab-content-1893\" aria-expanded=\"false\">2021<\/div>\n\t\t\t\t\t\t\t\t\t<div id=\"elementor-tab-title-1894\" class=\"elementor-tab-title elementor-tab-desktop-title\" aria-selected=\"false\" data-tab=\"4\" role=\"tab\" tabindex=\"-1\" aria-controls=\"elementor-tab-content-1894\" aria-expanded=\"false\">2018<\/div>\n\t\t\t\t\t\t\t<\/div>\n\t\t\t<div class=\"elementor-tabs-content-wrapper\" role=\"tablist\" aria-orientation=\"vertical\">\n\t\t\t\t\t\t\t\t\t<div class=\"elementor-tab-title elementor-tab-mobile-title\" aria-selected=\"true\" data-tab=\"1\" role=\"tab\" tabindex=\"0\" aria-controls=\"elementor-tab-content-1891\" aria-expanded=\"false\">2024<\/div>\n\t\t\t\t\t<div id=\"elementor-tab-content-1891\" class=\"elementor-tab-content elementor-clearfix\" data-tab=\"1\" role=\"tabpanel\" aria-labelledby=\"elementor-tab-title-1891\" tabindex=\"0\" hidden=\"false\"><ul><li><span style=\"color: #333333\"><strong>Casado Mancebo, M., N. Polo Cano y C.\u00a0Teira\u00a0Serrano<\/strong> (2024). <a href=\"https:\/\/revistas.ucm.es\/index.php\/CLAC\/article\/view\/81669\">Una propuesta de texto fonol\u00f3gicamente equilibrado: El rat\u00f3n Arturo, la adaptaci\u00f3n al espa\u00f1ol de\u00a0<em>Arthur\u00a0the<\/em>\u00a0<em>Rat<\/em><\/a>. C<em>\u00edrculo de Ling\u00fc\u00edstica Aplicada a la Comunicaci\u00f3n<\/em>, 98, 289-299 (ISSN: 1576-4737). DOI:\u00a0<a style=\"color: #333333\" href=\"https:\/\/revistas.ucm.es\/index.php\/CLAC\/article\/view\/81669\">10.5209\/clac.81669<\/a>.\u00a0<\/span><\/li><\/ul><\/div>\n\t\t\t\t\t\t\t\t\t<div class=\"elementor-tab-title elementor-tab-mobile-title\" aria-selected=\"false\" data-tab=\"2\" role=\"tab\" tabindex=\"-1\" aria-controls=\"elementor-tab-content-1892\" aria-expanded=\"false\">2022<\/div>\n\t\t\t\t\t<div id=\"elementor-tab-content-1892\" class=\"elementor-tab-content elementor-clearfix\" data-tab=\"2\" role=\"tabpanel\" aria-labelledby=\"elementor-tab-title-1892\" tabindex=\"0\" hidden=\"hidden\"><ul><li><span style=\"color: #333333\"><strong>Polo,\u00a0N.\u00a0<\/strong>(coord.) (2022).\u00a0<em><a style=\"color: #333333\" href=\"http:\/\/portal.uned.es\/portal\/page?_pageid=93,23377989&amp;_dad=portal&amp;_schema=PORTAL&amp;IdArticulo=0102105CT01A01\" data-auth=\"NotApplicable\" data-linkindex=\"1\">El desarrollo comunicativo, ling\u00fc\u00edstico y literario. Claves para acompa\u00f1ar en la infancia<\/a><\/em>. Madrid: UNED. ISBN: 9788436277210.<\/span><\/li><\/ul><\/div>\n\t\t\t\t\t\t\t\t\t<div class=\"elementor-tab-title elementor-tab-mobile-title\" aria-selected=\"false\" data-tab=\"3\" role=\"tab\" tabindex=\"-1\" aria-controls=\"elementor-tab-content-1893\" aria-expanded=\"false\">2021<\/div>\n\t\t\t\t\t<div id=\"elementor-tab-content-1893\" class=\"elementor-tab-content elementor-clearfix\" data-tab=\"3\" role=\"tabpanel\" aria-labelledby=\"elementor-tab-title-1893\" tabindex=\"0\" hidden=\"hidden\"><ul><li><span style=\"color: #333333\"><strong>Chac\u00f3n Beltr\u00e1n, R.<\/strong> (coord.) (2021).\u00a0<em>La elaboraci\u00f3n del TFM en filolog\u00eda. Gu\u00eda pr\u00e1ctica para estudiantes<\/em>. Madrid: UNED. ISBN: 978-84-362-7639-8.\u00a0<\/span><\/li><\/ul><ul><li><span style=\"color: #333333\"><strong>Chac\u00f3n Beltr\u00e1n, R.<\/strong> (2021). Introducci\u00f3n a la metodolog\u00eda de investigaci\u00f3n. En R. Chac\u00f3n Beltr\u00e1n (coord.),\u00a0<em>La elaboraci\u00f3n del TFM en filolog\u00eda. Gu\u00eda pr\u00e1ctica para estudiantes\u00a0<\/em>(pp. 60-89). Madrid: UNED. ISBN: 978-84-362-7639-8.<\/span><\/li><\/ul><ul><li><span style=\"color: #333333\"><strong>Echitchi, R.<\/strong> (2021). Defensa oral del trabajo acad\u00e9mico. En R. Chac\u00f3n Beltr\u00e1n (coord.),\u00a0<em>La elaboraci\u00f3n del TFM en filolog\u00eda. Gu\u00eda pr\u00e1ctica para estudiantes\u00a0<\/em>(pp. 184-203). Madrid: UNED. ISBN: 978-84-362-7639-8.\u00a0<\/span><\/li><\/ul><ul><li><span style=\"color: #333333\"><strong>G\u00f3mez Fern\u00e1ndez, A.<\/strong> (2021). Estructura en la elaboraci\u00f3n de un trabajo acad\u00e9mico\/cient\u00edfico. En R. Chac\u00f3n Beltr\u00e1n (coord.),\u00a0<em>La elaboraci\u00f3n del TFM en filolog\u00eda. Gu\u00eda pr\u00e1ctica para estudiantes\u00a0<\/em>(pp. 36-59). Madrid: UNED. ISBN: 978-84-362-7639-8.\u00a0<\/span><\/li><\/ul><ul><li><span style=\"color: #333333\"><strong>Polo Cano, N.<\/strong> (2021). Recopilaci\u00f3n y an\u00e1lisis de datos. En R. Chac\u00f3n Beltr\u00e1n (coord.),\u00a0<em>La elaboraci\u00f3n del TFM en filolog\u00eda. Gu\u00eda pr\u00e1ctica para estudiantes\u00a0<\/em>(pp. 90-121). Madrid: UNED. ISBN: 978-84-362-7639-8.<\/span><\/li><li><span style=\"color: #333333\"><strong>San Mateo\u00a0Valdeh\u00edta, A.<\/strong> (2021). Redacci\u00f3n del trabajo acad\u00e9mico. En R. Chac\u00f3n Beltr\u00e1n (coord.),\u00a0<em>La elaboraci\u00f3n del TFM en filolog\u00eda. Gu\u00eda pr\u00e1ctica para estudiantes\u00a0<\/em>(pp. 154-183). Madrid: UNED. ISBN: 978-84-362-7639-8.<\/span><\/li><li><span style=\"color: #333333\"><strong>Senra\u00a0Silva, I.<\/strong> (2021). Empezar a trabajar en el TFM de Filolog\u00eda en el \u00e1mbito semipresencial y a distancia. En R. Chac\u00f3n Beltr\u00e1n (coord.),\u00a0<em>La elaboraci\u00f3n del TFM en filolog\u00eda. Gu\u00eda pr\u00e1ctica para estudiantes\u00a0<\/em>(pp. 16-35). Madrid: UNED. ISBN: 978-84-362-7639-8.<\/span><\/li><\/ul><\/div>\n\t\t\t\t\t\t\t\t\t<div class=\"elementor-tab-title elementor-tab-mobile-title\" aria-selected=\"false\" data-tab=\"4\" role=\"tab\" tabindex=\"-1\" aria-controls=\"elementor-tab-content-1894\" aria-expanded=\"false\">2018<\/div>\n\t\t\t\t\t<div id=\"elementor-tab-content-1894\" class=\"elementor-tab-content elementor-clearfix\" data-tab=\"4\" role=\"tabpanel\" aria-labelledby=\"elementor-tab-title-1894\" tabindex=\"0\" hidden=\"hidden\"><ul><li><span style=\"color: #333333\"><strong>Polo Cano, N., I.\u00a0Senra\u00a0Silva y A. G\u00f3mez Fern\u00e1ndez<\/strong> (2018). Evaluaci\u00f3n del proceso de tutorizaci\u00f3n del TFM de la Facultad de Filolog\u00eda de la UNED con metodolog\u00eda de educaci\u00f3n a distancia.\u00a0<em>Revista Did\u00e1ctica. Lengua y Literatura,\u00a0<\/em>30, 185-199 (ISSN 1130-0531; ISSN-e 1988-2548). DOI:\u00a0<a style=\"color: #333333\" href=\"https:\/\/doi.org\/10.5209\/DIDA.61962\">10.5209\/DIDA.61962<\/a>.\u00a0<\/span><\/li><\/ul><ul><li><span style=\"color: #333333\"><strong>San Mateo\u00a0Valdeh\u00edta, A., M.\u00aa \u00c1. Escobar \u00c1lvarez y R. Chac\u00f3n Beltr\u00e1n<\/strong> (2018). El Trabajo Fin de M\u00e1ster (TFM) de Humanidades en el EEES: An\u00e1lisis de las necesidades de los estudiantes.\u00a0<em>REDU. Revista de Docencia Universitaria<\/em>, 16(1), 303-319<em>\u00a0<\/em>(e-ISSN: 1887-4592). DOI:\u00a0<a style=\"color: #333333\" href=\"https:\/\/doi.org\/10.4995\/redu.2018.9873\">10.4995\/redu.2018.9873<\/a>.\u00a0<\/span><\/li><\/ul><\/div>\n\t\t\t\t\t\t\t<\/div>\n\t\t<\/div>\n\t\t\t\t\t\t<\/div>\n\t\t\t\t<\/div>\n\t\t\t\t\t<\/div>\n\t\t<\/div>\n\t\t\t\t\t<\/div>\n\t\t<\/section>\n\t\t\t\t<section class=\"elementor-section elementor-top-section elementor-element elementor-element-70c17f1 elementor-section-boxed elementor-section-height-default elementor-section-height-default\" data-id=\"70c17f1\" data-element_type=\"section\" data-e-type=\"section\">\n\t\t\t\t\t\t<div class=\"elementor-container elementor-column-gap-default\">\n\t\t\t\t\t<div class=\"elementor-column elementor-col-100 elementor-top-column elementor-element elementor-element-eefd0f7\" data-id=\"eefd0f7\" data-element_type=\"column\" data-e-type=\"column\">\n\t\t\t<div class=\"elementor-widget-wrap elementor-element-populated\">\n\t\t\t\t\t\t<div class=\"elementor-element elementor-element-87cf490 elementor-widget elementor-widget-spacer\" data-id=\"87cf490\" data-element_type=\"widget\" data-e-type=\"widget\" data-widget_type=\"spacer.default\">\n\t\t\t\t<div class=\"elementor-widget-container\">\n\t\t\t\t\t\t\t<div class=\"elementor-spacer\">\n\t\t\t<div class=\"elementor-spacer-inner\"><\/div>\n\t\t<\/div>\n\t\t\t\t\t\t<\/div>\n\t\t\t\t<\/div>\n\t\t\t\t\t<\/div>\n\t\t<\/div>\n\t\t\t\t\t<\/div>\n\t\t<\/section>\n\t\t\t\t<section class=\"elementor-section elementor-top-section elementor-element elementor-element-af0886e elementor-section-boxed elementor-section-height-default elementor-section-height-default\" data-id=\"af0886e\" data-element_type=\"section\" data-e-type=\"section\">\n\t\t\t\t\t\t<div class=\"elementor-container elementor-column-gap-default\">\n\t\t\t\t\t<div class=\"elementor-column elementor-col-100 elementor-top-column elementor-element elementor-element-663eca4\" data-id=\"663eca4\" data-element_type=\"column\" data-e-type=\"column\">\n\t\t\t<div class=\"elementor-widget-wrap elementor-element-populated\">\n\t\t\t\t\t\t<div class=\"elementor-element elementor-element-a57020e elementor-widget elementor-widget-image\" data-id=\"a57020e\" data-element_type=\"widget\" data-e-type=\"widget\" data-widget_type=\"image.default\">\n\t\t\t\t<div class=\"elementor-widget-container\">\n\t\t\t\t\t\t\t\t\t\t\t\t\t\t\t<img fetchpriority=\"high\" decoding=\"async\" width=\"768\" height=\"512\" src=\"https:\/\/blogs.uned.es\/ideaal\/wp-content\/uploads\/sites\/607\/2025\/12\/books-6939483_1280-768x512.jpg\" class=\"attachment-medium_large size-medium_large wp-image-3101\" alt=\"\" srcset=\"https:\/\/blogs.uned.es\/ideaal\/wp-content\/uploads\/sites\/607\/2025\/12\/books-6939483_1280-768x512.jpg 768w, https:\/\/blogs.uned.es\/ideaal\/wp-content\/uploads\/sites\/607\/2025\/12\/books-6939483_1280-300x200.jpg 300w, https:\/\/blogs.uned.es\/ideaal\/wp-content\/uploads\/sites\/607\/2025\/12\/books-6939483_1280-1024x682.jpg 1024w, https:\/\/blogs.uned.es\/ideaal\/wp-content\/uploads\/sites\/607\/2025\/12\/books-6939483_1280.jpg 1280w\" sizes=\"(max-width: 768px) 100vw, 768px\" \/>\t\t\t\t\t\t\t\t\t\t\t\t\t\t\t<\/div>\n\t\t\t\t<\/div>\n\t\t\t\t\t<\/div>\n\t\t<\/div>\n\t\t\t\t\t<\/div>\n\t\t<\/section>\n\t\t\t\t<\/div>\n\t\t","protected":false},"excerpt":{"rendered":"<p>Publicaciones 2024 2022 2021 2018 2024 Casado Mancebo, M., N. Polo Cano y C.\u00a0Teira\u00a0Serrano (2024). Una propuesta de texto fonol\u00f3gicamente equilibrado: El rat\u00f3n Arturo, la adaptaci\u00f3n al espa\u00f1ol de\u00a0Arthur\u00a0the\u00a0Rat. C\u00edrculo de Ling\u00fc\u00edstica Aplicada a la Comunicaci\u00f3n, 98, 289-299 (ISSN: 1576-4737). DOI:\u00a010.5209\/clac.81669.\u00a0 2022 Polo,\u00a0N.\u00a0(coord.) (2022).\u00a0El desarrollo comunicativo, ling\u00fc\u00edstico y literario. Claves para acompa\u00f1ar en la infancia. Madrid: UNED. ISBN: 9788436277210. 2021 Chac\u00f3n Beltr\u00e1n, R. (coord.) (2021).\u00a0La elaboraci\u00f3n del TFM en filolog\u00eda. Gu\u00eda pr\u00e1ctica para estudiantes. Madrid: UNED. ISBN: 978-84-362-7639-8.\u00a0 Chac\u00f3n Beltr\u00e1n, R. (2021). Introducci\u00f3n a la metodolog\u00eda de investigaci\u00f3n. En R. Chac\u00f3n Beltr\u00e1n (coord.),\u00a0La elaboraci\u00f3n del TFM en filolog\u00eda. Gu\u00eda pr\u00e1ctica para estudiantes\u00a0(pp. 60-89). Madrid: UNED. ISBN: 978-84-362-7639-8. Echitchi, R. (2021). Defensa oral del trabajo acad\u00e9mico. En R. Chac\u00f3n Beltr\u00e1n (coord.),\u00a0La elaboraci\u00f3n del TFM en filolog\u00eda. Gu\u00eda pr\u00e1ctica para estudiantes\u00a0(pp. 184-203). Madrid: UNED. ISBN: 978-84-362-7639-8.\u00a0 G\u00f3mez Fern\u00e1ndez, A. (2021). Estructura en la elaboraci\u00f3n de un trabajo acad\u00e9mico\/cient\u00edfico. En R. Chac\u00f3n Beltr\u00e1n&hellip;<\/p>\n<p> <a class=\"more-link\" href=\"https:\/\/blogs.uned.es\/ideaal\/publicaciones\/\">Leer m\u00e1s<\/a><\/p>\n","protected":false},"author":8029,"featured_media":0,"parent":0,"menu_order":0,"comment_status":"closed","ping_status":"closed","template":"","meta":{"footnotes":""},"class_list":["post-919","page","type-page","status-publish"],"_links":{"self":[{"href":"https:\/\/blogs.uned.es\/ideaal\/wp-json\/wp\/v2\/pages\/919","targetHints":{"allow":["GET"]}}],"collection":[{"href":"https:\/\/blogs.uned.es\/ideaal\/wp-json\/wp\/v2\/pages"}],"about":[{"href":"https:\/\/blogs.uned.es\/ideaal\/wp-json\/wp\/v2\/types\/page"}],"author":[{"embeddable":true,"href":"https:\/\/blogs.uned.es\/ideaal\/wp-json\/wp\/v2\/users\/8029"}],"replies":[{"embeddable":true,"href":"https:\/\/blogs.uned.es\/ideaal\/wp-json\/wp\/v2\/comments?post=919"}],"version-history":[{"count":17,"href":"https:\/\/blogs.uned.es\/ideaal\/wp-json\/wp\/v2\/pages\/919\/revisions"}],"predecessor-version":[{"id":3411,"href":"https:\/\/blogs.uned.es\/ideaal\/wp-json\/wp\/v2\/pages\/919\/revisions\/3411"}],"wp:attachment":[{"href":"https:\/\/blogs.uned.es\/ideaal\/wp-json\/wp\/v2\/media?parent=919"}],"curies":[{"name":"wp","href":"https:\/\/api.w.org\/{rel}","templated":true}]}}