{"id":1519,"date":"2021-12-07T16:35:21","date_gmt":"2021-12-07T15:35:21","guid":{"rendered":"https:\/\/blogs.uned.es\/herramientasautocorreccionescrituraingles\/?page_id=1519"},"modified":"2021-12-22T19:44:46","modified_gmt":"2021-12-22T18:44:46","slug":"prowritingaid","status":"publish","type":"page","link":"https:\/\/blogs.uned.es\/herramientasautocorreccionescrituraingles\/prowritingaid\/","title":{"rendered":"ProWritingAid"},"content":{"rendered":"\t\t<div data-elementor-type=\"wp-page\" data-elementor-id=\"1519\" class=\"elementor elementor-1519\">\n\t\t\t\t\t\t<section class=\"elementor-section elementor-top-section elementor-element elementor-element-3374941d elementor-section-stretched elementor-section-height-min-height elementor-section-content-middle elementor-section-boxed elementor-section-height-default elementor-section-items-middle\" data-id=\"3374941d\" data-element_type=\"section\" data-e-type=\"section\" data-settings=\"{&quot;stretch_section&quot;:&quot;section-stretched&quot;,&quot;background_background&quot;:&quot;classic&quot;}\">\n\t\t\t\t\t\t<div class=\"elementor-container elementor-column-gap-default\">\n\t\t\t\t\t<div class=\"elementor-column elementor-col-100 elementor-top-column elementor-element elementor-element-7a45a35\" data-id=\"7a45a35\" data-element_type=\"column\" data-e-type=\"column\">\n\t\t\t<div class=\"elementor-widget-wrap elementor-element-populated\">\n\t\t\t\t\t\t<section class=\"elementor-section elementor-inner-section elementor-element elementor-element-a421b03 elementor-section-boxed elementor-section-height-default elementor-section-height-default\" data-id=\"a421b03\" data-element_type=\"section\" data-e-type=\"section\">\n\t\t\t\t\t\t<div class=\"elementor-container elementor-column-gap-extended\">\n\t\t\t\t\t<div class=\"elementor-column elementor-col-50 elementor-inner-column elementor-element elementor-element-a0ccc2f\" data-id=\"a0ccc2f\" data-element_type=\"column\" data-e-type=\"column\">\n\t\t\t<div class=\"elementor-widget-wrap elementor-element-populated\">\n\t\t\t\t\t\t<div class=\"elementor-element elementor-element-00c8361 elementor-widget elementor-widget-image\" data-id=\"00c8361\" data-element_type=\"widget\" data-e-type=\"widget\" data-widget_type=\"image.default\">\n\t\t\t\t<div class=\"elementor-widget-container\">\n\t\t\t\t\t\t\t\t\t\t\t\t\t\t\t<img fetchpriority=\"high\" decoding=\"async\" width=\"380\" height=\"250\" src=\"https:\/\/blogs.uned.es\/herramientasautocorreccionescrituraingles\/wp-content\/uploads\/sites\/317\/2021\/11\/ProWritingAid.png\" class=\"attachment-large size-large wp-image-735\" alt=\"\" srcset=\"https:\/\/blogs.uned.es\/herramientasautocorreccionescrituraingles\/wp-content\/uploads\/sites\/317\/2021\/11\/ProWritingAid.png 380w, https:\/\/blogs.uned.es\/herramientasautocorreccionescrituraingles\/wp-content\/uploads\/sites\/317\/2021\/11\/ProWritingAid-300x197.png 300w\" sizes=\"(max-width: 380px) 100vw, 380px\" \/>\t\t\t\t\t\t\t\t\t\t\t\t\t\t\t<\/div>\n\t\t\t\t<\/div>\n\t\t\t\t\t<\/div>\n\t\t<\/div>\n\t\t\t\t<div class=\"elementor-column elementor-col-50 elementor-inner-column elementor-element elementor-element-48f1f89\" data-id=\"48f1f89\" data-element_type=\"column\" data-e-type=\"column\">\n\t\t\t<div class=\"elementor-widget-wrap elementor-element-populated\">\n\t\t\t\t\t\t<div class=\"elementor-element elementor-element-2e755d8 elementor-widget elementor-widget-heading\" data-id=\"2e755d8\" data-element_type=\"widget\" data-e-type=\"widget\" data-widget_type=\"heading.default\">\n\t\t\t\t<div class=\"elementor-widget-container\">\n\t\t\t\t\t<h2 class=\"elementor-heading-title elementor-size-default\">ProWritingAid <\/h2>\t\t\t\t<\/div>\n\t\t\t\t<\/div>\n\t\t\t\t\t<\/div>\n\t\t<\/div>\n\t\t\t\t\t<\/div>\n\t\t<\/section>\n\t\t\t\t\t<\/div>\n\t\t<\/div>\n\t\t\t\t\t<\/div>\n\t\t<\/section>\n\t\t\t\t<section class=\"elementor-section elementor-top-section elementor-element elementor-element-67e69ebc elementor-section-boxed elementor-section-height-default elementor-section-height-default\" data-id=\"67e69ebc\" data-element_type=\"section\" data-e-type=\"section\">\n\t\t\t\t\t\t<div class=\"elementor-container elementor-column-gap-extended\">\n\t\t\t\t\t<div class=\"elementor-column elementor-col-50 elementor-top-column elementor-element elementor-element-162094e3\" data-id=\"162094e3\" data-element_type=\"column\" data-e-type=\"column\" data-settings=\"{&quot;background_background&quot;:&quot;classic&quot;}\">\n\t\t\t<div class=\"elementor-widget-wrap elementor-element-populated\">\n\t\t\t\t\t<div class=\"elementor-background-overlay\"><\/div>\n\t\t\t\t\t\t<section class=\"elementor-section elementor-inner-section elementor-element elementor-element-f2877ba elementor-section-boxed elementor-section-height-default elementor-section-height-default\" data-id=\"f2877ba\" data-element_type=\"section\" data-e-type=\"section\">\n\t\t\t\t\t\t<div class=\"elementor-container elementor-column-gap-default\">\n\t\t\t\t\t<div class=\"elementor-column elementor-col-100 elementor-inner-column elementor-element elementor-element-e70a6a3\" data-id=\"e70a6a3\" data-element_type=\"column\" data-e-type=\"column\">\n\t\t\t<div class=\"elementor-widget-wrap elementor-element-populated\">\n\t\t\t\t\t\t<div class=\"elementor-element elementor-element-9a7611f elementor-widget elementor-widget-heading\" data-id=\"9a7611f\" data-element_type=\"widget\" data-e-type=\"widget\" data-widget_type=\"heading.default\">\n\t\t\t\t<div class=\"elementor-widget-container\">\n\t\t\t\t\t<h2 class=\"elementor-heading-title elementor-size-default\">Descripci\u00f3n<\/h2>\t\t\t\t<\/div>\n\t\t\t\t<\/div>\n\t\t\t\t<div class=\"elementor-element elementor-element-d3b3bed elementor-widget elementor-widget-heading\" data-id=\"d3b3bed\" data-element_type=\"widget\" data-e-type=\"widget\" data-widget_type=\"heading.default\">\n\t\t\t\t<div class=\"elementor-widget-container\">\n\t\t\t\t\t<p class=\"elementor-heading-title elementor-size-default\">El programa Prowriting Aid es un revisor completo de textos escritos en ingl\u00e9s en todas\nsus variedades (brit\u00e1nico, americano, australiano, canadiense).<br><br>\n\nPermite mejorar la calidad de la redacci\u00f3n de ensayos y otro tipo de trabajos acad\u00e9micos o profesionales al no solo revisar, sino tambi\u00e9n proponer alternativas cuando detecta problemas de gram\u00e1tica, vocabulario, ortograf\u00eda, y de estilo seg\u00fan el tipo de texto de que se trate.<br><br>\n\nPara cada uno de estos problemas, se utilizan diferentes colores: azul, para la\ngram\u00e1tica; rojo, para la ortograf\u00eda; amarillo, para el estilo, entre otros.<br><br>\n\nDe esta forma, arroja un informe sobre las particularidades del texto y ofrece porcentajes espec\u00edficos de los tipos de problemas encontrados, con el fin de poder revisar cada uno de ellos con m\u00e1s detalle. Prowriting Aid se integra en documentos Word, y en exploradores como Chrome.<\/p>\t\t\t\t<\/div>\n\t\t\t\t<\/div>\n\t\t\t\t\t<\/div>\n\t\t<\/div>\n\t\t\t\t\t<\/div>\n\t\t<\/section>\n\t\t\t\t<div class=\"elementor-element elementor-element-a14fe08 elementor-widget-divider--view-line elementor-widget elementor-widget-divider\" data-id=\"a14fe08\" data-element_type=\"widget\" data-e-type=\"widget\" data-widget_type=\"divider.default\">\n\t\t\t\t<div class=\"elementor-widget-container\">\n\t\t\t\t\t\t\t<div class=\"elementor-divider\">\n\t\t\t<span class=\"elementor-divider-separator\">\n\t\t\t\t\t\t<\/span>\n\t\t<\/div>\n\t\t\t\t\t\t<\/div>\n\t\t\t\t<\/div>\n\t\t\t\t<div class=\"elementor-element elementor-element-9112df8 elementor-widget elementor-widget-heading\" data-id=\"9112df8\" data-element_type=\"widget\" data-e-type=\"widget\" data-widget_type=\"heading.default\">\n\t\t\t\t<div class=\"elementor-widget-container\">\n\t\t\t\t\t<h2 class=\"elementor-heading-title elementor-size-default\">Videotutorial<\/h2>\t\t\t\t<\/div>\n\t\t\t\t<\/div>\n\t\t\t\t<div class=\"elementor-element elementor-element-3579a54 elementor-widget elementor-widget-video\" data-id=\"3579a54\" data-element_type=\"widget\" data-e-type=\"widget\" data-settings=\"{&quot;video_type&quot;:&quot;hosted&quot;,&quot;controls&quot;:&quot;yes&quot;}\" data-widget_type=\"video.default\">\n\t\t\t\t<div class=\"elementor-widget-container\">\n\t\t\t\t\t\t\t<div class=\"e-hosted-video elementor-wrapper elementor-open-inline\">\n\t\t\t\t\t<video class=\"elementor-video\" src=\"https:\/\/canal.uned.es\/trackfile\/61a7aa22b609236342681552.mp4?forcedl=1\" controls=\"\" preload=\"metadata\" controlsList=\"nodownload\" poster=\"https:\/\/blogs.uned.es\/herramientasautocorreccionescrituraingles\/wp-content\/uploads\/sites\/317\/2021\/12\/prowri.jpg\"><\/video>\n\t\t\t\t<\/div>\n\t\t\t\t\t\t<\/div>\n\t\t\t\t<\/div>\n\t\t\t\t\t<\/div>\n\t\t<\/div>\n\t\t\t\t<div class=\"elementor-column elementor-col-50 elementor-top-column elementor-element elementor-element-2446a61e\" data-id=\"2446a61e\" data-element_type=\"column\" data-e-type=\"column\" data-settings=\"{&quot;background_background&quot;:&quot;classic&quot;}\">\n\t\t\t<div class=\"elementor-widget-wrap elementor-element-populated\">\n\t\t\t\t\t\t<section class=\"elementor-section elementor-inner-section elementor-element elementor-element-529ef45 elementor-section-boxed elementor-section-height-default elementor-section-height-default\" data-id=\"529ef45\" data-element_type=\"section\" data-e-type=\"section\">\n\t\t\t\t\t\t<div class=\"elementor-container elementor-column-gap-default\">\n\t\t\t\t\t<div class=\"elementor-column elementor-col-100 elementor-inner-column elementor-element elementor-element-1cdb9d3\" data-id=\"1cdb9d3\" data-element_type=\"column\" data-e-type=\"column\">\n\t\t\t<div class=\"elementor-widget-wrap elementor-element-populated\">\n\t\t\t\t\t\t<div class=\"elementor-element elementor-element-10c6b82 elementor-widget elementor-widget-heading\" data-id=\"10c6b82\" data-element_type=\"widget\" data-e-type=\"widget\" data-widget_type=\"heading.default\">\n\t\t\t\t<div class=\"elementor-widget-container\">\n\t\t\t\t\t<h2 class=\"elementor-heading-title elementor-size-default\">Funcionalidades<\/h2>\t\t\t\t<\/div>\n\t\t\t\t<\/div>\n\t\t\t\t\t<\/div>\n\t\t<\/div>\n\t\t\t\t\t<\/div>\n\t\t<\/section>\n\t\t\t\t<div class=\"elementor-element elementor-element-f8d7643 elementor-widget elementor-widget-image\" data-id=\"f8d7643\" data-element_type=\"widget\" data-e-type=\"widget\" data-widget_type=\"image.default\">\n\t\t\t\t<div class=\"elementor-widget-container\">\n\t\t\t\t\t\t\t\t\t\t\t\t\t\t\t<img decoding=\"async\" width=\"725\" height=\"1024\" src=\"https:\/\/blogs.uned.es\/herramientasautocorreccionescrituraingles\/wp-content\/uploads\/sites\/317\/2021\/12\/ChecklistProWritingAid-_2_.jpg\" class=\"attachment-large size-large wp-image-2455\" alt=\"\" srcset=\"https:\/\/blogs.uned.es\/herramientasautocorreccionescrituraingles\/wp-content\/uploads\/sites\/317\/2021\/12\/ChecklistProWritingAid-_2_.jpg 725w, https:\/\/blogs.uned.es\/herramientasautocorreccionescrituraingles\/wp-content\/uploads\/sites\/317\/2021\/12\/ChecklistProWritingAid-_2_-212x300.jpg 212w\" sizes=\"(max-width: 725px) 100vw, 725px\" \/>\t\t\t\t\t\t\t\t\t\t\t\t\t\t\t<\/div>\n\t\t\t\t<\/div>\n\t\t\t\t<section class=\"elementor-section elementor-inner-section elementor-element elementor-element-5c9fcb3 elementor-section-boxed elementor-section-height-default elementor-section-height-default\" data-id=\"5c9fcb3\" data-element_type=\"section\" data-e-type=\"section\">\n\t\t\t\t\t\t<div class=\"elementor-container elementor-column-gap-default\">\n\t\t\t\t\t<div class=\"elementor-column elementor-col-100 elementor-inner-column elementor-element elementor-element-34eea53\" data-id=\"34eea53\" data-element_type=\"column\" data-e-type=\"column\">\n\t\t\t<div class=\"elementor-widget-wrap elementor-element-populated\">\n\t\t\t\t\t\t<div class=\"elementor-element elementor-element-4c158c4 elementor-widget elementor-widget-image\" data-id=\"4c158c4\" data-element_type=\"widget\" data-e-type=\"widget\" data-widget_type=\"image.default\">\n\t\t\t\t<div class=\"elementor-widget-container\">\n\t\t\t\t\t\t\t\t\t\t\t\t\t\t\t\t<a href=\"https:\/\/prowritingaid.com\/en\/App\/Purchase\">\n\t\t\t\t\t\t\t<img decoding=\"async\" width=\"288\" height=\"143\" src=\"https:\/\/blogs.uned.es\/herramientasautocorreccionescrituraingles\/wp-content\/uploads\/sites\/317\/2021\/12\/Recurso-3LOGO3.png\" class=\"attachment-large size-large wp-image-2745\" alt=\"\" \/>\t\t\t\t\t\t\t\t<\/a>\n\t\t\t\t\t\t\t\t\t\t\t\t\t\t\t<\/div>\n\t\t\t\t<\/div>\n\t\t\t\t\t<\/div>\n\t\t<\/div>\n\t\t\t\t\t<\/div>\n\t\t<\/section>\n\t\t\t\t\t<\/div>\n\t\t<\/div>\n\t\t\t\t\t<\/div>\n\t\t<\/section>\n\t\t\t\t<section class=\"elementor-section elementor-top-section elementor-element elementor-element-d46ad3f elementor-section-boxed elementor-section-height-default elementor-section-height-default\" data-id=\"d46ad3f\" data-element_type=\"section\" data-e-type=\"section\">\n\t\t\t\t\t\t<div class=\"elementor-container elementor-column-gap-extended\">\n\t\t\t\t\t<div class=\"elementor-column elementor-col-33 elementor-top-column elementor-element elementor-element-4d62745\" data-id=\"4d62745\" data-element_type=\"column\" data-e-type=\"column\">\n\t\t\t<div class=\"elementor-widget-wrap\">\n\t\t\t\t\t\t\t<\/div>\n\t\t<\/div>\n\t\t\t\t<div class=\"elementor-column elementor-col-33 elementor-top-column elementor-element elementor-element-6eca82d\" data-id=\"6eca82d\" data-element_type=\"column\" data-e-type=\"column\">\n\t\t\t<div class=\"elementor-widget-wrap elementor-element-populated\">\n\t\t\t\t\t\t<div class=\"elementor-element elementor-element-ac667e8 elementor-align-justify elementor-widget elementor-widget-button\" data-id=\"ac667e8\" data-element_type=\"widget\" data-e-type=\"widget\" data-widget_type=\"button.default\">\n\t\t\t\t<div class=\"elementor-widget-container\">\n\t\t\t\t\t\t\t\t\t<div class=\"elementor-button-wrapper\">\n\t\t\t\t\t<a class=\"elementor-button elementor-button-link elementor-size-sm\" href=\"https:\/\/prowritingaid.com\/\">\n\t\t\t\t\t\t<span class=\"elementor-button-content-wrapper\">\n\t\t\t\t\t\t\t\t\t<span class=\"elementor-button-text\">Acceso directo a ProWritingAid<\/span>\n\t\t\t\t\t<\/span>\n\t\t\t\t\t<\/a>\n\t\t\t\t<\/div>\n\t\t\t\t\t\t\t\t<\/div>\n\t\t\t\t<\/div>\n\t\t\t\t\t<\/div>\n\t\t<\/div>\n\t\t\t\t<div class=\"elementor-column elementor-col-33 elementor-top-column elementor-element elementor-element-2f65c99\" data-id=\"2f65c99\" data-element_type=\"column\" data-e-type=\"column\">\n\t\t\t<div class=\"elementor-widget-wrap\">\n\t\t\t\t\t\t\t<\/div>\n\t\t<\/div>\n\t\t\t\t\t<\/div>\n\t\t<\/section>\n\t\t\t\t<section class=\"elementor-section elementor-top-section elementor-element elementor-element-c942fb4 elementor-section-boxed elementor-section-height-default elementor-section-height-default\" data-id=\"c942fb4\" data-element_type=\"section\" data-e-type=\"section\">\n\t\t\t\t\t\t<div class=\"elementor-container elementor-column-gap-default\">\n\t\t\t\t\t<div class=\"elementor-column elementor-col-33 elementor-top-column elementor-element elementor-element-28acd14\" data-id=\"28acd14\" data-element_type=\"column\" data-e-type=\"column\">\n\t\t\t<div class=\"elementor-widget-wrap\">\n\t\t\t\t\t\t\t<\/div>\n\t\t<\/div>\n\t\t\t\t<div class=\"elementor-column elementor-col-33 elementor-top-column elementor-element elementor-element-ce7a6de\" data-id=\"ce7a6de\" data-element_type=\"column\" data-e-type=\"column\">\n\t\t\t<div class=\"elementor-widget-wrap elementor-element-populated\">\n\t\t\t\t\t\t<div class=\"elementor-element elementor-element-ec3358f elementor-tablet-align-justify elementor-mobile-align-justify elementor-align-justify elementor-widget elementor-widget-button\" data-id=\"ec3358f\" data-element_type=\"widget\" data-e-type=\"widget\" data-widget_type=\"button.default\">\n\t\t\t\t<div class=\"elementor-widget-container\">\n\t\t\t\t\t\t\t\t\t<div class=\"elementor-button-wrapper\">\n\t\t\t\t\t<a class=\"elementor-button elementor-button-link elementor-size-sm\" href=\"https:\/\/blogs.uned.es\/herramientasautocorreccionescrituraingles\/\">\n\t\t\t\t\t\t<span class=\"elementor-button-content-wrapper\">\n\t\t\t\t\t\t\t\t\t<span class=\"elementor-button-text\">Volver a todas las herramientas<\/span>\n\t\t\t\t\t<\/span>\n\t\t\t\t\t<\/a>\n\t\t\t\t<\/div>\n\t\t\t\t\t\t\t\t<\/div>\n\t\t\t\t<\/div>\n\t\t\t\t\t<\/div>\n\t\t<\/div>\n\t\t\t\t<div class=\"elementor-column elementor-col-33 elementor-top-column elementor-element elementor-element-3785973\" data-id=\"3785973\" data-element_type=\"column\" data-e-type=\"column\">\n\t\t\t<div class=\"elementor-widget-wrap\">\n\t\t\t\t\t\t\t<\/div>\n\t\t<\/div>\n\t\t\t\t\t<\/div>\n\t\t<\/section>\n\t\t\t\t<\/div>\n\t\t","protected":false},"excerpt":{"rendered":"<p>ProWritingAid Descripci\u00f3n El programa Prowriting Aid es un revisor completo de textos escritos en ingl\u00e9s en todas sus variedades (brit\u00e1nico, americano, australiano, canadiense). Permite mejorar la calidad de la redacci\u00f3n de ensayos y otro tipo de trabajos acad\u00e9micos o profesionales al no solo revisar, sino tambi\u00e9n proponer alternativas cuando detecta problemas de gram\u00e1tica, vocabulario, ortograf\u00eda, y de estilo seg\u00fan el tipo de texto de que se trate. Para cada uno de estos problemas, se utilizan diferentes colores: azul, para la gram\u00e1tica; rojo, para la ortograf\u00eda; amarillo, para el estilo, entre otros. De esta forma, arroja un informe sobre las particularidades del texto y ofrece porcentajes espec\u00edficos de los tipos de problemas encontrados, con el fin de poder revisar cada uno de ellos con m\u00e1s detalle. Prowriting Aid se integra en documentos Word, y en exploradores como Chrome. Videotutorial https:\/\/canal.uned.es\/trackfile\/61a7aa22b609236342681552.mp4?forcedl=1 Funcionalidades Acceso directo a ProWritingAid Volver a todas las herramientas<\/p>\n","protected":false},"author":7487,"featured_media":0,"parent":0,"menu_order":0,"comment_status":"closed","ping_status":"closed","template":"elementor_header_footer","meta":{"footnotes":""},"class_list":["post-1519","page","type-page","status-publish"],"_links":{"self":[{"href":"https:\/\/blogs.uned.es\/herramientasautocorreccionescrituraingles\/wp-json\/wp\/v2\/pages\/1519","targetHints":{"allow":["GET"]}}],"collection":[{"href":"https:\/\/blogs.uned.es\/herramientasautocorreccionescrituraingles\/wp-json\/wp\/v2\/pages"}],"about":[{"href":"https:\/\/blogs.uned.es\/herramientasautocorreccionescrituraingles\/wp-json\/wp\/v2\/types\/page"}],"author":[{"embeddable":true,"href":"https:\/\/blogs.uned.es\/herramientasautocorreccionescrituraingles\/wp-json\/wp\/v2\/users\/7487"}],"replies":[{"embeddable":true,"href":"https:\/\/blogs.uned.es\/herramientasautocorreccionescrituraingles\/wp-json\/wp\/v2\/comments?post=1519"}],"version-history":[{"count":58,"href":"https:\/\/blogs.uned.es\/herramientasautocorreccionescrituraingles\/wp-json\/wp\/v2\/pages\/1519\/revisions"}],"predecessor-version":[{"id":3233,"href":"https:\/\/blogs.uned.es\/herramientasautocorreccionescrituraingles\/wp-json\/wp\/v2\/pages\/1519\/revisions\/3233"}],"wp:attachment":[{"href":"https:\/\/blogs.uned.es\/herramientasautocorreccionescrituraingles\/wp-json\/wp\/v2\/media?parent=1519"}],"curies":[{"name":"wp","href":"https:\/\/api.w.org\/{rel}","templated":true}]}}