{"id":1053,"date":"2023-01-03T18:26:53","date_gmt":"2023-01-03T17:26:53","guid":{"rendered":"https:\/\/blogs.uned.es\/grupointer\/?page_id=1053"},"modified":"2023-07-22T07:52:25","modified_gmt":"2023-07-22T05:52:25","slug":"master-oficial-en-educacion-intercultural","status":"publish","type":"page","link":"https:\/\/blogs.uned.es\/grupointer\/master-oficial-en-educacion-intercultural\/","title":{"rendered":"M\u00e1ster Oficial en Educaci\u00f3n Intercultural"},"content":{"rendered":"\t\t<div data-elementor-type=\"wp-post\" data-elementor-id=\"1053\" class=\"elementor elementor-1053\">\n\t\t\t\t\t\t<section class=\"elementor-section elementor-top-section elementor-element elementor-element-57e38158 elementor-section-content-middle elementor-section-boxed elementor-section-height-default elementor-section-height-default\" data-id=\"57e38158\" data-element_type=\"section\" data-e-type=\"section\">\n\t\t\t\t\t\t<div class=\"elementor-container elementor-column-gap-no\">\n\t\t\t\t\t<div class=\"elementor-column elementor-col-50 elementor-top-column elementor-element elementor-element-82c660\" data-id=\"82c660\" data-element_type=\"column\" data-e-type=\"column\">\n\t\t\t<div class=\"elementor-widget-wrap elementor-element-populated\">\n\t\t\t\t\t\t<div class=\"elementor-element elementor-element-571ddb8a elementor-widget-divider--view-line elementor-widget elementor-widget-divider\" data-id=\"571ddb8a\" data-element_type=\"widget\" data-e-type=\"widget\" data-widget_type=\"divider.default\">\n\t\t\t\t<div class=\"elementor-widget-container\">\n\t\t\t\t\t\t\t<div class=\"elementor-divider\">\n\t\t\t<span class=\"elementor-divider-separator\">\n\t\t\t\t\t\t<\/span>\n\t\t<\/div>\n\t\t\t\t\t\t<\/div>\n\t\t\t\t<\/div>\n\t\t\t\t\t<\/div>\n\t\t<\/div>\n\t\t\t\t<div class=\"elementor-column elementor-col-50 elementor-top-column elementor-element elementor-element-6d44821\" data-id=\"6d44821\" data-element_type=\"column\" data-e-type=\"column\">\n\t\t\t<div class=\"elementor-widget-wrap elementor-element-populated\">\n\t\t\t\t\t\t<div class=\"elementor-element elementor-element-ee81078 elementor-widget elementor-widget-heading\" data-id=\"ee81078\" data-element_type=\"widget\" data-e-type=\"widget\" data-widget_type=\"heading.default\">\n\t\t\t\t<div class=\"elementor-widget-container\">\n\t\t\t\t\t<h2 class=\"elementor-heading-title elementor-size-default\">M\u00c1STER UNIVERSITARIO EN EDUCACI\u00d3N INTERCULTURAL <\/h2>\t\t\t\t<\/div>\n\t\t\t\t<\/div>\n\t\t\t\t<div class=\"elementor-element elementor-element-69660ea2 elementor-widget elementor-widget-text-editor\" data-id=\"69660ea2\" data-element_type=\"widget\" data-e-type=\"widget\" data-widget_type=\"text-editor.default\">\n\t\t\t\t<div class=\"elementor-widget-container\">\n\t\t\t\t\t\t\t\t\t<p>El <strong>Master Universitario Euro-Latinoamericano en Educaci\u00f3n Intercultural<\/strong> es el resultado de un proyecto de cooperaci\u00f3n, en el marco del <strong><span style=\"color: #339966\"><a style=\"color: #339966\" href=\"https:\/\/www2.uned.es\/grupointer\/interalfa.html\">Programa ALFA<\/a><\/span><\/strong> (2007\/2009 de la Uni\u00f3n Europea), entre instituciones europeas y latinoamericanas relacionadas con la educaci\u00f3n superior.<br \/>Los participantes en este proyecto han mantenido un di\u00e1logo permanente para dise\u00f1ar una oferta de postgrado dirigida a formar investigadores y profesionales que sean capaces de adoptar un enfoque intercultural en la<br \/>investigaci\u00f3n y en la pr\u00e1ctica educativa, tanto en el contexto europeo como latinoamericano.<\/p><p>La <strong>finalidad del Master es formar profesionales e investigadores capaces de proyectar el enfoque intercultural en el \u00e1mbito educativo y social.<\/strong> M\u00e1s concretamente, pretendemos:<br \/>\u00a0\u00a0\u00a0 \u2022 Entender las oportunidades que ofrece la diversidad en beneficio de la sociedad y aprender a afrontar sus desaf\u00edos.<br \/>\u00a0\u00a0\u00a0 \u2022 Aportar elementos para analizar la estructura de desigualdad social que se legitima a partir de la diferencia.<br \/>\u00a0\u00a0\u00a0 \u2022 Reflexionar cr\u00edticamente sobre la educaci\u00f3n intercultural como estrategia para el tratamiento del conflicto.<br \/>\u00a0\u00a0\u00a0 \u2022 Construir y aplicar conocimiento a trav\u00e9s de una red internacional de intercambio de experiencias interculturales.<br \/>\u00a0\u00a0\u00a0 \u2022 Desarrollar actitudes, habilidades y capacidades para la comunicaci\u00f3n intercultural, incluida la comunicaci\u00f3n de conocimientos y argumentos.<br \/>\u00a0\u00a0\u00a0 \u2022 Desarrollar habilidades para el aprendizaje aut\u00f3nomo y cooperativo.<br \/>\u00a0\u00a0\u00a0 \u2022 Utilizar las nuevas tecnolog\u00edas como herramienta para favorecer el intercambio.<\/p><p><strong>El T\u00edtulo ofrece dos itinerarios:<\/strong><br \/>\u00a0\u00a0\u00a0 \u2022 Itinerario de \u201cEstudios interculturales\u201d, orientado a la formaci\u00f3n en investigaci\u00f3n en este \u00e1mbito de estudio.<br \/>\u00a0\u00a0\u00a0 \u2022 Itinerario \u201cEducaci\u00f3n intercultural en la pr\u00e1ctica\u201d con car\u00e1cter profesionalizante.<\/p><p><strong>Qu\u00e9 nos caracteriza:<\/strong><br \/>\u00a0\u00a0\u00a0 \u2022 Programa en colaboraci\u00f3n con instituciones europeas y latinoamericanas<br \/>\u00a0\u00a0\u00a0 \u2022 Impartido en espa\u00f1ol y en ingl\u00e9s, pudiendo elegir entre ambas modalidades<br \/>\u00a0\u00a0\u00a0 \u2022 Modalidad virtual con seminarios presenciales<br \/>\u00a0\u00a0\u00a0 \u2022 Flexibilidad y optatividad amplia<br \/>\u00a0\u00a0\u00a0 \u2022 Dos itinerarios: investigador y profesionalizante<\/p><p>El Master est\u00e1 dirigido por Patricia Mata Benito desde el curso 2018-19. Anteriormente estuvo coordinado por Teresa Aguado Odina. Tiene una duraci\u00f3n de 2 a\u00f1os y 90 cr\u00e9ditos ECTS.\u00a0<\/p><p><span style=\"color: #993366\"><strong>\u00a1nuevo!<\/strong><\/span> M\u00e1s informaci\u00f3n en la <a href=\"http:\/\/portal.uned.es\/portal\/page?_pageid=93,71542259&amp;_dad=portal&amp;_schema=PORTAL&amp;idTitulacion=230601\"><strong><span style=\"color: #339966\">web de la UNED<\/span><\/strong><\/a> (posgrados oficiales curso 2022-23)<\/p><p>Gu\u00eda detallada del M\u00e1ster (curso 2022-23) <a href=\"https:\/\/portal.uned.es\/portal\/page?_pageid=93,24271216&amp;_dad=portal&amp;_schema=PORTAL\"><span style=\"color: #339966\"><strong>aqu\u00ed<\/strong><\/span><\/a><\/p><p>Escuchar el <a href=\"http:\/\/www.canaluned.com\/menu-principal\/radio\/master-universitario-euro-latinoamericano-en-educacion-intercultural-7476.html\"><strong><span style=\"color: #339966\">programa de radio<\/span><\/strong><\/a> sobre el M\u00e1ster Oficial<\/p><p><strong><span style=\"color: #993366\">\u00a1Atenci\u00f3n! <\/span><\/strong>Admisi\u00f3n de titulados fuera de Espa\u00f1a sin homologaci\u00f3n (curso 2022-23), del 14 de marzo al 13 de mayo de 2022 <a href=\"https:\/\/www.uned.es\/universidad\/inicio\/estudios\/masteres\/informacion-general\/acceso-titulados-extranjeros.html\"><strong><span style=\"color: #339966\">aqu\u00ed<\/span><\/strong><\/a><\/p><p><strong><span style=\"color: #993366\">\u00a1Atenci\u00f3n! <\/span><\/strong>Preinscripci\u00f3n del 19 de mayo al 5 de julio de 2022 en la <a href=\"https:\/\/www.uned.es\/universidad\/inicio\/estudios\/masteres\/informacion-general\/admision-matricula.html\"><strong><span style=\"color: #339966\">web de la UNED<\/span><\/strong><\/a><\/p><p>Iniciar proceso de preinscripci\u00f3n: <a href=\"https:\/\/app.uned.es\/portal\/admision-matricula-por-internet\"><strong><span style=\"color: #339966\">https:\/\/app.uned.es\/portal\/admision-matricula-por-internet<\/span><\/strong><\/a><\/p>\t\t\t\t\t\t\t\t<\/div>\n\t\t\t\t<\/div>\n\t\t\t\t\t<\/div>\n\t\t<\/div>\n\t\t\t\t\t<\/div>\n\t\t<\/section>\n\t\t\t\t<\/div>\n\t\t","protected":false},"excerpt":{"rendered":"<p>M\u00c1STER UNIVERSITARIO EN EDUCACI\u00d3N INTERCULTURAL El Master Universitario Euro-Latinoamericano en Educaci\u00f3n Intercultural es el resultado de un proyecto de cooperaci\u00f3n, en el marco del Programa ALFA (2007\/2009 de la Uni\u00f3n Europea), entre instituciones europeas y latinoamericanas relacionadas con la educaci\u00f3n superior.Los participantes en este proyecto han mantenido un di\u00e1logo permanente para dise\u00f1ar una oferta de [&hellip;]<\/p>\n","protected":false},"author":7641,"featured_media":0,"parent":0,"menu_order":0,"comment_status":"closed","ping_status":"closed","template":"","meta":{"footnotes":""},"class_list":["post-1053","page","type-page","status-publish","czr-hentry"],"_links":{"self":[{"href":"https:\/\/blogs.uned.es\/grupointer\/wp-json\/wp\/v2\/pages\/1053","targetHints":{"allow":["GET"]}}],"collection":[{"href":"https:\/\/blogs.uned.es\/grupointer\/wp-json\/wp\/v2\/pages"}],"about":[{"href":"https:\/\/blogs.uned.es\/grupointer\/wp-json\/wp\/v2\/types\/page"}],"author":[{"embeddable":true,"href":"https:\/\/blogs.uned.es\/grupointer\/wp-json\/wp\/v2\/users\/7641"}],"replies":[{"embeddable":true,"href":"https:\/\/blogs.uned.es\/grupointer\/wp-json\/wp\/v2\/comments?post=1053"}],"version-history":[{"count":12,"href":"https:\/\/blogs.uned.es\/grupointer\/wp-json\/wp\/v2\/pages\/1053\/revisions"}],"predecessor-version":[{"id":4127,"href":"https:\/\/blogs.uned.es\/grupointer\/wp-json\/wp\/v2\/pages\/1053\/revisions\/4127"}],"wp:attachment":[{"href":"https:\/\/blogs.uned.es\/grupointer\/wp-json\/wp\/v2\/media?parent=1053"}],"curies":[{"name":"wp","href":"https:\/\/api.w.org\/{rel}","templated":true}]}}