{"id":741,"date":"2021-05-05T17:39:06","date_gmt":"2021-05-05T15:39:06","guid":{"rendered":"https:\/\/blogs.uned.es\/grupo-afp\/?page_id=741"},"modified":"2023-08-17T08:50:01","modified_gmt":"2023-08-17T06:50:01","slug":"publicaciones","status":"publish","type":"page","link":"https:\/\/blogs.uned.es\/grupo-afp\/publicaciones\/","title":{"rendered":"publicaciones"},"content":{"rendered":"\t\t<div data-elementor-type=\"wp-page\" data-elementor-id=\"741\" class=\"elementor elementor-741\">\n\t\t\t\t\t\t<section class=\"elementor-section elementor-top-section elementor-element elementor-element-72b6b52 elementor-section-stretched elementor-section-height-min-height afp-img-header elementor-section-boxed elementor-section-height-default elementor-section-items-middle\" data-id=\"72b6b52\" data-element_type=\"section\" data-e-type=\"section\" data-settings=\"{&quot;stretch_section&quot;:&quot;section-stretched&quot;,&quot;background_background&quot;:&quot;classic&quot;}\">\n\t\t\t\t\t\t<div class=\"elementor-container elementor-column-gap-default\">\n\t\t\t\t\t<div class=\"elementor-column elementor-col-50 elementor-top-column elementor-element elementor-element-63be8b5\" data-id=\"63be8b5\" data-element_type=\"column\" data-e-type=\"column\">\n\t\t\t<div class=\"elementor-widget-wrap\">\n\t\t\t\t\t\t\t<\/div>\n\t\t<\/div>\n\t\t\t\t<div class=\"elementor-column elementor-col-50 elementor-top-column elementor-element elementor-element-920bbf0\" data-id=\"920bbf0\" data-element_type=\"column\" data-e-type=\"column\">\n\t\t\t<div class=\"elementor-widget-wrap\">\n\t\t\t\t\t\t\t<\/div>\n\t\t<\/div>\n\t\t\t\t\t<\/div>\n\t\t<\/section>\n\t\t\t\t<section class=\"elementor-section elementor-top-section elementor-element elementor-element-c3ef708 elementor-section-boxed elementor-section-height-default elementor-section-height-default\" data-id=\"c3ef708\" data-element_type=\"section\" data-e-type=\"section\">\n\t\t\t\t\t\t<div class=\"elementor-container elementor-column-gap-default\">\n\t\t\t\t\t<div class=\"elementor-column elementor-col-100 elementor-top-column elementor-element elementor-element-1e9f5f4\" data-id=\"1e9f5f4\" data-element_type=\"column\" data-e-type=\"column\">\n\t\t\t<div class=\"elementor-widget-wrap elementor-element-populated\">\n\t\t\t\t\t\t<div class=\"elementor-element elementor-element-462bdb3 elementor-grid-eael-col-1 elementor-grid-tablet-eael-col-2 elementor-grid-mobile-eael-col-1 elementor-widget elementor-widget-eael-post-grid\" data-id=\"462bdb3\" data-element_type=\"widget\" data-e-type=\"widget\" data-settings=\"{&quot;eael_post_grid_columns&quot;:&quot;eael-col-1&quot;,&quot;eael_post_grid_columns_tablet&quot;:&quot;eael-col-2&quot;,&quot;eael_post_grid_columns_mobile&quot;:&quot;eael-col-1&quot;}\" data-widget_type=\"eael-post-grid.default\">\n\t\t\t\t<div class=\"elementor-widget-container\">\n\t\t\t\t\t<div id=\"eael-post-grid-462bdb3\" class=\"eael-post-grid-container\">\n            <div class=\"eael-post-grid eael-post-appender eael-post-appender-462bdb3 eael-post-grid-style-one\" data-layout-mode=\"grid\"><article class=\"eael-grid-post  eael-post-grid-column eael-pg-post-1205 category-publicaciones\" data-id=\"1205\">\n        <div class=\"eael-grid-post-holder\">\n            <div class=\"eael-grid-post-holder-inner\"><div class=\"eael-entry-wrapper\"><header class=\"eael-entry-header\"><h2 class=\"eael-entry-title\"><a class=\"eael-grid-post-link\" href=\"https:\/\/blogs.uned.es\/grupo-afp\/2021\/05\/08\/elementor-1205\/\" title=\"Materials Selection Criteria for Nuclear Power Applications: A Decision Algorithm\"rel=\"nofollow\"target=\"_blank\">Materials Selection Criteria for Nuclear Power Applications: A Decision Algorithm<\/a><\/h2><\/header><div class=\"eael-entry-header-after\"><div class=\"eael-entry-meta\"><\/div><\/div><div class=\"eael-entry-content\">\n                        <div class=\"eael-grid-post-excerpt\"><p>Materials Selection Criteria for Nuclear Power Applications: A Decision Algorithm An innovative methodology based on stringency levels is proposed in this paper and improves the current selection method for structural...<\/p><a href=\"https:\/\/blogs.uned.es\/grupo-afp\/2021\/05\/08\/elementor-1205\/\" class=\"eael-post-elements-readmore-btn\"rel=\"nofollow\"target=\"_blank\">Leer m\u00e1s<\/a><\/div>\n                    <\/div><\/div><\/div>\n        <\/div>\n    <\/article><article class=\"eael-grid-post  eael-post-grid-column eael-pg-post-1193 category-publicaciones\" data-id=\"1193\">\n        <div class=\"eael-grid-post-holder\">\n            <div class=\"eael-grid-post-holder-inner\"><div class=\"eael-entry-wrapper\"><header class=\"eael-entry-header\"><h2 class=\"eael-entry-title\"><a class=\"eael-grid-post-link\" href=\"https:\/\/blogs.uned.es\/grupo-afp\/2021\/05\/08\/elementor-1193\/\" title=\"Quantitative model for predicting the suitability of candidate materials for reactor pressure-vessels manufacturing\"rel=\"nofollow\"target=\"_blank\">Quantitative model for predicting the suitability of candidate materials for reactor pressure-vessels manufacturing<\/a><\/h2><\/header><div class=\"eael-entry-header-after\"><div class=\"eael-entry-meta\"><\/div><\/div><div class=\"eael-entry-content\">\n                        <div class=\"eael-grid-post-excerpt\"><p>Quantitative model for predicting the suitability of candidate materials for reactor pressure-vessels manufacturing In this work, an integrative approach that eases the material selection stage is presented. Twenty different specifications...<\/p><a href=\"https:\/\/blogs.uned.es\/grupo-afp\/2021\/05\/08\/elementor-1193\/\" class=\"eael-post-elements-readmore-btn\"rel=\"nofollow\"target=\"_blank\">Leer m\u00e1s<\/a><\/div>\n                    <\/div><\/div><\/div>\n        <\/div>\n    <\/article><article class=\"eael-grid-post  eael-post-grid-column eael-pg-post-1181 category-publicaciones\" data-id=\"1181\">\n        <div class=\"eael-grid-post-holder\">\n            <div class=\"eael-grid-post-holder-inner\"><div class=\"eael-entry-wrapper\"><header class=\"eael-entry-header\"><h2 class=\"eael-entry-title\"><a class=\"eael-grid-post-link\" href=\"https:\/\/blogs.uned.es\/grupo-afp\/2021\/05\/08\/elementor-1181\/\" title=\"An\u00e1lisis de requisitos tecnol\u00f3gicos de materiales especificados en normativas reguladas y su repercusi\u00f3n sobre la fabricaci\u00f3n de recipientes especiales para la industria nuclear\"rel=\"nofollow\"target=\"_blank\">An\u00e1lisis de requisitos tecnol\u00f3gicos de materiales especificados en normativas reguladas y su repercusi\u00f3n sobre la fabricaci\u00f3n de recipientes especiales para la industria nuclear<\/a><\/h2><\/header><div class=\"eael-entry-header-after\"><div class=\"eael-entry-meta\"><\/div><\/div><div class=\"eael-entry-content\">\n                        <div class=\"eael-grid-post-excerpt\"><p>An\u00e1lisis de requisitos tecnol\u00f3gicos de materiales especificados en normativas reguladas y su repercusi\u00f3n sobre la fabricaci\u00f3n de recipientes especiales para la industria nuclear Resumen Durante la concepci\u00f3n de cualquier proyecto...<\/p><a href=\"https:\/\/blogs.uned.es\/grupo-afp\/2021\/05\/08\/elementor-1181\/\" class=\"eael-post-elements-readmore-btn\"rel=\"nofollow\"target=\"_blank\">Leer m\u00e1s<\/a><\/div>\n                    <\/div><\/div><\/div>\n        <\/div>\n    <\/article><article class=\"eael-grid-post  eael-post-grid-column eael-pg-post-1161 category-publicaciones\" data-id=\"1161\">\n        <div class=\"eael-grid-post-holder\">\n            <div class=\"eael-grid-post-holder-inner\"><div class=\"eael-entry-wrapper\"><header class=\"eael-entry-header\"><h2 class=\"eael-entry-title\"><a class=\"eael-grid-post-link\" href=\"https:\/\/blogs.uned.es\/grupo-afp\/2021\/05\/08\/elementor-1161\/\" title=\"Fragilizaci\u00f3n por irradiaci\u00f3n neutr\u00f3nica de la vasija: algunas consideraciones para la selecci\u00f3n de materiales\"rel=\"nofollow\"target=\"_blank\">Fragilizaci\u00f3n por irradiaci\u00f3n neutr\u00f3nica de la vasija: algunas consideraciones para la selecci\u00f3n de materiales<\/a><\/h2><\/header><div class=\"eael-entry-header-after\"><div class=\"eael-entry-meta\"><\/div><\/div><div class=\"eael-entry-content\">\n                        <div class=\"eael-grid-post-excerpt\"><p>Fragilizaci\u00f3n por irradiaci\u00f3n neutr\u00f3nica de la vasija: algunas consideraciones para la selecci\u00f3n de materiales Los materiales expuestos a radiaci\u00f3n neutr\u00f3nica generada por reacciones de fisi\u00f3n nuclear sufren un da\u00f1o considerable...<\/p><a href=\"https:\/\/blogs.uned.es\/grupo-afp\/2021\/05\/08\/elementor-1161\/\" class=\"eael-post-elements-readmore-btn\"rel=\"nofollow\"target=\"_blank\">Leer m\u00e1s<\/a><\/div>\n                    <\/div><\/div><\/div>\n        <\/div>\n    <\/article><article class=\"eael-grid-post  eael-post-grid-column eael-pg-post-1147 category-publicaciones\" data-id=\"1147\">\n        <div class=\"eael-grid-post-holder\">\n            <div class=\"eael-grid-post-holder-inner\"><div class=\"eael-entry-wrapper\"><header class=\"eael-entry-header\"><h2 class=\"eael-entry-title\"><a class=\"eael-grid-post-link\" href=\"https:\/\/blogs.uned.es\/grupo-afp\/2021\/05\/08\/elementor-1147\/\" title=\"Prediction of the Mechanical Behaviour of Cladding Materials for Nuclear Reactor Pressure\u2013Vessels Based on the Analysis of Technological Requirements\"rel=\"nofollow\"target=\"_blank\">Prediction of the Mechanical Behaviour of Cladding Materials for Nuclear Reactor Pressure\u2013Vessels Based on the Analysis of Technological Requirements<\/a><\/h2><\/header><div class=\"eael-entry-header-after\"><div class=\"eael-entry-meta\"><\/div><\/div><div class=\"eael-entry-content\">\n                        <div class=\"eael-grid-post-excerpt\"><p>Prediction of the Mechanical Behaviour of Cladding Materials for Nuclear Reactor Pressure\u2013Vessels Based on the Analysis of Technological Requirements A prediction of the mechanical behaviour based on the analysis of...<\/p><a href=\"https:\/\/blogs.uned.es\/grupo-afp\/2021\/05\/08\/elementor-1147\/\" class=\"eael-post-elements-readmore-btn\"rel=\"nofollow\"target=\"_blank\">Leer m\u00e1s<\/a><\/div>\n                    <\/div><\/div><\/div>\n        <\/div>\n    <\/article><article class=\"eael-grid-post  eael-post-grid-column eael-pg-post-1135 category-publicaciones\" data-id=\"1135\">\n        <div class=\"eael-grid-post-holder\">\n            <div class=\"eael-grid-post-holder-inner\"><div class=\"eael-entry-wrapper\"><header class=\"eael-entry-header\"><h2 class=\"eael-entry-title\"><a class=\"eael-grid-post-link\" href=\"https:\/\/blogs.uned.es\/grupo-afp\/2021\/05\/08\/elementor-1135\/\" title=\"Novel computer-aided methodology for selecting materials for the nuclear industry\"rel=\"nofollow\"target=\"_blank\">Novel computer-aided methodology for selecting materials for the nuclear industry<\/a><\/h2><\/header><div class=\"eael-entry-header-after\"><div class=\"eael-entry-meta\"><\/div><\/div><div class=\"eael-entry-content\">\n                        <div class=\"eael-grid-post-excerpt\"><p>Novel computer-aided methodology for selecting materials for the nuclear industry Since, in the design phase of the project, the materials selection is a difficult task it is necessary to have...<\/p><a href=\"https:\/\/blogs.uned.es\/grupo-afp\/2021\/05\/08\/elementor-1135\/\" class=\"eael-post-elements-readmore-btn\"rel=\"nofollow\"target=\"_blank\">Leer m\u00e1s<\/a><\/div>\n                    <\/div><\/div><\/div>\n        <\/div>\n    <\/article><article class=\"eael-grid-post  eael-post-grid-column eael-pg-post-1121 category-publicaciones\" data-id=\"1121\">\n        <div class=\"eael-grid-post-holder\">\n            <div class=\"eael-grid-post-holder-inner\"><div class=\"eael-entry-wrapper\"><header class=\"eael-entry-header\"><h2 class=\"eael-entry-title\"><a class=\"eael-grid-post-link\" href=\"https:\/\/blogs.uned.es\/grupo-afp\/2021\/05\/08\/elementor-1121\/\" title=\"Nueva metodolog\u00eda asistida por ordenador para la selecci\u00f3n de materiales destinados a la industria nuclear\"rel=\"nofollow\"target=\"_blank\">Nueva metodolog\u00eda asistida por ordenador para la selecci\u00f3n de materiales destinados a la industria nuclear<\/a><\/h2><\/header><div class=\"eael-entry-header-after\"><div class=\"eael-entry-meta\"><\/div><\/div><div class=\"eael-entry-content\">\n                        <div class=\"eael-grid-post-excerpt\"><p>Nueva metodolog\u00eda asistida por ordenador para la selecci\u00f3n de materiales destinados a la industria nuclear Dado que en la fase de dise\u00f1o de proyecto, la selecci\u00f3n de materiales puede ser...<\/p><a href=\"https:\/\/blogs.uned.es\/grupo-afp\/2021\/05\/08\/elementor-1121\/\" class=\"eael-post-elements-readmore-btn\"rel=\"nofollow\"target=\"_blank\">Leer m\u00e1s<\/a><\/div>\n                    <\/div><\/div><\/div>\n        <\/div>\n    <\/article><article class=\"eael-grid-post  eael-post-grid-column eael-pg-post-1107 category-publicaciones\" data-id=\"1107\">\n        <div class=\"eael-grid-post-holder\">\n            <div class=\"eael-grid-post-holder-inner\"><div class=\"eael-entry-wrapper\"><header class=\"eael-entry-header\"><h2 class=\"eael-entry-title\"><a class=\"eael-grid-post-link\" href=\"https:\/\/blogs.uned.es\/grupo-afp\/2021\/05\/08\/elementor-1107\/\" title=\"Consideraciones t\u00e9cnicas acerca de los programas regulados para la vigilancia de las propiedades de aceros de vasija en reactores nucleares\"rel=\"nofollow\"target=\"_blank\">Consideraciones t\u00e9cnicas acerca de los programas regulados para la vigilancia de las propiedades de aceros de vasija en reactores nucleares<\/a><\/h2><\/header><div class=\"eael-entry-header-after\"><div class=\"eael-entry-meta\"><\/div><\/div><div class=\"eael-entry-content\">\n                        <div class=\"eael-grid-post-excerpt\"><p>Consideraciones t\u00e9cnicas acerca de los programas regulados para la vigilancia de las propiedades de aceros de vasija en reactores nucleares Revista Industria Qu\u00edmica. La vasija del reactor es uno de...<\/p><a href=\"https:\/\/blogs.uned.es\/grupo-afp\/2021\/05\/08\/elementor-1107\/\" class=\"eael-post-elements-readmore-btn\"rel=\"nofollow\"target=\"_blank\">Leer m\u00e1s<\/a><\/div>\n                    <\/div><\/div><\/div>\n        <\/div>\n    <\/article><\/div>\n            <div class=\"clearfix\"><\/div>\n        <\/div>            <div class=\"eael-load-more-button-wrap\">\n                <button class=\"eael-load-more-button\" id=\"eael-load-more-btn-462bdb3\" data-widget-id=\"462bdb3\" data-widget=\"462bdb3\" data-page-id=\"741\" data-template=\"{&quot;dir&quot;:&quot;lite&quot;,&quot;file_name&quot;:&quot;one.php&quot;,&quot;name&quot;:&quot;Post-Grid&quot;}\" data-class=\"Essential_Addons_Elementor\\Elements\\Post_Grid\" data-layout=\"grid\" data-page=\"1\" data-args=\"orderby=date&amp;order=desc&amp;ignore_sticky_posts=1&amp;post_status=publish&amp;posts_per_page=8&amp;offset=0&amp;post_type=post&amp;tax_query%5B0%5D%5Btaxonomy%5D=category&amp;tax_query%5B0%5D%5Bfield%5D=term_id&amp;tax_query%5B0%5D%5Bterms%5D%5B0%5D=9&amp;tax_query%5Brelation%5D=AND\" data-max-page=\"4\">\n                    <span class=\"eael-btn-loader button__loader\"><\/span>\n                    <span class=\"eael_load_more_text\">Cargar m\u00e1s<\/span>\n                <\/button>\n            <\/div>\n            \t\t\t\t<\/div>\n\t\t\t\t<\/div>\n\t\t\t\t\t<\/div>\n\t\t<\/div>\n\t\t\t\t\t<\/div>\n\t\t<\/section>\n\t\t\t\t<section class=\"elementor-section elementor-top-section elementor-element elementor-element-07b37d2 elementor-section-boxed elementor-section-height-default elementor-section-height-default\" data-id=\"07b37d2\" data-element_type=\"section\" data-e-type=\"section\">\n\t\t\t\t\t\t<div class=\"elementor-container elementor-column-gap-default\">\n\t\t\t\t\t<div class=\"elementor-column elementor-col-100 elementor-top-column elementor-element elementor-element-cf0ca26\" data-id=\"cf0ca26\" data-element_type=\"column\" data-e-type=\"column\">\n\t\t\t<div class=\"elementor-widget-wrap elementor-element-populated\">\n\t\t\t\t\t\t<div class=\"elementor-element elementor-element-ac5987e elementor-widget elementor-widget-spacer\" data-id=\"ac5987e\" data-element_type=\"widget\" data-e-type=\"widget\" data-widget_type=\"spacer.default\">\n\t\t\t\t<div class=\"elementor-widget-container\">\n\t\t\t\t\t\t\t<div class=\"elementor-spacer\">\n\t\t\t<div class=\"elementor-spacer-inner\"><\/div>\n\t\t<\/div>\n\t\t\t\t\t\t<\/div>\n\t\t\t\t<\/div>\n\t\t\t\t\t<\/div>\n\t\t<\/div>\n\t\t\t\t\t<\/div>\n\t\t<\/section>\n\t\t\t\t<section class=\"elementor-section elementor-top-section elementor-element elementor-element-6509625 elementor-section-boxed elementor-section-height-default elementor-section-height-default\" data-id=\"6509625\" data-element_type=\"section\" data-e-type=\"section\">\n\t\t\t\t\t\t<div class=\"elementor-container elementor-column-gap-default\">\n\t\t\t\t\t<div class=\"elementor-column elementor-col-100 elementor-top-column elementor-element elementor-element-ebd00af\" data-id=\"ebd00af\" data-element_type=\"column\" data-e-type=\"column\">\n\t\t\t<div class=\"elementor-widget-wrap elementor-element-populated\">\n\t\t\t\t\t\t<div class=\"elementor-element elementor-element-9eeeb46 elementor-align-center elementor-widget elementor-widget-button\" data-id=\"9eeeb46\" data-element_type=\"widget\" data-e-type=\"widget\" data-widget_type=\"button.default\">\n\t\t\t\t<div class=\"elementor-widget-container\">\n\t\t\t\t\t\t\t\t\t<div class=\"elementor-button-wrapper\">\n\t\t\t\t\t<a class=\"elementor-button elementor-button-link elementor-size-sm\" href=\"http:\/\/blogs.uned.es\/plantillabase\/\">\n\t\t\t\t\t\t<span class=\"elementor-button-content-wrapper\">\n\t\t\t\t\t\t\t\t\t<span class=\"elementor-button-text\">Volver al inicio<\/span>\n\t\t\t\t\t<\/span>\n\t\t\t\t\t<\/a>\n\t\t\t\t<\/div>\n\t\t\t\t\t\t\t\t<\/div>\n\t\t\t\t<\/div>\n\t\t\t\t\t<\/div>\n\t\t<\/div>\n\t\t\t\t\t<\/div>\n\t\t<\/section>\n\t\t\t\t<\/div>\n\t\t","protected":false},"excerpt":{"rendered":"<p>Materials Selection Criteria for Nuclear Power Applications: A Decision Algorithm Materials Selection Criteria for Nuclear Power Applications: A Decision Algorithm An innovative methodology based on stringency levels is proposed in this paper and improves the current selection method for structural&#8230; Leer m\u00e1s Quantitative model for predicting the suitability of candidate materials for reactor pressure-vessels manufacturing Quantitative model for predicting the suitability of candidate materials for reactor pressure-vessels manufacturing In this work, an integrative approach that eases the material selection stage is presented. Twenty different specifications&#8230; Leer m\u00e1s An\u00e1lisis de requisitos tecnol\u00f3gicos de materiales especificados en normativas reguladas y su repercusi\u00f3n sobre la fabricaci\u00f3n de recipientes especiales para la industria nuclear An\u00e1lisis de requisitos tecnol\u00f3gicos de materiales especificados en normativas reguladas y su repercusi\u00f3n sobre la fabricaci\u00f3n de recipientes especiales para la industria nuclear Resumen Durante la concepci\u00f3n de cualquier proyecto&#8230; Leer m\u00e1s Fragilizaci\u00f3n por irradiaci\u00f3n neutr\u00f3nica de la vasija: algunas&hellip;<\/p>\n<p> <a class=\"more-link\" href=\"https:\/\/blogs.uned.es\/grupo-afp\/2021\/05\/08\/elementor-1107\/\">Leer m\u00e1s<\/a><\/p>\n","protected":false},"author":7459,"featured_media":0,"parent":0,"menu_order":0,"comment_status":"closed","ping_status":"closed","template":"","meta":{"footnotes":""},"class_list":["post-741","page","type-page","status-publish"],"_links":{"self":[{"href":"https:\/\/blogs.uned.es\/grupo-afp\/wp-json\/wp\/v2\/pages\/741","targetHints":{"allow":["GET"]}}],"collection":[{"href":"https:\/\/blogs.uned.es\/grupo-afp\/wp-json\/wp\/v2\/pages"}],"about":[{"href":"https:\/\/blogs.uned.es\/grupo-afp\/wp-json\/wp\/v2\/types\/page"}],"author":[{"embeddable":true,"href":"https:\/\/blogs.uned.es\/grupo-afp\/wp-json\/wp\/v2\/users\/7459"}],"replies":[{"embeddable":true,"href":"https:\/\/blogs.uned.es\/grupo-afp\/wp-json\/wp\/v2\/comments?post=741"}],"version-history":[{"count":49,"href":"https:\/\/blogs.uned.es\/grupo-afp\/wp-json\/wp\/v2\/pages\/741\/revisions"}],"predecessor-version":[{"id":1717,"href":"https:\/\/blogs.uned.es\/grupo-afp\/wp-json\/wp\/v2\/pages\/741\/revisions\/1717"}],"wp:attachment":[{"href":"https:\/\/blogs.uned.es\/grupo-afp\/wp-json\/wp\/v2\/media?parent=741"}],"curies":[{"name":"wp","href":"https:\/\/api.w.org\/{rel}","templated":true}]}}