{"id":12207,"date":"2024-05-21T11:10:09","date_gmt":"2024-05-21T11:10:09","guid":{"rendered":"https:\/\/blogs.uned.es\/govredig\/?page_id=12207"},"modified":"2024-05-21T11:10:09","modified_gmt":"2024-05-21T11:10:09","slug":"yolanda-gomez-sanchez","status":"publish","type":"page","link":"https:\/\/blogs.uned.es\/govredig\/yolanda-gomez-sanchez\/","title":{"rendered":"Yolanda G\u00f3mez S\u00e1nchez"},"content":{"rendered":"\n<figure class=\"wp-block-image size-large is-resized\"><img loading=\"lazy\" decoding=\"async\" width=\"1024\" height=\"683\" src=\"https:\/\/blogs.uned.es\/govredig\/wp-content\/uploads\/sites\/485\/2024\/05\/image-6-1024x683.png\" alt=\"\" class=\"wp-image-12249\" style=\"width:312px;height:auto\" srcset=\"https:\/\/blogs.uned.es\/govredig\/wp-content\/uploads\/sites\/485\/2024\/05\/image-6-1024x683.png 1024w, https:\/\/blogs.uned.es\/govredig\/wp-content\/uploads\/sites\/485\/2024\/05\/image-6-300x200.png 300w, https:\/\/blogs.uned.es\/govredig\/wp-content\/uploads\/sites\/485\/2024\/05\/image-6-768x512.png 768w, https:\/\/blogs.uned.es\/govredig\/wp-content\/uploads\/sites\/485\/2024\/05\/image-6.png 1160w\" sizes=\"auto, (max-width: 1024px) 100vw, 1024px\" \/><\/figure>\n\n\n\n<figure class=\"wp-block-table\"><table><tbody><tr><td>Catedr\u00e1tica em\u00e9rita de Derecho Constitucional y catedr\u00e1tica Jean Monnet, <em>ad personam<\/em>, de la UE. De 2018 a 2023 ha sido directora del Centro de Estudios Pol\u00edticos y Constitucionales (Ministerio de a Presidencia) y Consejera Nata del Consejo de Estado.&nbsp;&nbsp;<br>Ha desarrollado su labor docente e investigadora principalmente en materia de derechos fundamentales, Uni\u00f3n Europea, bioderecho e igualdad de mujeres y hombres.&nbsp;Ha sido miembro del Research Council del European Institut University (con sede en Florencia) y evaluadora del European Research Council (UE), as\u00ed como de otras Agencias espa\u00f1olas de evaluaci\u00f3n y calidad. Ha formado parte tambi\u00e9n del Grupo Espa\u00f1ol de Expertos de la Fundamental Rights Agency de la UE, del International Bioethics Committee de la UNESCO, del Comit\u00e9 de Bio\u00e9tica de Espa\u00f1a, de la Comisi\u00f3n T\u00e9cnica del Banco Nacional de L\u00edneas Celulares y de Comit\u00e9s de \u00c9tica e investigaci\u00f3n. Es tambi\u00e9n acad\u00e9mica correspondiente de la Real Academia de Jurisprudencia y Legislaci\u00f3n (RAJL).\u202f&nbsp;Ha dirigido o codirigido m\u00e1s de 20 tesis doctorales, cuatro de las cuales han obtenido, Premio Extraordinario de Doctorado.&nbsp;&nbsp;Se puede acceder a sus publicaciones en:&nbsp;&nbsp;<a href=\"https:\/\/dialnet.unirioja.es\/servlet\/autor?codigo=209493\" target=\"_blank\" rel=\"noreferrer noopener\">https:\/\/dialnet.unirioja.es\/servlet\/autor?codigo=209493<\/a>&nbsp;&nbsp;<\/td><td>Emeritus Professor of Constitutional Law and a Jean Monnet Professor, <em>ad personam<\/em>, of the EU. She has been the vice-dean of the Faculty of Law, the head of the Department of Constitutional Law and the director of the International Doctoral School at UNED. She is the former director of the Centre for Political and Constitutional Studies (Ministry of the Presidency, 2018-2023) and an ex officio member of the Council of State.&nbsp;She has mainly developed her teaching and research work in the areas of fundamental rights, equality between women and men, European Union, and biolaw.&nbsp;She has been a member of the <em>Research Council of the European Institute University<\/em> (based in Florence) and has been an evaluator for the <em>European Research Council<\/em> (EU), as well as for other Spanish evaluation and quality agencies. Also, she has been a member of the Spanish Group of Experts of the <em>Fundamental Rights Agency<\/em> of the EU, the <em>International Bioethics Committee<\/em> of UNESCO, the <em>Spanish Bioethics Committee<\/em>, the <em>Technical Commission of the National Stem Cell Bank<\/em> and <em>Ethics and Research<\/em> <em>Committees<\/em>. She is a corresponding member of the Royal Academy of Jurisprudence and Legislation (RAJL) as well.&nbsp;&nbsp;She has directed or co-directed more than 20 doctoral theses, four of which have been awarded the Special Prize for Best PhD thesis.&nbsp;You can see his publications in:&nbsp;&nbsp;<a href=\"https:\/\/dialnet.unirioja.es\/servlet\/autor?codigo=209493\" target=\"_blank\" rel=\"noreferrer noopener\">https:\/\/dialnet.unirioja.es\/servlet\/autor?codigo=209493<\/a>&nbsp;<\/td><\/tr><\/tbody><\/table><\/figure>\n\n\n\n<p><strong>ORCID: 0003-0232-938X<\/strong><strong>&nbsp;<\/strong>&nbsp;<\/p>\n\n\n\n<p><strong>Webiste:&nbsp;<\/strong>&nbsp;<\/p>\n\n\n\n<figure class=\"wp-block-embed\"><div class=\"wp-block-embed__wrapper\">\nhttps:\/\/www.uned.es\/universidad\/docentes\/derecho\/m-yolanda-gomez-sanchez.html\n<\/div><\/figure>\n","protected":false},"excerpt":{"rendered":"<p>Catedr\u00e1tica em\u00e9rita de Derecho Constitucional y catedr\u00e1tica Jean Monnet, ad personam, de la UE. De 2018 a 2023 ha sido directora del Centro de Estudios Pol\u00edticos y Constitucionales (Ministerio de a Presidencia) y Consejera Nata del Consejo de Estado.&nbsp;&nbsp;Ha desarrollado <a class=\"more-link\" href=\"https:\/\/blogs.uned.es\/govredig\/yolanda-gomez-sanchez\/\">Seguir leyendo <span class=\"meta-nav\">&rarr;<\/span><\/a><\/p>\n","protected":false},"author":7377,"featured_media":0,"parent":0,"menu_order":0,"comment_status":"closed","ping_status":"closed","template":"","meta":{"footnotes":""},"class_list":["post-12207","page","type-page","status-publish","hentry"],"_links":{"self":[{"href":"https:\/\/blogs.uned.es\/govredig\/wp-json\/wp\/v2\/pages\/12207","targetHints":{"allow":["GET"]}}],"collection":[{"href":"https:\/\/blogs.uned.es\/govredig\/wp-json\/wp\/v2\/pages"}],"about":[{"href":"https:\/\/blogs.uned.es\/govredig\/wp-json\/wp\/v2\/types\/page"}],"author":[{"embeddable":true,"href":"https:\/\/blogs.uned.es\/govredig\/wp-json\/wp\/v2\/users\/7377"}],"replies":[{"embeddable":true,"href":"https:\/\/blogs.uned.es\/govredig\/wp-json\/wp\/v2\/comments?post=12207"}],"version-history":[{"count":1,"href":"https:\/\/blogs.uned.es\/govredig\/wp-json\/wp\/v2\/pages\/12207\/revisions"}],"predecessor-version":[{"id":12251,"href":"https:\/\/blogs.uned.es\/govredig\/wp-json\/wp\/v2\/pages\/12207\/revisions\/12251"}],"wp:attachment":[{"href":"https:\/\/blogs.uned.es\/govredig\/wp-json\/wp\/v2\/media?parent=12207"}],"curies":[{"name":"wp","href":"https:\/\/api.w.org\/{rel}","templated":true}]}}